{"id":23330,"date":"2023-07-21T11:03:19","date_gmt":"2023-07-21T09:03:19","guid":{"rendered":"https:\/\/shop.mittgard.de\/?post_type=product&#038;p=23330"},"modified":"2025-10-09T14:47:42","modified_gmt":"2025-10-09T12:47:42","slug":"haywood-john-wikinger-der-ultimative-karrierefuehrer","status":"publish","type":"product","link":"https:\/\/shop.mittgard.de\/?product=haywood-john-wikinger-der-ultimative-karrierefuehrer","title":{"rendered":"Haywood, John &#8222;Wikinger &#8211; der ultimative Karrieref\u00fchrer&#8220;"},"content":{"rendered":"<p>Sie wollen ein ruhmreicher Wikinger werden?<\/p>\n<p>Dieser Karrieref\u00fchrer gibt Ihnen alle Informationen, die Sie brauchen, um als Wikingerkrieger zu bestehen: wie man sich auf See orientiert, welche Waffen perfekt sind, wie man in einem Schildwall k\u00e4mpft, Kl\u00f6ster pl\u00fcndert, M\u00f6nche verschleppt und auf Festen eine gute Figur macht. John Haywood nimmt uns mit auf eine unterhaltsame Zeitreise ins 10.Jahrhundert. Arch\u00e4ologische Erkenntnisse verkn\u00fcpft er mit modernen Rekonstruktionen und Geschichten aus den nordischen Sagas zu einem lebendigen Bild davon, wie es war, ein Wikinger zu sein.<\/p>\n<p>&#8222;Geschichte hat selten soviel Spa\u00df gemacht. Auf locker-flockige Weise werden historische Fakten vermittelt. Mit viel Humor und Ironie werden vielschichtige Zusammenh\u00e4nge zug\u00e4nglich und begreifbar gemacht.&#8220; <em>Zillo Medieval<\/em><\/p>\n<p>Paperback, 232 Seiten<\/p>\n","protected":false},"excerpt":{"rendered":"<p>PB<\/p>\n","protected":false},"featured_media":26396,"template":"","meta":[],"product_brand":[],"product_cat":[193,192,185],"product_tag":[1448,311],"class_list":{"0":"post-23330","1":"product","2":"type-product","3":"status-publish","4":"has-post-thumbnail","6":"product_cat-germanen","7":"product_cat-geschichte","8":"product_cat-literatur","9":"product_tag-waraeger","10":"product_tag-wikinger","11":"product_shipping_class-paket","13":"first","14":"onbackorder","15":"taxable","16":"shipping-taxable","17":"purchasable","18":"product-type-simple"},"_links":{"self":[{"href":"https:\/\/shop.mittgard.de\/index.php?rest_route=\/wp\/v2\/product\/23330","targetHints":{"allow":["GET"]}}],"collection":[{"href":"https:\/\/shop.mittgard.de\/index.php?rest_route=\/wp\/v2\/product"}],"about":[{"href":"https:\/\/shop.mittgard.de\/index.php?rest_route=\/wp\/v2\/types\/product"}],"wp:featuredmedia":[{"embeddable":true,"href":"https:\/\/shop.mittgard.de\/index.php?rest_route=\/wp\/v2\/media\/26396"}],"wp:attachment":[{"href":"https:\/\/shop.mittgard.de\/index.php?rest_route=%2Fwp%2Fv2%2Fmedia&parent=23330"}],"wp:term":[{"taxonomy":"product_brand","embeddable":true,"href":"https:\/\/shop.mittgard.de\/index.php?rest_route=%2Fwp%2Fv2%2Fproduct_brand&post=23330"},{"taxonomy":"product_cat","embeddable":true,"href":"https:\/\/shop.mittgard.de\/index.php?rest_route=%2Fwp%2Fv2%2Fproduct_cat&post=23330"},{"taxonomy":"product_tag","embeddable":true,"href":"https:\/\/shop.mittgard.de\/index.php?rest_route=%2Fwp%2Fv2%2Fproduct_tag&post=23330"}],"curies":[{"name":"wp","href":"https:\/\/api.w.org\/{rel}","templated":true}]}}