{"id":2343,"date":"2018-06-22T15:38:36","date_gmt":"2018-06-22T13:38:36","guid":{"rendered":"http:\/\/shop.mittgard.de\/?product=import-placeholder-for-2014"},"modified":"2025-09-23T11:23:25","modified_gmt":"2025-09-23T09:23:25","slug":"denzer-field-lehm-backoefen","status":"publish","type":"product","link":"https:\/\/shop.mittgard.de\/?product=denzer-field-lehm-backoefen","title":{"rendered":"Denzer\/Field &#8222;Lehm-Back\u00f6fen&#8220;"},"content":{"rendered":"<p>selbst gebaut!<\/p>\n<p>Worauf es beim Bau eines Lehmbackofens ankommt und was zu beachten ist, zeigt das Buch anschaulich und nachvollziehbar in etlichen Bildern und Grafiken. Ausf\u00fchrlich wird \u00fcberdies auf die Gestaltung des Ofens, die richtige Befeuerung und die M\u00f6glichkeiten, die Innentemperatur abzusch\u00e4tzen, eingegangen.<\/p>\n<p>Der Weg zum eigenen Brot &#8211; vom Ansetzen des Sauerteigs bis hin zum Backen &#8211; wird Schritt f\u00fcr Schritt erkl\u00e4rt. Neben Brot k\u00f6nnen mit einem Lehmbackofen aber auch Pizzen, Kuchen und Kekse gebacken oder Suppen oder Eint\u00f6pfe gegart werden. Weiter ist es m\u00f6glich, Gem\u00fcse und Fleisch zu r\u00f6sten oder Milch zum Joghurtmachen zu kochen.<\/p>\n<p>Aus dem Inhalt:<\/p>\n<p>&#8211; 7 Argumente f\u00fcr Lehm<br \/>\n&#8211; Standortvorbereitung, Planung, Material und Werkzeuge<br \/>\n&#8211; 8 Arbeitsschritte f\u00fcr den Bau eines Lehmbackofens<br \/>\n&#8211; Bedienungsanleitung f\u00fcr einen Lehmbackofen<br \/>\n&#8211; Die 4 Schritte zum eigenen Brot<br \/>\n&#8211; Probleml\u00f6sungen und Wissenswertes.<\/p>\n<p>Gebundene Ausgabe, 160 Seiten<\/p>\n","protected":false},"excerpt":{"rendered":"<p>HC<\/p>\n","protected":false},"featured_media":3598,"template":"","meta":[],"product_brand":[],"product_cat":[186,185],"product_tag":[232,233,231],"class_list":{"0":"post-2343","1":"product","2":"type-product","3":"status-publish","4":"has-post-thumbnail","6":"product_cat-alternativ-leben","7":"product_cat-literatur","8":"product_tag-brot","9":"product_tag-handwerk","10":"product_tag-heimwerken","11":"product_shipping_class-paket","13":"first","14":"instock","15":"taxable","16":"shipping-taxable","17":"purchasable","18":"product-type-simple"},"_links":{"self":[{"href":"https:\/\/shop.mittgard.de\/index.php?rest_route=\/wp\/v2\/product\/2343","targetHints":{"allow":["GET"]}}],"collection":[{"href":"https:\/\/shop.mittgard.de\/index.php?rest_route=\/wp\/v2\/product"}],"about":[{"href":"https:\/\/shop.mittgard.de\/index.php?rest_route=\/wp\/v2\/types\/product"}],"wp:featuredmedia":[{"embeddable":true,"href":"https:\/\/shop.mittgard.de\/index.php?rest_route=\/wp\/v2\/media\/3598"}],"wp:attachment":[{"href":"https:\/\/shop.mittgard.de\/index.php?rest_route=%2Fwp%2Fv2%2Fmedia&parent=2343"}],"wp:term":[{"taxonomy":"product_brand","embeddable":true,"href":"https:\/\/shop.mittgard.de\/index.php?rest_route=%2Fwp%2Fv2%2Fproduct_brand&post=2343"},{"taxonomy":"product_cat","embeddable":true,"href":"https:\/\/shop.mittgard.de\/index.php?rest_route=%2Fwp%2Fv2%2Fproduct_cat&post=2343"},{"taxonomy":"product_tag","embeddable":true,"href":"https:\/\/shop.mittgard.de\/index.php?rest_route=%2Fwp%2Fv2%2Fproduct_tag&post=2343"}],"curies":[{"name":"wp","href":"https:\/\/api.w.org\/{rel}","templated":true}]}}