{"id":23449,"date":"2023-09-22T15:35:25","date_gmt":"2023-09-22T13:35:25","guid":{"rendered":"https:\/\/shop.mittgard.de\/?post_type=product&#038;p=23449"},"modified":"2025-10-09T16:36:50","modified_gmt":"2025-10-09T14:36:50","slug":"dreyer-essbare-wildpflanzen-europas","status":"publish","type":"product","link":"https:\/\/shop.mittgard.de\/?product=dreyer-essbare-wildpflanzen-europas","title":{"rendered":"Dreyer &#8222;Essbare Wildpflanzen Europas&#8220;"},"content":{"rendered":"<p><strong>Das umfassende Nachschlagewerk mit 1500 Arten und \u00fcber 700 Fotos<\/strong><\/p>\n<p>Wildkr\u00e4uter besitzen viele Vorz\u00fcge. Sie sind reich an gesunden Inhaltsstoffen, verf\u00fcgen \u00fcber ein besonderes Aroma, und sie sind \u00fcberall verbreitet. Dieses umfangreiche Buch beschreibt 1500 Wildkr\u00e4uter in detaillierten Portr\u00e4ts mit ihren Merkmalen, Standort und Verbreitung. Es gibt Antworten auf die Fragen, wie man die Pflanzen sicher erkennt, wo sie am besten zu finden sind und wann der ideale Zeitpunkt des Sammelns ist.<\/p>\n<ul>\n<li>auf einen Blick: Symbole zu den Verwendungsm\u00f6glichkeiten<\/li>\n<li>Artenauswahl f\u00fcr ganz Europa: kompetenter Begleiter auch im Urlaub<\/li>\n<li>Rundum informiert: Tipps zum Sammeln<\/li>\n<li>Aus einer Hand: mit 170 Rezepten und Anwendungstipps<\/li>\n<li>Extra: giftige Wildpflanzen zum Schutz vor Verwechslungen<\/li>\n<\/ul>\n<p>Gebundene Ausgabe, 408 Seiten<\/p>\n","protected":false},"excerpt":{"rendered":"<p>Geb<\/p>\n","protected":false},"featured_media":26553,"template":"","meta":[],"product_brand":[],"product_cat":[185,206],"product_tag":[220,244,1208,416],"class_list":{"0":"post-23449","1":"product","2":"type-product","3":"status-publish","4":"has-post-thumbnail","6":"product_cat-literatur","7":"product_cat-naturkost","8":"product_tag-selbstversorger","9":"product_tag-survival","10":"product_tag-wildkraeuter","11":"product_tag-wildpflanzen","12":"product_shipping_class-paket","14":"first","15":"onbackorder","16":"taxable","17":"shipping-taxable","18":"purchasable","19":"product-type-simple"},"_links":{"self":[{"href":"https:\/\/shop.mittgard.de\/index.php?rest_route=\/wp\/v2\/product\/23449","targetHints":{"allow":["GET"]}}],"collection":[{"href":"https:\/\/shop.mittgard.de\/index.php?rest_route=\/wp\/v2\/product"}],"about":[{"href":"https:\/\/shop.mittgard.de\/index.php?rest_route=\/wp\/v2\/types\/product"}],"wp:featuredmedia":[{"embeddable":true,"href":"https:\/\/shop.mittgard.de\/index.php?rest_route=\/wp\/v2\/media\/26553"}],"wp:attachment":[{"href":"https:\/\/shop.mittgard.de\/index.php?rest_route=%2Fwp%2Fv2%2Fmedia&parent=23449"}],"wp:term":[{"taxonomy":"product_brand","embeddable":true,"href":"https:\/\/shop.mittgard.de\/index.php?rest_route=%2Fwp%2Fv2%2Fproduct_brand&post=23449"},{"taxonomy":"product_cat","embeddable":true,"href":"https:\/\/shop.mittgard.de\/index.php?rest_route=%2Fwp%2Fv2%2Fproduct_cat&post=23449"},{"taxonomy":"product_tag","embeddable":true,"href":"https:\/\/shop.mittgard.de\/index.php?rest_route=%2Fwp%2Fv2%2Fproduct_tag&post=23449"}],"curies":[{"name":"wp","href":"https:\/\/api.w.org\/{rel}","templated":true}]}}