{"id":23528,"date":"2023-09-22T18:27:08","date_gmt":"2023-09-22T16:27:08","guid":{"rendered":"https:\/\/shop.mittgard.de\/?post_type=product&#038;p=23528"},"modified":"2025-10-09T15:31:00","modified_gmt":"2025-10-09T13:31:00","slug":"cunningham-scott-wicca-praxis","status":"publish","type":"product","link":"https:\/\/shop.mittgard.de\/?product=cunningham-scott-wicca-praxis","title":{"rendered":"Cunningham, Scott &#8222;Wicca Praxis&#8220;"},"content":{"rendered":"<p>Handbuch f\u00fcr Fortgeschrittene<\/p>\n<p>Wicca-Praxis ist eine umfassende Darstellung von Denken, \u00dcberlieferung und Praxis der Wicca-Lehre, die als das Verm\u00e4chtnis des fr\u00fch verstorbenen Scott Cunningham gilt: einem der bedeutendsten Autoren und Denker der magischen Tradition.<\/p>\n<p>Das Buch richtet sich an Leserinnen und Leser, die bereist Erfahrungen mit der Wicca-Lehre gesammelt haben. Es enth\u00e4lt eine Sammlung von t\u00e4glichen Gebeten und Ritualen und gibt Empfehlungen, um Gebet und Magie wirksam werden zu lassen. Abschlie\u00dfend wird aufgezeigt, wie man eine eigene Wicca-Form entwickeln kann.<\/p>\n<p>Gebundene Ausgabe, 200 Seiten<\/p>\n","protected":false},"excerpt":{"rendered":"<p>Geb<\/p>\n","protected":false},"featured_media":26453,"template":"","meta":[],"product_brand":[],"product_cat":[195,185],"product_tag":[320,376,382,321],"class_list":{"0":"post-23528","1":"product","2":"type-product","3":"status-publish","4":"has-post-thumbnail","6":"product_cat-hexentum-schamanismus","7":"product_cat-literatur","8":"product_tag-hexen","9":"product_tag-magie","10":"product_tag-rituale","11":"product_tag-wicca","12":"product_shipping_class-paket","14":"first","15":"instock","16":"taxable","17":"shipping-taxable","18":"purchasable","19":"product-type-simple"},"_links":{"self":[{"href":"https:\/\/shop.mittgard.de\/index.php?rest_route=\/wp\/v2\/product\/23528","targetHints":{"allow":["GET"]}}],"collection":[{"href":"https:\/\/shop.mittgard.de\/index.php?rest_route=\/wp\/v2\/product"}],"about":[{"href":"https:\/\/shop.mittgard.de\/index.php?rest_route=\/wp\/v2\/types\/product"}],"wp:featuredmedia":[{"embeddable":true,"href":"https:\/\/shop.mittgard.de\/index.php?rest_route=\/wp\/v2\/media\/26453"}],"wp:attachment":[{"href":"https:\/\/shop.mittgard.de\/index.php?rest_route=%2Fwp%2Fv2%2Fmedia&parent=23528"}],"wp:term":[{"taxonomy":"product_brand","embeddable":true,"href":"https:\/\/shop.mittgard.de\/index.php?rest_route=%2Fwp%2Fv2%2Fproduct_brand&post=23528"},{"taxonomy":"product_cat","embeddable":true,"href":"https:\/\/shop.mittgard.de\/index.php?rest_route=%2Fwp%2Fv2%2Fproduct_cat&post=23528"},{"taxonomy":"product_tag","embeddable":true,"href":"https:\/\/shop.mittgard.de\/index.php?rest_route=%2Fwp%2Fv2%2Fproduct_tag&post=23528"}],"curies":[{"name":"wp","href":"https:\/\/api.w.org\/{rel}","templated":true}]}}