{"id":23632,"date":"2023-11-22T12:36:15","date_gmt":"2023-11-22T11:36:15","guid":{"rendered":"https:\/\/shop.mittgard.de\/?post_type=product&#038;p=23632"},"modified":"2025-10-09T15:00:06","modified_gmt":"2025-10-09T13:00:06","slug":"voenix-der-germanische-goetterhimmel-2","status":"publish","type":"product","link":"https:\/\/shop.mittgard.de\/?product=voenix-der-germanische-goetterhimmel-2","title":{"rendered":"Voenix &#8222;Der germanische G\u00f6tterhimmel&#8220;"},"content":{"rendered":"<p>Odin, Frigg, Thor, Freyja, Loki und&#8230; wer kennt sie wirklich alle, die germanischen Gottheiten?<\/p>\n<p>Voenix er\u00f6ffnet uns in Wort und Bild einen ausf\u00fchrlichen Einblick in den mythischen G\u00f6tterpantheon unserer Vorfahren.<\/p>\n<p>Zus\u00e4tzlich werden zahlreiche weitere Sagengestalten aus der Edda sowie die wichtigsten Protagonisten aus dem mittelhochdeutschen Nibelungenlied er\u00f6rtert.<\/p>\n<p>Alles in allem ein Bildband, der die G\u00f6tter- und Sagengestalten unserer Vorfahren in einem zeitgem\u00e4\u00dfen und bunt schillernden Licht erscheinen l\u00e4sst.<\/p>\n<p>Gebundene Ausgabe, 190 Seiten<\/p>\n","protected":false},"excerpt":{"rendered":"<p>Geb<\/p>\n","protected":false},"featured_media":26413,"template":"","meta":[],"product_brand":[],"product_cat":[193,197,185,211],"product_tag":[348,336,351,530,311],"class_list":{"0":"post-23632","1":"product","2":"type-product","3":"status-publish","4":"has-post-thumbnail","6":"product_cat-germanen","7":"product_cat-kinderbuecher","8":"product_cat-literatur","9":"product_cat-sachbuch-lexika","10":"product_tag-edda","11":"product_tag-germanen","12":"product_tag-goetter","13":"product_tag-nibelungen","14":"product_tag-wikinger","15":"product_shipping_class-paket","17":"first","18":"instock","19":"taxable","20":"shipping-taxable","21":"purchasable","22":"product-type-simple"},"_links":{"self":[{"href":"https:\/\/shop.mittgard.de\/index.php?rest_route=\/wp\/v2\/product\/23632","targetHints":{"allow":["GET"]}}],"collection":[{"href":"https:\/\/shop.mittgard.de\/index.php?rest_route=\/wp\/v2\/product"}],"about":[{"href":"https:\/\/shop.mittgard.de\/index.php?rest_route=\/wp\/v2\/types\/product"}],"wp:featuredmedia":[{"embeddable":true,"href":"https:\/\/shop.mittgard.de\/index.php?rest_route=\/wp\/v2\/media\/26413"}],"wp:attachment":[{"href":"https:\/\/shop.mittgard.de\/index.php?rest_route=%2Fwp%2Fv2%2Fmedia&parent=23632"}],"wp:term":[{"taxonomy":"product_brand","embeddable":true,"href":"https:\/\/shop.mittgard.de\/index.php?rest_route=%2Fwp%2Fv2%2Fproduct_brand&post=23632"},{"taxonomy":"product_cat","embeddable":true,"href":"https:\/\/shop.mittgard.de\/index.php?rest_route=%2Fwp%2Fv2%2Fproduct_cat&post=23632"},{"taxonomy":"product_tag","embeddable":true,"href":"https:\/\/shop.mittgard.de\/index.php?rest_route=%2Fwp%2Fv2%2Fproduct_tag&post=23632"}],"curies":[{"name":"wp","href":"https:\/\/api.w.org\/{rel}","templated":true}]}}