{"id":23701,"date":"2023-11-30T13:39:27","date_gmt":"2023-11-30T12:39:27","guid":{"rendered":"https:\/\/shop.mittgard.de\/?post_type=product&#038;p=23701"},"modified":"2025-10-08T19:28:43","modified_gmt":"2025-10-08T17:28:43","slug":"schulte-astrid-meine-schnitzwerkstatt","status":"publish","type":"product","link":"https:\/\/shop.mittgard.de\/?product=schulte-astrid-meine-schnitzwerkstatt","title":{"rendered":"Schulte, Astrid &#8222;Meine Schnitzwerkstatt&#8220;"},"content":{"rendered":"<p>Mit 30 Schritt-f\u00fcr-Schrittanleitungen sicher schnitzen lernen<\/p>\n<p><strong>Selber schnitzen &#8211; aber richtig!<\/strong><\/p>\n<p>In 30 Schritt-f\u00fcr-Schritt Anleitungen mit vielen Fotos lernst du sicher und einfach schnitzen. Schnitzregeln und Technik werden verst\u00e4ndlich erkl\u00e4rt, z.B. wie sitzt du richtig und worauf musst du besonders achten? Schwerter, Schmuck, Rennautos oder Katamaran: Werde zum Schnitz-Profi in der Natur und am Wasser, baue dein eigenes Spielzeug und schnitze Pfeil und Bogen wie im Mittelalter!<\/p>\n<p>EXTRA: Das Original Opinel Kinderschnitzmesser mit Feststellring und abgerundeter Spitze!<\/p>\n<p>Achtung! Das Schnitzmesser ist ein scharfes Werkzeug. Kein Spielzeug! Benutzung nur unter Aufsicht von Erwachsenen. Zum sicheren Umgang mit dem Messer Begleitbuch vor Benutzung gemeinsam mit dem Kind lesen. Schnitzmesser au\u00dfer Reichweite von Kindern aufbewahren.<\/p>\n<p>Unsere Autorin Astrid Schulte ist Naturp\u00e4dagogin und Schnitzexpertin. Sie schnitzt selbst seit ihrem sechsten Lebensjahr. In Kursen f\u00fcr Kinder vermittelt sie den Umgang mit Taschenmesser und Schnitzen mit Gr\u00fcnholz. Dar\u00fcberhinaus gibt sie auch Feuerkurse.<\/p>\n<p>Set: Gebundenes Buch mit 80 Seiten und Opinel Kinderschnitzmesser<\/p>\n","protected":false},"excerpt":{"rendered":"<p>Set<\/p>\n","protected":false},"featured_media":26347,"template":"","meta":[],"product_brand":[],"product_cat":[188,197,185],"product_tag":[252,260,1509,265,1510],"class_list":{"0":"post-23701","1":"product","2":"type-product","3":"status-publish","4":"has-post-thumbnail","6":"product_cat-altes-handwerk","7":"product_cat-kinderbuecher","8":"product_cat-literatur","9":"product_tag-kinder","10":"product_tag-messer","11":"product_tag-opinel","12":"product_tag-schnitzen","13":"product_tag-spielzeug","14":"product_shipping_class-paket","16":"first","17":"onbackorder","18":"taxable","19":"shipping-taxable","20":"purchasable","21":"product-type-simple"},"_links":{"self":[{"href":"https:\/\/shop.mittgard.de\/index.php?rest_route=\/wp\/v2\/product\/23701","targetHints":{"allow":["GET"]}}],"collection":[{"href":"https:\/\/shop.mittgard.de\/index.php?rest_route=\/wp\/v2\/product"}],"about":[{"href":"https:\/\/shop.mittgard.de\/index.php?rest_route=\/wp\/v2\/types\/product"}],"wp:featuredmedia":[{"embeddable":true,"href":"https:\/\/shop.mittgard.de\/index.php?rest_route=\/wp\/v2\/media\/26347"}],"wp:attachment":[{"href":"https:\/\/shop.mittgard.de\/index.php?rest_route=%2Fwp%2Fv2%2Fmedia&parent=23701"}],"wp:term":[{"taxonomy":"product_brand","embeddable":true,"href":"https:\/\/shop.mittgard.de\/index.php?rest_route=%2Fwp%2Fv2%2Fproduct_brand&post=23701"},{"taxonomy":"product_cat","embeddable":true,"href":"https:\/\/shop.mittgard.de\/index.php?rest_route=%2Fwp%2Fv2%2Fproduct_cat&post=23701"},{"taxonomy":"product_tag","embeddable":true,"href":"https:\/\/shop.mittgard.de\/index.php?rest_route=%2Fwp%2Fv2%2Fproduct_tag&post=23701"}],"curies":[{"name":"wp","href":"https:\/\/api.w.org\/{rel}","templated":true}]}}