{"id":24086,"date":"2024-05-24T11:15:00","date_gmt":"2024-05-24T09:15:00","guid":{"rendered":"https:\/\/shop.mittgard.de\/?post_type=product&#038;p=24086"},"modified":"2025-10-06T13:05:24","modified_gmt":"2025-10-06T11:05:24","slug":"biedermann-hans-daemonen-geister-dunkle-goetter","status":"publish","type":"product","link":"https:\/\/shop.mittgard.de\/?product=biedermann-hans-daemonen-geister-dunkle-goetter","title":{"rendered":"Biedermann, Hans &#8222;D\u00e4monen, Geister, dunkle G\u00f6tter&#8220;"},"content":{"rendered":"<p>Lexikon der furchterregenden mythischen Gestalten<\/p>\n<p>Dieses schon vor mehr als 30 Jahren erstmals erschienene Nachschlagewerk wird bis heute als das &#8222;fachlich beste Lexikon zum Thema&#8220; bezeichnet.<\/p>\n<p>Die bedrohlichen Seiten der Religionen aller Zeiten und L\u00e4nder spiegeln in mannigfacher Verk\u00f6rperung verschiedene menschliche Ur\u00e4ngste wieder. Die ungeb\u00e4ndigte Natur, das Schattenreich der Geister und Gespenster, das bedr\u00e4ngende Ph\u00e4nomen des Todes und all dessen, was die Existenz bedroht, verk\u00f6rpern sich in Form von D\u00e4monen und dunklen G\u00f6ttern. So ist dieses Lexikon mehr als blo\u00df ein kulturgeschichtliches Nachschlagewerk, es er\u00f6ffnet dar\u00fcber hinaus einen aufschlussreichen Blick in die Tiefen des allgemein-menschlichen psychischen Erlebens.<\/p>\n<p>Der Autor: Prof. Dr. Hans Biedermann (1930-1989) studierte Natur- und Geisteswissenschaften in Wien, arbeitete im Museums- und Verlagswesen und verfasste zahlreiche, oft in verschiedenen Sprachen \u00fcbersetzte Nachschlagewerke \u00fcber mystische und spirituelle Themen.<\/p>\n<p>Gebundene Ausgabe, 252 Seiten<\/p>\n","protected":false},"excerpt":{"rendered":"<p>Geb<\/p>\n","protected":false},"featured_media":26112,"template":"","meta":[],"product_brand":[],"product_cat":[195,185,211],"product_tag":[508,965,1525,351,413],"class_list":{"0":"post-24086","1":"product","2":"type-product","3":"status-publish","4":"has-post-thumbnail","6":"product_cat-hexentum-schamanismus","7":"product_cat-literatur","8":"product_cat-sachbuch-lexika","9":"product_tag-daemonen","10":"product_tag-geister","11":"product_tag-gespenster","12":"product_tag-goetter","13":"product_tag-lexikon","14":"product_shipping_class-paket","16":"first","17":"onbackorder","18":"taxable","19":"shipping-taxable","20":"purchasable","21":"product-type-simple"},"_links":{"self":[{"href":"https:\/\/shop.mittgard.de\/index.php?rest_route=\/wp\/v2\/product\/24086","targetHints":{"allow":["GET"]}}],"collection":[{"href":"https:\/\/shop.mittgard.de\/index.php?rest_route=\/wp\/v2\/product"}],"about":[{"href":"https:\/\/shop.mittgard.de\/index.php?rest_route=\/wp\/v2\/types\/product"}],"wp:featuredmedia":[{"embeddable":true,"href":"https:\/\/shop.mittgard.de\/index.php?rest_route=\/wp\/v2\/media\/26112"}],"wp:attachment":[{"href":"https:\/\/shop.mittgard.de\/index.php?rest_route=%2Fwp%2Fv2%2Fmedia&parent=24086"}],"wp:term":[{"taxonomy":"product_brand","embeddable":true,"href":"https:\/\/shop.mittgard.de\/index.php?rest_route=%2Fwp%2Fv2%2Fproduct_brand&post=24086"},{"taxonomy":"product_cat","embeddable":true,"href":"https:\/\/shop.mittgard.de\/index.php?rest_route=%2Fwp%2Fv2%2Fproduct_cat&post=24086"},{"taxonomy":"product_tag","embeddable":true,"href":"https:\/\/shop.mittgard.de\/index.php?rest_route=%2Fwp%2Fv2%2Fproduct_tag&post=24086"}],"curies":[{"name":"wp","href":"https:\/\/api.w.org\/{rel}","templated":true}]}}