{"id":24208,"date":"2024-06-13T17:54:11","date_gmt":"2024-06-13T15:54:11","guid":{"rendered":"https:\/\/shop.mittgard.de\/?post_type=product&#038;p=24208"},"modified":"2025-11-26T10:33:49","modified_gmt":"2025-11-26T09:33:49","slug":"barbe-josephine-leder","status":"publish","type":"product","link":"https:\/\/shop.mittgard.de\/?product=barbe-josephine-leder","title":{"rendered":"Barbe, Josephine &#8222;Leder&#8220;"},"content":{"rendered":"<p>Geschichte &#8211; Techniken &#8211; Projekte<\/p>\n<p>Leder ist anschmiegsam und robust, strapazierf\u00e4hig und weich &#8211; halb Schutz, halb Schmuck. Wie kein anderes Material verk\u00f6rpert es die Idee einer zweiten Haut und bietet deshalb seit Jahrtausenden die Grundlage f\u00fcr die Fertigung von Kleidung, Schuhen oder Taschen. Doch die Vielseitigkeit von Leer erlaubt viele weitere M\u00f6glichkeiten der Verwendung, wie sie uns in unterschiedlichen Gegenst\u00e4nden des allt\u00e4glichen Gebrauchs begegnen. Vom Bucheinband bis zu Wohnaccessoires oder Schmuck &#8211; dem Einsatz des Materials Leder sind kaum Grenzen gesetzt.<\/p>\n<p>In ihrem Buch zeigt Josephine Barbe, dass die Geschichte des Leders vor allem eine Geschichte des Gerberhandwerks ist. Wertvolle Tipps und Anregungen zum Kauf von Leder und zu Techniken der Lederverarbeitung laden dazu ein, dieses wandlungsf\u00e4hige Material kreativ f\u00fcr sich zu entdecken. Und mit ein wenig \u00dcbung gelingt auch Laien schon bald die Herstellung eines Bodenkissens, einer Hutschachtel oder einer Fliegenklappe. Mit einer Haushaltsn\u00e4hmaschine und ein paar einfachen Werkzeugen lassen sich alle im Buch beschriebenen Projekte nacharbeiten.<\/p>\n<p>Gebundene Ausgabe in Leder gebunden, 174 Seiten<\/p>\n","protected":false},"excerpt":{"rendered":"<p>Geb<\/p>\n","protected":false},"featured_media":26306,"template":"","meta":[],"product_brand":[],"product_cat":[188,185],"product_tag":[289,1553,1551,288,257,286,1552],"class_list":{"0":"post-24208","1":"product","2":"type-product","3":"status-publish","4":"has-post-thumbnail","6":"product_cat-altes-handwerk","7":"product_cat-literatur","8":"product_tag-gerben","9":"product_tag-hosen","10":"product_tag-kappen","11":"product_tag-leder","12":"product_tag-naehen","13":"product_tag-schuhe","14":"product_tag-taschen","15":"product_shipping_class-paket","17":"first","18":"onbackorder","19":"taxable","20":"shipping-taxable","21":"purchasable","22":"product-type-simple"},"_links":{"self":[{"href":"https:\/\/shop.mittgard.de\/index.php?rest_route=\/wp\/v2\/product\/24208","targetHints":{"allow":["GET"]}}],"collection":[{"href":"https:\/\/shop.mittgard.de\/index.php?rest_route=\/wp\/v2\/product"}],"about":[{"href":"https:\/\/shop.mittgard.de\/index.php?rest_route=\/wp\/v2\/types\/product"}],"wp:featuredmedia":[{"embeddable":true,"href":"https:\/\/shop.mittgard.de\/index.php?rest_route=\/wp\/v2\/media\/26306"}],"wp:attachment":[{"href":"https:\/\/shop.mittgard.de\/index.php?rest_route=%2Fwp%2Fv2%2Fmedia&parent=24208"}],"wp:term":[{"taxonomy":"product_brand","embeddable":true,"href":"https:\/\/shop.mittgard.de\/index.php?rest_route=%2Fwp%2Fv2%2Fproduct_brand&post=24208"},{"taxonomy":"product_cat","embeddable":true,"href":"https:\/\/shop.mittgard.de\/index.php?rest_route=%2Fwp%2Fv2%2Fproduct_cat&post=24208"},{"taxonomy":"product_tag","embeddable":true,"href":"https:\/\/shop.mittgard.de\/index.php?rest_route=%2Fwp%2Fv2%2Fproduct_tag&post=24208"}],"curies":[{"name":"wp","href":"https:\/\/api.w.org\/{rel}","templated":true}]}}