{"id":24259,"date":"2024-06-19T14:03:46","date_gmt":"2024-06-19T12:03:46","guid":{"rendered":"https:\/\/shop.mittgard.de\/?post_type=product&#038;p=24259"},"modified":"2025-10-08T19:20:32","modified_gmt":"2025-10-08T17:20:32","slug":"francois-campbell-einfach-kleidung-aendern","status":"publish","type":"product","link":"https:\/\/shop.mittgard.de\/?product=francois-campbell-einfach-kleidung-aendern","title":{"rendered":"Francois-Campbell &#8222;Einfach Kleidung \u00e4ndern&#8220;"},"content":{"rendered":"<p>S\u00e4ume &#8211; B\u00fcnde &#8211; N\u00e4hte &#8211; \u00c4rmel &#8211; Taschen &#8211; Manschetten &#8211; Abn\u00e4her &#8211; Falten &#8211; Verschl\u00fcsse &#8211; Ausschnitte &#8211; Futter<\/p>\n<p>Ist ihre Lieblingshose zu eng oder der sch\u00f6nste Mantel in Ihrem Kleiderschrank nicht optimal tailliert? Haben Sie Hemden, deren Muster Sie lieben, die jedoch einen neuen Kragen gebrauchen k\u00f6nnten? In diesem Buch finden Sie umfassende und praktische Anleitungen zum einfachen \u00c4ndern Ihrer Kleidung. So lernen Sie, die L\u00e4nge oder Weite anzupassen, einen Schnitt zu \u00e4ndern, L\u00f6cher zu reparieren, einen Rei\u00dfverschluss gekonnt zu erneuern und vieles mehr.<\/p>\n<p>Gebundene Ausgabe, 176 Seiten<\/p>\n","protected":false},"excerpt":{"rendered":"<p>Geb<\/p>\n","protected":false},"featured_media":26332,"template":"","meta":[],"product_brand":[],"product_cat":[188,185],"product_tag":[257,1565,297,1564],"class_list":{"0":"post-24259","1":"product","2":"type-product","3":"status-publish","4":"has-post-thumbnail","6":"product_cat-altes-handwerk","7":"product_cat-literatur","8":"product_tag-naehen","9":"product_tag-naehmaschine","10":"product_tag-schneidern","11":"product_tag-schnittmuster","12":"product_shipping_class-paket","14":"first","15":"instock","16":"taxable","17":"shipping-taxable","18":"purchasable","19":"product-type-simple"},"_links":{"self":[{"href":"https:\/\/shop.mittgard.de\/index.php?rest_route=\/wp\/v2\/product\/24259","targetHints":{"allow":["GET"]}}],"collection":[{"href":"https:\/\/shop.mittgard.de\/index.php?rest_route=\/wp\/v2\/product"}],"about":[{"href":"https:\/\/shop.mittgard.de\/index.php?rest_route=\/wp\/v2\/types\/product"}],"wp:featuredmedia":[{"embeddable":true,"href":"https:\/\/shop.mittgard.de\/index.php?rest_route=\/wp\/v2\/media\/26332"}],"wp:attachment":[{"href":"https:\/\/shop.mittgard.de\/index.php?rest_route=%2Fwp%2Fv2%2Fmedia&parent=24259"}],"wp:term":[{"taxonomy":"product_brand","embeddable":true,"href":"https:\/\/shop.mittgard.de\/index.php?rest_route=%2Fwp%2Fv2%2Fproduct_brand&post=24259"},{"taxonomy":"product_cat","embeddable":true,"href":"https:\/\/shop.mittgard.de\/index.php?rest_route=%2Fwp%2Fv2%2Fproduct_cat&post=24259"},{"taxonomy":"product_tag","embeddable":true,"href":"https:\/\/shop.mittgard.de\/index.php?rest_route=%2Fwp%2Fv2%2Fproduct_tag&post=24259"}],"curies":[{"name":"wp","href":"https:\/\/api.w.org\/{rel}","templated":true}]}}