{"id":24417,"date":"2024-08-19T12:21:22","date_gmt":"2024-08-19T10:21:22","guid":{"rendered":"https:\/\/shop.mittgard.de\/?post_type=product&#038;p=24417"},"modified":"2025-09-30T19:22:31","modified_gmt":"2025-09-30T17:22:31","slug":"glas-kugelperle-himmelblau-klein","status":"publish","type":"product","link":"https:\/\/shop.mittgard.de\/?product=glas-kugelperle-himmelblau-klein","title":{"rendered":"Glas, Kugelperle, himmelblau, klein"},"content":{"rendered":"<p>Glaskugelperle, hellblau schimmernd, wie ein sonniger Himmel,\u00a0 facettiert angeschliffen<\/p>\n<p><span style=\"font-size: 1rem;\">\u2205 0,7 cm<\/span><\/p>\n<p>sehr d\u00fcnne Bohrung, nur f\u00fcr Draht oder Angelschnur geeignet<\/p>\n<p>Preis pro St\u00fcck<\/p>\n","protected":false},"excerpt":{"rendered":"<p>Glaskugelperle, hellblau schimmernd, wie ein sonniger Himmel,\u00a0 facettiert angeschliffen \u2205 0,7 cm sehr d\u00fcnne Bohrung, nur f\u00fcr Draht oder Angelschnur geeignet Preis pro St\u00fcck<\/p>\n","protected":false},"featured_media":26065,"template":"","meta":[],"product_brand":[],"product_cat":[486,455],"product_tag":[98,299,1590],"class_list":{"0":"post-24417","1":"product","2":"type-product","3":"status-publish","4":"has-post-thumbnail","6":"product_cat-perlen","7":"product_cat-schmuck","8":"product_tag-blau","9":"product_tag-glas","10":"product_tag-himmel","11":"product_shipping_class-brief","13":"first","14":"instock","15":"taxable","16":"shipping-taxable","17":"purchasable","18":"product-type-simple"},"_links":{"self":[{"href":"https:\/\/shop.mittgard.de\/index.php?rest_route=\/wp\/v2\/product\/24417","targetHints":{"allow":["GET"]}}],"collection":[{"href":"https:\/\/shop.mittgard.de\/index.php?rest_route=\/wp\/v2\/product"}],"about":[{"href":"https:\/\/shop.mittgard.de\/index.php?rest_route=\/wp\/v2\/types\/product"}],"wp:featuredmedia":[{"embeddable":true,"href":"https:\/\/shop.mittgard.de\/index.php?rest_route=\/wp\/v2\/media\/26065"}],"wp:attachment":[{"href":"https:\/\/shop.mittgard.de\/index.php?rest_route=%2Fwp%2Fv2%2Fmedia&parent=24417"}],"wp:term":[{"taxonomy":"product_brand","embeddable":true,"href":"https:\/\/shop.mittgard.de\/index.php?rest_route=%2Fwp%2Fv2%2Fproduct_brand&post=24417"},{"taxonomy":"product_cat","embeddable":true,"href":"https:\/\/shop.mittgard.de\/index.php?rest_route=%2Fwp%2Fv2%2Fproduct_cat&post=24417"},{"taxonomy":"product_tag","embeddable":true,"href":"https:\/\/shop.mittgard.de\/index.php?rest_route=%2Fwp%2Fv2%2Fproduct_tag&post=24417"}],"curies":[{"name":"wp","href":"https:\/\/api.w.org\/{rel}","templated":true}]}}