{"id":24521,"date":"2024-09-25T16:15:11","date_gmt":"2024-09-25T14:15:11","guid":{"rendered":"https:\/\/shop.mittgard.de\/?post_type=product&#038;p=24521"},"modified":"2026-01-08T14:47:56","modified_gmt":"2026-01-08T13:47:56","slug":"ohrringe-paua-gross-bronze","status":"publish","type":"product","link":"https:\/\/shop.mittgard.de\/?product=ohrringe-paua-gross-bronze","title":{"rendered":"Ohrringe &#8222;Paua&#8220; gro\u00df, Bronze"},"content":{"rendered":"<p>zierlich gearbeitete Ohrringe im b\u00f6hmischen Stil mit Einlagen aus Pauamuscheln, auch Seeopal genannt, Schmuckbronze<\/p>\n<p>Gr\u00f6\u00dfe 1,5 x 4,9 cm<\/p>\n","protected":false},"excerpt":{"rendered":"<p>zierlich gearbeitete Ohrringe im b\u00f6hmischen Stil mit Einlagen aus Pauamuscheln, auch Seeopal genannt, Schmuckbronze Gr\u00f6\u00dfe 1,5 x 4,9 cm<\/p>\n","protected":false},"featured_media":26005,"template":"","meta":[],"product_brand":[],"product_cat":[768,470,455],"product_tag":[1598,1599],"class_list":{"0":"post-24521","1":"product","2":"type-product","3":"status-publish","4":"has-post-thumbnail","6":"product_cat-ohr-fingerringe-keltischer-schmuck","7":"product_cat-ohr-fingerringe","8":"product_cat-schmuck","9":"product_tag-pauamuschel","10":"product_tag-seeopal","11":"product_shipping_class-brief","13":"first","14":"instock","15":"taxable","16":"shipping-taxable","17":"purchasable","18":"product-type-simple"},"_links":{"self":[{"href":"https:\/\/shop.mittgard.de\/index.php?rest_route=\/wp\/v2\/product\/24521","targetHints":{"allow":["GET"]}}],"collection":[{"href":"https:\/\/shop.mittgard.de\/index.php?rest_route=\/wp\/v2\/product"}],"about":[{"href":"https:\/\/shop.mittgard.de\/index.php?rest_route=\/wp\/v2\/types\/product"}],"wp:featuredmedia":[{"embeddable":true,"href":"https:\/\/shop.mittgard.de\/index.php?rest_route=\/wp\/v2\/media\/26005"}],"wp:attachment":[{"href":"https:\/\/shop.mittgard.de\/index.php?rest_route=%2Fwp%2Fv2%2Fmedia&parent=24521"}],"wp:term":[{"taxonomy":"product_brand","embeddable":true,"href":"https:\/\/shop.mittgard.de\/index.php?rest_route=%2Fwp%2Fv2%2Fproduct_brand&post=24521"},{"taxonomy":"product_cat","embeddable":true,"href":"https:\/\/shop.mittgard.de\/index.php?rest_route=%2Fwp%2Fv2%2Fproduct_cat&post=24521"},{"taxonomy":"product_tag","embeddable":true,"href":"https:\/\/shop.mittgard.de\/index.php?rest_route=%2Fwp%2Fv2%2Fproduct_tag&post=24521"}],"curies":[{"name":"wp","href":"https:\/\/api.w.org\/{rel}","templated":true}]}}