{"id":24560,"date":"2024-11-08T10:00:46","date_gmt":"2024-11-08T09:00:46","guid":{"rendered":"https:\/\/shop.mittgard.de\/?post_type=product&#038;p=24560"},"modified":"2024-12-14T14:50:12","modified_gmt":"2024-12-14T13:50:12","slug":"sweetgras-zopf-kurz","status":"publish","type":"product","link":"https:\/\/shop.mittgard.de\/?product=sweetgras-zopf-kurz","title":{"rendered":"Sweetgras (Zopf) kurz"},"content":{"rendered":"<p>S\u00fc\u00dfgras der Indianer, riecht bet\u00f6rend, leicht &amp; s\u00fc\u00df zum Segnen &amp; Harmonie und Reinigung bringend<\/p>\n<p>L\u00e4nge: 10 cm<\/p>\n","protected":false},"excerpt":{"rendered":"<p>S\u00fc\u00dfgras der Indianer, riecht bet\u00f6rend, leicht &amp; s\u00fc\u00df zum Segnen &amp; Harmonie und Reinigung bringend L\u00e4nge: 10 cm<\/p>\n","protected":false},"featured_media":1796,"template":"","meta":[],"product_brand":[],"product_cat":[114,110],"product_tag":[149,129],"class_list":{"0":"post-24560","1":"product","2":"type-product","3":"status-publish","4":"has-post-thumbnail","6":"product_cat-kraeuter-hoelzer","7":"product_cat-raeucherwerk","8":"product_tag-harmonisierend","9":"product_tag-suesslich","10":"product_shipping_class-paket","12":"first","13":"onbackorder","14":"taxable","15":"shipping-taxable","16":"purchasable","17":"product-type-simple"},"_links":{"self":[{"href":"https:\/\/shop.mittgard.de\/index.php?rest_route=\/wp\/v2\/product\/24560","targetHints":{"allow":["GET"]}}],"collection":[{"href":"https:\/\/shop.mittgard.de\/index.php?rest_route=\/wp\/v2\/product"}],"about":[{"href":"https:\/\/shop.mittgard.de\/index.php?rest_route=\/wp\/v2\/types\/product"}],"wp:featuredmedia":[{"embeddable":true,"href":"https:\/\/shop.mittgard.de\/index.php?rest_route=\/wp\/v2\/media\/1796"}],"wp:attachment":[{"href":"https:\/\/shop.mittgard.de\/index.php?rest_route=%2Fwp%2Fv2%2Fmedia&parent=24560"}],"wp:term":[{"taxonomy":"product_brand","embeddable":true,"href":"https:\/\/shop.mittgard.de\/index.php?rest_route=%2Fwp%2Fv2%2Fproduct_brand&post=24560"},{"taxonomy":"product_cat","embeddable":true,"href":"https:\/\/shop.mittgard.de\/index.php?rest_route=%2Fwp%2Fv2%2Fproduct_cat&post=24560"},{"taxonomy":"product_tag","embeddable":true,"href":"https:\/\/shop.mittgard.de\/index.php?rest_route=%2Fwp%2Fv2%2Fproduct_tag&post=24560"}],"curies":[{"name":"wp","href":"https:\/\/api.w.org\/{rel}","templated":true}]}}