{"id":24611,"date":"2024-11-14T11:33:37","date_gmt":"2024-11-14T10:33:37","guid":{"rendered":"https:\/\/shop.mittgard.de\/?post_type=product&#038;p=24611"},"modified":"2025-12-01T13:14:25","modified_gmt":"2025-12-01T12:14:25","slug":"beskow-elsa-die-wichtelkinder-das-memo-spiel","status":"publish","type":"product","link":"https:\/\/shop.mittgard.de\/?product=beskow-elsa-die-wichtelkinder-das-memo-spiel","title":{"rendered":"Beskow, Elsa &#8222;Die Wichtelkinder &#8211; das Memo-Spiel&#8220;"},"content":{"rendered":"<p>Memory-Spiel f\u00fcr Kinder ab 3 Jahre<\/p>\n<p>Wo verstecken sich die Wichtelkinder? Gut getarnt sind sie ja mit ihren fliegenpilz\u00e4hnlichen M\u00fctzen. Sie k\u00f6nnen sich jederzeit verstecken, wenn man ihnen zu nahe kommt, ob sie nun mit den Elfen auf der Wippe sitzen, Pilze sammeln, oder einfach im Wald herumstreifen. 20 der sch\u00f6nsten Illustrationen aus dem Kinderbuchklassiker von Elsa Beskow (1874 &#8211; 1953) sind hier versammelt.<\/p>\n<p>Spielanleitung:<\/p>\n<p>Alle Karten werden gemischt und verdeckt auf den Tisch gelegt. Der beginnende Spieler deckt nacheinander zwei Karten auf. Passt das Bilderpaar zusammen, so darf er die Karten behalten und ist noch einmal am Zug. Dies geschieht so lange, bis er zwei unterschiedliche aufdeckt. Passen die Karten nicht zusammen, werden sie wieder verdeckt und der n\u00e4chste Spieler ist an der Reihe. Gespielt wird im Uhrzeigersinn. Gewonnen hat der Spieler, der die meisten Kartenpaare gesammelt hat.<\/p>\n<p>Spielinhalt: 40 Spielkarten aus festem Karton<\/p>\n","protected":false},"excerpt":{"rendered":"<p>Box mit 40 Karten<\/p>\n","protected":false},"featured_media":26502,"template":"","meta":[],"product_brand":[],"product_cat":[197,185],"product_tag":[504,1614,323,1615,650],"class_list":{"0":"post-24611","1":"product","2":"type-product","3":"status-publish","4":"has-post-thumbnail","6":"product_cat-kinderbuecher","7":"product_cat-literatur","8":"product_tag-elfen","9":"product_tag-memory","10":"product_tag-naturgeister","11":"product_tag-spiel","12":"product_tag-wichtel","13":"product_shipping_class-paket","15":"first","16":"instock","17":"taxable","18":"shipping-taxable","19":"purchasable","20":"product-type-simple"},"_links":{"self":[{"href":"https:\/\/shop.mittgard.de\/index.php?rest_route=\/wp\/v2\/product\/24611","targetHints":{"allow":["GET"]}}],"collection":[{"href":"https:\/\/shop.mittgard.de\/index.php?rest_route=\/wp\/v2\/product"}],"about":[{"href":"https:\/\/shop.mittgard.de\/index.php?rest_route=\/wp\/v2\/types\/product"}],"wp:featuredmedia":[{"embeddable":true,"href":"https:\/\/shop.mittgard.de\/index.php?rest_route=\/wp\/v2\/media\/26502"}],"wp:attachment":[{"href":"https:\/\/shop.mittgard.de\/index.php?rest_route=%2Fwp%2Fv2%2Fmedia&parent=24611"}],"wp:term":[{"taxonomy":"product_brand","embeddable":true,"href":"https:\/\/shop.mittgard.de\/index.php?rest_route=%2Fwp%2Fv2%2Fproduct_brand&post=24611"},{"taxonomy":"product_cat","embeddable":true,"href":"https:\/\/shop.mittgard.de\/index.php?rest_route=%2Fwp%2Fv2%2Fproduct_cat&post=24611"},{"taxonomy":"product_tag","embeddable":true,"href":"https:\/\/shop.mittgard.de\/index.php?rest_route=%2Fwp%2Fv2%2Fproduct_tag&post=24611"}],"curies":[{"name":"wp","href":"https:\/\/api.w.org\/{rel}","templated":true}]}}