{"id":24687,"date":"2025-01-02T11:47:14","date_gmt":"2025-01-02T10:47:14","guid":{"rendered":"https:\/\/shop.mittgard.de\/?post_type=product&#038;p=24687"},"modified":"2025-01-02T11:50:47","modified_gmt":"2025-01-02T10:50:47","slug":"leinenbeutel-natur","status":"publish","type":"product","link":"https:\/\/shop.mittgard.de\/?product=leinenbeutel-natur","title":{"rendered":"Leinenbeutel natur"},"content":{"rendered":"<p>100%\u00a0 Naturleinen mit gr\u00fcnem Leinenband zum Zuziehen, f\u00fcr Schmuck oder Besteck, sogar ein Handy kann man darin verstecken!<\/p>\n<p>19,5 x 14 cm gro\u00df<\/p>\n<p>handgen\u00e4ht!<\/p>\n","protected":false},"excerpt":{"rendered":"<p>100%\u00a0 Naturleinen mit gr\u00fcnem Leinenband zum Zuziehen, f\u00fcr Schmuck oder Besteck, sogar ein Handy kann man darin verstecken! 19,5 x 14 cm gro\u00df handgen\u00e4ht!<\/p>\n","protected":false},"featured_media":24688,"template":"","meta":[],"product_brand":[],"product_cat":[569,562],"product_tag":[593],"class_list":{"0":"post-24687","1":"product","2":"type-product","3":"status-publish","4":"has-post-thumbnail","6":"product_cat-beutel-und-taschen","7":"product_cat-gewandungen","8":"product_tag-beutel","9":"product_shipping_class-brief","11":"first","12":"instock","13":"taxable","14":"shipping-taxable","15":"purchasable","16":"product-type-simple"},"_links":{"self":[{"href":"https:\/\/shop.mittgard.de\/index.php?rest_route=\/wp\/v2\/product\/24687","targetHints":{"allow":["GET"]}}],"collection":[{"href":"https:\/\/shop.mittgard.de\/index.php?rest_route=\/wp\/v2\/product"}],"about":[{"href":"https:\/\/shop.mittgard.de\/index.php?rest_route=\/wp\/v2\/types\/product"}],"wp:featuredmedia":[{"embeddable":true,"href":"https:\/\/shop.mittgard.de\/index.php?rest_route=\/wp\/v2\/media\/24688"}],"wp:attachment":[{"href":"https:\/\/shop.mittgard.de\/index.php?rest_route=%2Fwp%2Fv2%2Fmedia&parent=24687"}],"wp:term":[{"taxonomy":"product_brand","embeddable":true,"href":"https:\/\/shop.mittgard.de\/index.php?rest_route=%2Fwp%2Fv2%2Fproduct_brand&post=24687"},{"taxonomy":"product_cat","embeddable":true,"href":"https:\/\/shop.mittgard.de\/index.php?rest_route=%2Fwp%2Fv2%2Fproduct_cat&post=24687"},{"taxonomy":"product_tag","embeddable":true,"href":"https:\/\/shop.mittgard.de\/index.php?rest_route=%2Fwp%2Fv2%2Fproduct_tag&post=24687"}],"curies":[{"name":"wp","href":"https:\/\/api.w.org\/{rel}","templated":true}]}}