{"id":25236,"date":"2025-02-02T13:41:19","date_gmt":"2025-02-02T12:41:19","guid":{"rendered":"https:\/\/shop.mittgard.de\/?post_type=product&#038;p=25236"},"modified":"2025-11-01T11:03:26","modified_gmt":"2025-11-01T10:03:26","slug":"kurze-leinenhose","status":"publish","type":"product","link":"https:\/\/shop.mittgard.de\/?product=kurze-leinenhose","title":{"rendered":"Kurze Leinenhose"},"content":{"rendered":"<p>100% graubraunes Leinen &#8211; auf Wunsch andere Farben m\u00f6glich<\/p>\n<p>kurze Leinenhose bis knapp \u00fcber die Knie f\u00fcr den Sommer mit maximaler Bewegungsfreiheit, Tunnelzug nach einem Schnitt aus Moshevaya Balka<\/p>\n<p>Bundweite: max. 120 cm<br \/>\nPopo: max. 140 cm<br \/>\nGesamtl\u00e4nge: 70 cm<\/p>\n<p>komplett handgen\u00e4ht!<\/p>\n","protected":false},"excerpt":{"rendered":"<p>100% graubraunes Leinen &#8211; auf Wunsch andere Farben m\u00f6glich kurze Leinenhose bis knapp \u00fcber die Knie f\u00fcr den Sommer mit maximaler Bewegungsfreiheit, Tunnelzug nach einem Schnitt aus Moshevaya Balka Bundweite: max. 120 cm Popo: max. 140 cm Gesamtl\u00e4nge: 70 cm komplett handgen\u00e4ht!<\/p>\n","protected":false},"featured_media":25237,"template":"","meta":[],"product_brand":[],"product_cat":[562,564],"product_tag":[801,888,885],"class_list":{"0":"post-25236","1":"product","2":"type-product","3":"status-publish","4":"has-post-thumbnail","6":"product_cat-gewandungen","7":"product_cat-hosen","8":"product_tag-leinen","9":"product_tag-rushose","10":"product_tag-sommerhose","11":"product_shipping_class-paket","13":"first","14":"outofstock","15":"sold-individually","16":"taxable","17":"shipping-taxable","18":"purchasable","19":"product-type-simple"},"_links":{"self":[{"href":"https:\/\/shop.mittgard.de\/index.php?rest_route=\/wp\/v2\/product\/25236","targetHints":{"allow":["GET"]}}],"collection":[{"href":"https:\/\/shop.mittgard.de\/index.php?rest_route=\/wp\/v2\/product"}],"about":[{"href":"https:\/\/shop.mittgard.de\/index.php?rest_route=\/wp\/v2\/types\/product"}],"wp:featuredmedia":[{"embeddable":true,"href":"https:\/\/shop.mittgard.de\/index.php?rest_route=\/wp\/v2\/media\/25237"}],"wp:attachment":[{"href":"https:\/\/shop.mittgard.de\/index.php?rest_route=%2Fwp%2Fv2%2Fmedia&parent=25236"}],"wp:term":[{"taxonomy":"product_brand","embeddable":true,"href":"https:\/\/shop.mittgard.de\/index.php?rest_route=%2Fwp%2Fv2%2Fproduct_brand&post=25236"},{"taxonomy":"product_cat","embeddable":true,"href":"https:\/\/shop.mittgard.de\/index.php?rest_route=%2Fwp%2Fv2%2Fproduct_cat&post=25236"},{"taxonomy":"product_tag","embeddable":true,"href":"https:\/\/shop.mittgard.de\/index.php?rest_route=%2Fwp%2Fv2%2Fproduct_tag&post=25236"}],"curies":[{"name":"wp","href":"https:\/\/api.w.org\/{rel}","templated":true}]}}