{"id":25441,"date":"2025-04-28T13:33:12","date_gmt":"2025-04-28T11:33:12","guid":{"rendered":"https:\/\/shop.mittgard.de\/?post_type=product&#038;p=25441"},"modified":"2026-03-30T13:48:29","modified_gmt":"2026-03-30T11:48:29","slug":"diverse-nordische-mythologie-malbuch","status":"publish","type":"product","link":"https:\/\/shop.mittgard.de\/?product=diverse-nordische-mythologie-malbuch","title":{"rendered":"Diverse &#8222;Nordische Mythologie&#8220; Malbuch"},"content":{"rendered":"<p>Malbuch f\u00fcr Kinder und Erwachsene voller G\u00f6tter, Riesen, Zwerge und Tiere der G\u00f6tterwelt der Germanen<\/p>\n<p>Broschiert, 106 Seiten, Gro\u00dfformat<\/p>\n","protected":false},"excerpt":{"rendered":"<p>Br<\/p>\n","protected":false},"featured_media":25442,"template":"","meta":[],"product_brand":[],"product_cat":[193,197,185],"product_tag":[348,336,351,252,946,311],"class_list":{"0":"post-25441","1":"product","2":"type-product","3":"status-publish","4":"has-post-thumbnail","6":"product_cat-germanen","7":"product_cat-kinderbuecher","8":"product_cat-literatur","9":"product_tag-edda","10":"product_tag-germanen","11":"product_tag-goetter","12":"product_tag-kinder","13":"product_tag-malbuch","14":"product_tag-wikinger","15":"product_shipping_class-brief","17":"first","18":"onbackorder","19":"taxable","20":"shipping-taxable","21":"purchasable","22":"product-type-simple"},"_links":{"self":[{"href":"https:\/\/shop.mittgard.de\/index.php?rest_route=\/wp\/v2\/product\/25441","targetHints":{"allow":["GET"]}}],"collection":[{"href":"https:\/\/shop.mittgard.de\/index.php?rest_route=\/wp\/v2\/product"}],"about":[{"href":"https:\/\/shop.mittgard.de\/index.php?rest_route=\/wp\/v2\/types\/product"}],"wp:featuredmedia":[{"embeddable":true,"href":"https:\/\/shop.mittgard.de\/index.php?rest_route=\/wp\/v2\/media\/25442"}],"wp:attachment":[{"href":"https:\/\/shop.mittgard.de\/index.php?rest_route=%2Fwp%2Fv2%2Fmedia&parent=25441"}],"wp:term":[{"taxonomy":"product_brand","embeddable":true,"href":"https:\/\/shop.mittgard.de\/index.php?rest_route=%2Fwp%2Fv2%2Fproduct_brand&post=25441"},{"taxonomy":"product_cat","embeddable":true,"href":"https:\/\/shop.mittgard.de\/index.php?rest_route=%2Fwp%2Fv2%2Fproduct_cat&post=25441"},{"taxonomy":"product_tag","embeddable":true,"href":"https:\/\/shop.mittgard.de\/index.php?rest_route=%2Fwp%2Fv2%2Fproduct_tag&post=25441"}],"curies":[{"name":"wp","href":"https:\/\/api.w.org\/{rel}","templated":true}]}}