{"id":25470,"date":"2025-05-14T15:14:20","date_gmt":"2025-05-14T13:14:20","guid":{"rendered":"https:\/\/shop.mittgard.de\/?post_type=product&#038;p=25470"},"modified":"2025-09-23T11:26:32","modified_gmt":"2025-09-23T09:26:32","slug":"binet-dezert-farbenfroh-faerben-mit-pflanzen-leicht-gemacht","status":"publish","type":"product","link":"https:\/\/shop.mittgard.de\/?product=binet-dezert-farbenfroh-faerben-mit-pflanzen-leicht-gemacht","title":{"rendered":"Binet-Dezert &#8222;Farbenfroh &#8211; F\u00e4rben mit Pflanzen leicht gemacht&#8220;"},"content":{"rendered":"<p>F\u00e4rbespa\u00df garantiert!<\/p>\n<p>Dass man mit Zwiebeln f\u00e4rben kann, ist vermutlich dank der Ostereier bekannt, aber dass auch mit Thymian, Schwarztee, Kurkuma oder Karottenkraut Stoffe gef\u00e4rbt werden k\u00f6nnen, ist vielen doch neu. Wie leicht und mit welch einfachen Mitteln selbst zuhause mit Pflanzen gef\u00e4rbt werden kann, erkl\u00e4rt dieses Buch.<\/p>\n<p>Zuerst werden die besten Stoffe zum F\u00e4rben mit Pflanzen vorgestellt, wie Wolle, Seide, Leinen und Baumwolle. Im Anschluss werden die verschiedenen Beiz- und F\u00e4rbetechniken erkl\u00e4rt, die Unterschiede in den Ergebnissen und der Farbintensit\u00e4t gezeigt sowie die M\u00f6glichkeit, mit Nachbeizen die Farbnuancen zu beeinflussen. Eine weitere wichtige Frage wird nat\u00fcrlich auch beantwortet: die Haltbarkeit der Farben.<\/p>\n<p>Nach Farben sortiert werden die einzelnen Pflanzen, die sich in vielen Haushalten sowieso finden lassen bzw. sehr leicht im Handel erh\u00e4ltlich sind, und ihre Verarbeitung zu F\u00e4rbemitteln vorgestellt. Zahlreiche Schritt-f\u00fcr-Schritt- und Farbabbildungen illustrieren die farbenfrohen und beeindruckenden Ergebnisse!<\/p>\n<p>Den Abschluss des Buches bilden 12 Projekte, die zeigen, wie die gef\u00e4rbten Stoffe weiterverarbeitet werden k\u00f6nnen oder wie alte Stoffe (z.B. T-Shirt oder H\u00e4keldeckchen) dank Farbe und Upcycling neues Leben eingehaucht werden kann.<\/p>\n<p>Gebundene Ausgabe, 160 Seiten<\/p>\n","protected":false},"excerpt":{"rendered":"<p>Geb<\/p>\n","protected":false},"featured_media":25471,"template":"","meta":[],"product_brand":[],"product_cat":[186,188,185],"product_tag":[271,290,258,220,1955],"class_list":{"0":"post-25470","1":"product","2":"type-product","3":"status-publish","4":"has-post-thumbnail","6":"product_cat-alternativ-leben","7":"product_cat-altes-handwerk","8":"product_cat-literatur","9":"product_tag-faerben","10":"product_tag-naturfarben","11":"product_tag-pflanzenfarben","12":"product_tag-selbstversorger","13":"product_tag-upcycling","14":"product_shipping_class-paket","16":"first","17":"instock","18":"taxable","19":"shipping-taxable","20":"purchasable","21":"product-type-simple"},"_links":{"self":[{"href":"https:\/\/shop.mittgard.de\/index.php?rest_route=\/wp\/v2\/product\/25470","targetHints":{"allow":["GET"]}}],"collection":[{"href":"https:\/\/shop.mittgard.de\/index.php?rest_route=\/wp\/v2\/product"}],"about":[{"href":"https:\/\/shop.mittgard.de\/index.php?rest_route=\/wp\/v2\/types\/product"}],"wp:featuredmedia":[{"embeddable":true,"href":"https:\/\/shop.mittgard.de\/index.php?rest_route=\/wp\/v2\/media\/25471"}],"wp:attachment":[{"href":"https:\/\/shop.mittgard.de\/index.php?rest_route=%2Fwp%2Fv2%2Fmedia&parent=25470"}],"wp:term":[{"taxonomy":"product_brand","embeddable":true,"href":"https:\/\/shop.mittgard.de\/index.php?rest_route=%2Fwp%2Fv2%2Fproduct_brand&post=25470"},{"taxonomy":"product_cat","embeddable":true,"href":"https:\/\/shop.mittgard.de\/index.php?rest_route=%2Fwp%2Fv2%2Fproduct_cat&post=25470"},{"taxonomy":"product_tag","embeddable":true,"href":"https:\/\/shop.mittgard.de\/index.php?rest_route=%2Fwp%2Fv2%2Fproduct_tag&post=25470"}],"curies":[{"name":"wp","href":"https:\/\/api.w.org\/{rel}","templated":true}]}}