{"id":25596,"date":"2025-07-01T12:41:53","date_gmt":"2025-07-01T10:41:53","guid":{"rendered":"https:\/\/shop.mittgard.de\/?post_type=product&#038;p=25596"},"modified":"2025-09-09T10:21:16","modified_gmt":"2025-09-09T08:21:16","slug":"junker-tatjana-lagerkueche","status":"publish","type":"product","link":"https:\/\/shop.mittgard.de\/?product=junker-tatjana-lagerkueche","title":{"rendered":"Junker, Tatjana &#8222;Lagerk\u00fcche&#8220;"},"content":{"rendered":"<p>Mittelalterlich Kochen auf offenem Feuer<\/p>\n<p>Kochen auf offenem Feuer ist faszinierend &#8211; und einfacher, als man denkt. Wer selbst einmal in einem mittelalterlichen Lager oder nach historischen Rezepten auf offenem Feuer kochen m\u00f6chte, f\u00fcr den ist dieses Kochbuch genau das Richtige &#8211; denn auf einem richtigen Feuer kann viel mehr gezaubert werden als blo\u00df langweilige Eint\u00f6pfe.<\/p>\n<p>Hier findet sich Wissenswertes \u00fcber historische Zutaten, Werkzeuge und Zubereitungsmethoden, von den einfachen Mahlzeiten des Tages bis hin zum Festschmaus f\u00fcr besondere Gelegenheiten. Dabei ist das Nachkochen der Gerichte unter freiem Himmel nicht nur etwas f\u00fcr Lagerprofis. Auch Einsteiger in die Welt des mittelalterlichen Kochens erhalten viele praktische Hinweise und Hilfestellungen.<\/p>\n<p>Egal, ob f\u00fcr den kleinen Kreis oder f\u00fcr gro\u00dfe Gruppen, alle Rezepte lassen sich leicht an die gew\u00fcnschte Personenzahl anpassen und haben im wahrsten Sinne des Wortes ihre &#8222;Feuerprobe&#8220; bereits bestanden.<\/p>\n<p>Tatjana Junker hat zwei Leidenschaften: das Mittelalter und das Kochen. Sie ist Mitbetreiberin von &#8222;Baculus&#8220;, einem Handel f\u00fcr historische Waren und Repliken, an den ein Cateringservice angegliedert ist. Mit Baculus reist sie auch zu historischen Veranstaltungen. Dort sind das Lagerleben und das Kochen am offenen Feuer fester Bestandteil ihres recht ungew\u00f6hnlichen Alltags, wodurch sie ihr historisches Interesse mit ihrer Liebe zur kreativen K\u00fcche vereint.<\/p>\n<p>Gebundene Ausgabe, 118 Seiten<\/p>\n","protected":false},"excerpt":{"rendered":"<p>Geb<\/p>\n","protected":false},"featured_media":25601,"template":"","meta":[],"product_brand":[],"product_cat":[185,206],"product_tag":[1970,1971,398,419,236],"class_list":{"0":"post-25596","1":"product","2":"type-product","3":"status-publish","4":"has-post-thumbnail","6":"product_cat-literatur","7":"product_cat-naturkost","8":"product_tag-essen","9":"product_tag-feuer","10":"product_tag-kochen","11":"product_tag-lagerkueche","12":"product_tag-mittelalter","13":"product_shipping_class-paket","15":"first","16":"onbackorder","17":"taxable","18":"shipping-taxable","19":"purchasable","20":"product-type-simple"},"_links":{"self":[{"href":"https:\/\/shop.mittgard.de\/index.php?rest_route=\/wp\/v2\/product\/25596","targetHints":{"allow":["GET"]}}],"collection":[{"href":"https:\/\/shop.mittgard.de\/index.php?rest_route=\/wp\/v2\/product"}],"about":[{"href":"https:\/\/shop.mittgard.de\/index.php?rest_route=\/wp\/v2\/types\/product"}],"wp:featuredmedia":[{"embeddable":true,"href":"https:\/\/shop.mittgard.de\/index.php?rest_route=\/wp\/v2\/media\/25601"}],"wp:attachment":[{"href":"https:\/\/shop.mittgard.de\/index.php?rest_route=%2Fwp%2Fv2%2Fmedia&parent=25596"}],"wp:term":[{"taxonomy":"product_brand","embeddable":true,"href":"https:\/\/shop.mittgard.de\/index.php?rest_route=%2Fwp%2Fv2%2Fproduct_brand&post=25596"},{"taxonomy":"product_cat","embeddable":true,"href":"https:\/\/shop.mittgard.de\/index.php?rest_route=%2Fwp%2Fv2%2Fproduct_cat&post=25596"},{"taxonomy":"product_tag","embeddable":true,"href":"https:\/\/shop.mittgard.de\/index.php?rest_route=%2Fwp%2Fv2%2Fproduct_tag&post=25596"}],"curies":[{"name":"wp","href":"https:\/\/api.w.org\/{rel}","templated":true}]}}