{"id":25685,"date":"2025-07-03T13:30:00","date_gmt":"2025-07-03T11:30:00","guid":{"rendered":"https:\/\/shop.mittgard.de\/?post_type=product&#038;p=25685"},"modified":"2025-07-03T13:30:00","modified_gmt":"2025-07-03T11:30:00","slug":"malou-dohle-das-zwergenkompendium","status":"publish","type":"product","link":"https:\/\/shop.mittgard.de\/?product=malou-dohle-das-zwergenkompendium","title":{"rendered":"Malou &#038; Dohle &#8222;Das Zwergenkompendium&#8220;"},"content":{"rendered":"<p>Loyale Hofzwerge, t\u00fcckische Deichzwerge, flei\u00dfige Waldzwerge, lustige Uppie-Wuppies, b\u00f6sartige Nebelzwerge, aufm\u00fcpfige Wutzwerge und mehr&#8230;<\/p>\n<p>Verwunschene Bilder, wundersame Erz\u00e4hlungen, seltene Augenzeugenberichte, zwergische Lyrik und Platz zum Niederschreiben eigener Begegnungen erwarten euch.<\/p>\n<p>Taucht mit ein in die Welt der Zwerge<\/p>\n<p>Gebundene Ausgabe, 152 Seiten<\/p>\n","protected":false},"excerpt":{"rendered":"<p>Geb<\/p>\n","protected":false},"featured_media":25688,"template":"","meta":[],"product_brand":[],"product_cat":[197,185,200],"product_tag":[1977,1978,650,1141],"class_list":{"0":"post-25685","1":"product","2":"type-product","3":"status-publish","4":"has-post-thumbnail","6":"product_cat-kinderbuecher","7":"product_cat-literatur","8":"product_cat-naturgeister","9":"product_tag-gnome","10":"product_tag-hausgeister","11":"product_tag-wichtel","12":"product_tag-zwerge","13":"product_shipping_class-paket","15":"first","16":"instock","17":"taxable","18":"shipping-taxable","19":"purchasable","20":"product-type-simple"},"_links":{"self":[{"href":"https:\/\/shop.mittgard.de\/index.php?rest_route=\/wp\/v2\/product\/25685","targetHints":{"allow":["GET"]}}],"collection":[{"href":"https:\/\/shop.mittgard.de\/index.php?rest_route=\/wp\/v2\/product"}],"about":[{"href":"https:\/\/shop.mittgard.de\/index.php?rest_route=\/wp\/v2\/types\/product"}],"wp:featuredmedia":[{"embeddable":true,"href":"https:\/\/shop.mittgard.de\/index.php?rest_route=\/wp\/v2\/media\/25688"}],"wp:attachment":[{"href":"https:\/\/shop.mittgard.de\/index.php?rest_route=%2Fwp%2Fv2%2Fmedia&parent=25685"}],"wp:term":[{"taxonomy":"product_brand","embeddable":true,"href":"https:\/\/shop.mittgard.de\/index.php?rest_route=%2Fwp%2Fv2%2Fproduct_brand&post=25685"},{"taxonomy":"product_cat","embeddable":true,"href":"https:\/\/shop.mittgard.de\/index.php?rest_route=%2Fwp%2Fv2%2Fproduct_cat&post=25685"},{"taxonomy":"product_tag","embeddable":true,"href":"https:\/\/shop.mittgard.de\/index.php?rest_route=%2Fwp%2Fv2%2Fproduct_tag&post=25685"}],"curies":[{"name":"wp","href":"https:\/\/api.w.org\/{rel}","templated":true}]}}