{"id":25891,"date":"2025-08-22T20:19:22","date_gmt":"2025-08-22T18:19:22","guid":{"rendered":"https:\/\/shop.mittgard.de\/?post_type=product&#038;p=25891"},"modified":"2025-10-06T13:06:41","modified_gmt":"2025-10-06T11:06:41","slug":"francia-luisa-der-weibliche-weg-zur-wilden-kraft","status":"publish","type":"product","link":"https:\/\/shop.mittgard.de\/?product=francia-luisa-der-weibliche-weg-zur-wilden-kraft","title":{"rendered":"Francia, Luisa &#8222;Der weibliche Weg zur wilden Kraft&#8220;"},"content":{"rendered":"<p>&#8222;Wenn du gehst, geh, als seist du schon angekommen.&#8220;<\/p>\n<p>In diesem Buch fasst Luisa Francia die Essenz ihrer einzigartigen Lebenserfahrungen zusammen. Sie wei\u00df, welche Kr\u00e4fte wir brauchen, um im Zeitalter der digitalisierten Lebensweisen den Alltag gut zu meistern. Ihre Anleitungen und \u00dcbungen helfen, gesund, munter und frech zu bleiben.<\/p>\n<p>Luisa Francia ist K\u00fcnstlerin und Zauberkundige, weltweit unterwegs und in vielen Kulturen zuhause. Seit rund 40 Jahren inspiriert sie ihre Leserinnen mit magischen Geschichten und Ritualen, faszinierenden Frauen und einer starken Weiblichkeit.<\/p>\n<p><em>&#8222;Es ist ein kleines Kunstwerk mit wundersch\u00f6nen Illustrationen und mein neues Lieblingsbuch!&#8220;<\/em> &#8211; Christiane Sch\u00f6nemann, happinez<\/p>\n<p>Gebundene Ausgabe, 160 Seiten<\/p>\n","protected":false},"excerpt":{"rendered":"<p>Geb<\/p>\n","protected":false},"featured_media":25892,"template":"","meta":[],"product_brand":[],"product_cat":[186,195,185],"product_tag":[2005,320,376,382,364],"class_list":{"0":"post-25891","1":"product","2":"type-product","3":"status-publish","4":"has-post-thumbnail","6":"product_cat-alternativ-leben","7":"product_cat-hexentum-schamanismus","8":"product_cat-literatur","9":"product_tag-frauenpower","10":"product_tag-hexen","11":"product_tag-magie","12":"product_tag-rituale","13":"product_tag-spiritualitaet","14":"product_shipping_class-paket","16":"first","17":"onbackorder","18":"taxable","19":"shipping-taxable","20":"purchasable","21":"product-type-simple"},"_links":{"self":[{"href":"https:\/\/shop.mittgard.de\/index.php?rest_route=\/wp\/v2\/product\/25891","targetHints":{"allow":["GET"]}}],"collection":[{"href":"https:\/\/shop.mittgard.de\/index.php?rest_route=\/wp\/v2\/product"}],"about":[{"href":"https:\/\/shop.mittgard.de\/index.php?rest_route=\/wp\/v2\/types\/product"}],"wp:featuredmedia":[{"embeddable":true,"href":"https:\/\/shop.mittgard.de\/index.php?rest_route=\/wp\/v2\/media\/25892"}],"wp:attachment":[{"href":"https:\/\/shop.mittgard.de\/index.php?rest_route=%2Fwp%2Fv2%2Fmedia&parent=25891"}],"wp:term":[{"taxonomy":"product_brand","embeddable":true,"href":"https:\/\/shop.mittgard.de\/index.php?rest_route=%2Fwp%2Fv2%2Fproduct_brand&post=25891"},{"taxonomy":"product_cat","embeddable":true,"href":"https:\/\/shop.mittgard.de\/index.php?rest_route=%2Fwp%2Fv2%2Fproduct_cat&post=25891"},{"taxonomy":"product_tag","embeddable":true,"href":"https:\/\/shop.mittgard.de\/index.php?rest_route=%2Fwp%2Fv2%2Fproduct_tag&post=25891"}],"curies":[{"name":"wp","href":"https:\/\/api.w.org\/{rel}","templated":true}]}}