{"id":25963,"date":"2025-09-29T17:16:19","date_gmt":"2025-09-29T15:16:19","guid":{"rendered":"https:\/\/shop.mittgard.de\/?post_type=product&#038;p=25963"},"modified":"2025-09-29T17:16:20","modified_gmt":"2025-09-29T15:16:20","slug":"tunika-kurzaermelig","status":"publish","type":"product","link":"https:\/\/shop.mittgard.de\/?product=tunika-kurzaermelig","title":{"rendered":"Tunika, kurz\u00e4rmelig"},"content":{"rendered":"<p>100% k\u00f6nigsblaues Leinen, kurz\u00e4rmelige Tunika mit seitlichen Keilen<\/p>\n<p>Schulterbreite: 54 cm<br \/>\nBrustumfang: 130 cm<br \/>\nGesamtl\u00e4nge: 100 cm<br \/>\n\u00c4rmell\u00e4nge: 16 cm<\/p>\n<p>komplett handgen\u00e4ht<\/p>\n","protected":false},"excerpt":{"rendered":"<p>100% k\u00f6nigsblaues Leinen, kurz\u00e4rmelige Tunika mit seitlichen Keilen Schulterbreite: 54 cm Brustumfang: 130 cm Gesamtl\u00e4nge: 100 cm \u00c4rmell\u00e4nge: 16 cm komplett handgen\u00e4ht<\/p>\n","protected":false},"featured_media":25965,"template":"","meta":[],"product_brand":[],"product_cat":[562,565],"product_tag":[98,2014,801],"class_list":{"0":"post-25963","1":"product","2":"type-product","3":"status-publish","4":"has-post-thumbnail","6":"product_cat-gewandungen","7":"product_cat-tunika-oberteile","8":"product_tag-blau","9":"product_tag-kurzarm","10":"product_tag-leinen","11":"product_shipping_class-paket","13":"first","14":"instock","15":"sold-individually","16":"taxable","17":"shipping-taxable","18":"purchasable","19":"product-type-simple"},"_links":{"self":[{"href":"https:\/\/shop.mittgard.de\/index.php?rest_route=\/wp\/v2\/product\/25963","targetHints":{"allow":["GET"]}}],"collection":[{"href":"https:\/\/shop.mittgard.de\/index.php?rest_route=\/wp\/v2\/product"}],"about":[{"href":"https:\/\/shop.mittgard.de\/index.php?rest_route=\/wp\/v2\/types\/product"}],"wp:featuredmedia":[{"embeddable":true,"href":"https:\/\/shop.mittgard.de\/index.php?rest_route=\/wp\/v2\/media\/25965"}],"wp:attachment":[{"href":"https:\/\/shop.mittgard.de\/index.php?rest_route=%2Fwp%2Fv2%2Fmedia&parent=25963"}],"wp:term":[{"taxonomy":"product_brand","embeddable":true,"href":"https:\/\/shop.mittgard.de\/index.php?rest_route=%2Fwp%2Fv2%2Fproduct_brand&post=25963"},{"taxonomy":"product_cat","embeddable":true,"href":"https:\/\/shop.mittgard.de\/index.php?rest_route=%2Fwp%2Fv2%2Fproduct_cat&post=25963"},{"taxonomy":"product_tag","embeddable":true,"href":"https:\/\/shop.mittgard.de\/index.php?rest_route=%2Fwp%2Fv2%2Fproduct_tag&post=25963"}],"curies":[{"name":"wp","href":"https:\/\/api.w.org\/{rel}","templated":true}]}}