{"id":26079,"date":"2025-10-02T10:42:57","date_gmt":"2025-10-02T08:42:57","guid":{"rendered":"https:\/\/shop.mittgard.de\/?post_type=product&#038;p=26079"},"modified":"2026-05-12T13:51:08","modified_gmt":"2026-05-12T11:51:08","slug":"gardon-baer-essbare-wildpflanzen","status":"publish","type":"product","link":"https:\/\/shop.mittgard.de\/?product=gardon-baer-essbare-wildpflanzen","title":{"rendered":"Gard\u00f3n\/Baer &#8222;Essbare Wildpflanzen&#8220;"},"content":{"rendered":"<p>Erkennen Sammeln Geniessen<\/p>\n<p>Daniel Baer und Diego Gard\u00f3n &#8211; zusammen als &#8222;Kr\u00e4uterkauz&#8220; bekannt &#8211; geben mit ihren spannenden Wildkr\u00e4uter-Wanderungen und -Seminaren unkonventionelle Einblicke in die Welt der essbaren Wildpflanzen. Von der anschaulichen Beschreibung wo die wilden Kr\u00e4uter wachsen, \u00fcber interessante Fakten zu den Pflanzen an sich bis hin zur anschlie\u00dfenden Zubereitung einfallsreicher und farbenfroher Men\u00fcs ist alles enthalten. Ihr Wissen haben sie in diesem Buch geb\u00fcndelt und geben in ihrere sympathischen Art Anleitungen zum Erkennen, Sammeln und Genie\u00dfen der k\u00f6stlichen Kr\u00e4uter.<\/p>\n<ul>\n<li>Sammeln auf Wiesen, Feldern und in Flusslandschaften<\/li>\n<li>Einfache und leckere Rezepte f\u00fcr Pizza, Salat und Co.<\/li>\n<li>Mit den K\u00e4uzen in die Kr\u00e4uter: interessante Pflanzenportraits liefern Fakten rund ums Kraut<\/li>\n<\/ul>\n<p>Broschierte Ausgabe, 120 Seiten<\/p>\n","protected":false},"excerpt":{"rendered":"<p>Br<\/p>\n","protected":false},"featured_media":26080,"template":"","meta":[],"product_brand":[],"product_cat":[186,185,206],"product_tag":[1332,2016,244,1208],"class_list":{"0":"post-26079","1":"product","2":"type-product","3":"status-publish","4":"has-post-thumbnail","6":"product_cat-alternativ-leben","7":"product_cat-literatur","8":"product_cat-naturkost","9":"product_tag-naturkost","10":"product_tag-selbstversorgung","11":"product_tag-survival","12":"product_tag-wildkraeuter","13":"product_shipping_class-paket","15":"first","16":"instock","17":"taxable","18":"shipping-taxable","19":"purchasable","20":"product-type-simple"},"_links":{"self":[{"href":"https:\/\/shop.mittgard.de\/index.php?rest_route=\/wp\/v2\/product\/26079","targetHints":{"allow":["GET"]}}],"collection":[{"href":"https:\/\/shop.mittgard.de\/index.php?rest_route=\/wp\/v2\/product"}],"about":[{"href":"https:\/\/shop.mittgard.de\/index.php?rest_route=\/wp\/v2\/types\/product"}],"wp:featuredmedia":[{"embeddable":true,"href":"https:\/\/shop.mittgard.de\/index.php?rest_route=\/wp\/v2\/media\/26080"}],"wp:attachment":[{"href":"https:\/\/shop.mittgard.de\/index.php?rest_route=%2Fwp%2Fv2%2Fmedia&parent=26079"}],"wp:term":[{"taxonomy":"product_brand","embeddable":true,"href":"https:\/\/shop.mittgard.de\/index.php?rest_route=%2Fwp%2Fv2%2Fproduct_brand&post=26079"},{"taxonomy":"product_cat","embeddable":true,"href":"https:\/\/shop.mittgard.de\/index.php?rest_route=%2Fwp%2Fv2%2Fproduct_cat&post=26079"},{"taxonomy":"product_tag","embeddable":true,"href":"https:\/\/shop.mittgard.de\/index.php?rest_route=%2Fwp%2Fv2%2Fproduct_tag&post=26079"}],"curies":[{"name":"wp","href":"https:\/\/api.w.org\/{rel}","templated":true}]}}