{"id":26084,"date":"2025-10-02T10:50:05","date_gmt":"2025-10-02T08:50:05","guid":{"rendered":"https:\/\/shop.mittgard.de\/?post_type=product&#038;p=26084"},"modified":"2026-04-06T13:29:05","modified_gmt":"2026-04-06T11:29:05","slug":"gutjahr-einfache-und-schnelle-selbstversorgung","status":"publish","type":"product","link":"https:\/\/shop.mittgard.de\/?product=gutjahr-einfache-und-schnelle-selbstversorgung","title":{"rendered":"Gutjahr &#8222;Einfache und schnelle Selbstversorgung&#8220;"},"content":{"rendered":"<p>Voraussetzungen, Tierhaltung, Anbauportraits, Konservierung<\/p>\n<p>Der Weg zum Selbstversorger<\/p>\n<p>Selbstversorgung ist kein neuer Trend. Der Wunsch nach hochwertigen Produkten und die Gelegenheit, Geld zu sparen sind heute in aller Munde.<\/p>\n<p>Axel Gutjahr begleitet Sie Schritt f\u00fcr Schritt zu Ihrem eigenen Selbstversorgergarten. Zu Beginn erfolgt eine gr\u00fcndliche Analyse der verf\u00fcgbaren Ressourcen: Zeit, Fl\u00e4che, Bodenqualit\u00e4t, Lagerm\u00f6glichkeiten und gegebenenfalls auch die Voraussetzungen f\u00fcr eine artgerechte Tierhaltung. Mit diesem fundierten Ansatz wird der Traum vom Selbstversorgergarten Wirklichkeit. Lassen Sie sich inspirieren und genie\u00dfen Sie Ihr neues Leben als Selbstversorger.<\/p>\n<ul>\n<li>Mehr als 80 Pflanzen im Portrait<\/li>\n<li>Kompakter \u00dcberblick: H\u00fchner-, Kaninchen- und Bienenhaltung<\/li>\n<li>Mit Rezepten zum Konservieren der Ernte<\/li>\n<\/ul>\n<p>Broschierte Ausgabe, 120 Seiten<\/p>\n","protected":false},"excerpt":{"rendered":"<p>Br<\/p>\n","protected":false},"featured_media":26085,"template":"","meta":[],"product_brand":[],"product_cat":[186,185],"product_tag":[2017,230,417,220,247],"class_list":{"0":"post-26084","1":"product","2":"type-product","3":"status-publish","4":"has-post-thumbnail","6":"product_cat-alternativ-leben","7":"product_cat-literatur","8":"product_tag-eigenanbau","9":"product_tag-garten","10":"product_tag-gemuese","11":"product_tag-selbstversorger","12":"product_tag-tierhaltung","13":"product_shipping_class-paket","15":"first","16":"onbackorder","17":"taxable","18":"shipping-taxable","19":"purchasable","20":"product-type-simple"},"_links":{"self":[{"href":"https:\/\/shop.mittgard.de\/index.php?rest_route=\/wp\/v2\/product\/26084","targetHints":{"allow":["GET"]}}],"collection":[{"href":"https:\/\/shop.mittgard.de\/index.php?rest_route=\/wp\/v2\/product"}],"about":[{"href":"https:\/\/shop.mittgard.de\/index.php?rest_route=\/wp\/v2\/types\/product"}],"wp:featuredmedia":[{"embeddable":true,"href":"https:\/\/shop.mittgard.de\/index.php?rest_route=\/wp\/v2\/media\/26085"}],"wp:attachment":[{"href":"https:\/\/shop.mittgard.de\/index.php?rest_route=%2Fwp%2Fv2%2Fmedia&parent=26084"}],"wp:term":[{"taxonomy":"product_brand","embeddable":true,"href":"https:\/\/shop.mittgard.de\/index.php?rest_route=%2Fwp%2Fv2%2Fproduct_brand&post=26084"},{"taxonomy":"product_cat","embeddable":true,"href":"https:\/\/shop.mittgard.de\/index.php?rest_route=%2Fwp%2Fv2%2Fproduct_cat&post=26084"},{"taxonomy":"product_tag","embeddable":true,"href":"https:\/\/shop.mittgard.de\/index.php?rest_route=%2Fwp%2Fv2%2Fproduct_tag&post=26084"}],"curies":[{"name":"wp","href":"https:\/\/api.w.org\/{rel}","templated":true}]}}