{"id":26636,"date":"2025-10-15T13:51:57","date_gmt":"2025-10-15T11:51:57","guid":{"rendered":"https:\/\/shop.mittgard.de\/?post_type=product&#038;p=26636"},"modified":"2025-11-19T18:56:33","modified_gmt":"2025-11-19T17:56:33","slug":"klumpp-islaendische-erzaehlungen","status":"publish","type":"product","link":"https:\/\/shop.mittgard.de\/?product=klumpp-islaendische-erzaehlungen","title":{"rendered":"Klumpp &#8222;Isl\u00e4ndische Erz\u00e4hlungen&#8220;"},"content":{"rendered":"<p>Geschichten aus schroff-kargem Land<\/p>\n<p><em>&#8222;Die m\u00fcndlich \u00fcberlieferten Geschichten sind die Prosa des Volkes und sein jahrhundertealtes geistiges Erbe&#8220; J\u00f3n \u00c1rnason<\/em><\/p>\n<p>Brodelnde Vulkane, Geysire und jede Menge Magie &#8211; ebenso au\u00dfergew\u00f6hnlich und einzigartig wie die Landschaft Islands sind auch dessen Einwohner. Von Generation zu Generation wurden Erz\u00e4hlungen \u00fcber Bjarni, D\u00edsa und Gunna weitergegeben &#8211; Insulaner, denen in spannenden Geschichten Magisches passiert. Pl\u00f6tzlich tauchen Trollfrauen auf, die Menschenm\u00e4nner bet\u00f6ren, missg\u00fcnstige Seherinnen, hilfsbereite Elfen und Heilige, die Schneeh\u00fchner bestrafen. Voller Liebe, Tragik und Sehnsucht, doch auch mit Humor und findigem Geschick meistern die Helden den nicht ganz gew\u00f6hnlichen Alltag und spiegeln die unverwechselbare Welt der Isl\u00e4nder wider.<\/p>\n<p>Mystische Geschichten, die in kuriose Welten f\u00fchren und die Fantasie befl\u00fcgeln!<\/p>\n<p>Gebundene Ausgabe, 204 Seiten<\/p>\n","protected":false},"excerpt":{"rendered":"<p>Geb<\/p>\n","protected":false},"featured_media":26637,"template":"","meta":[],"product_brand":[],"product_cat":[193,185,212],"product_tag":[504,357,305,2039,985,311],"class_list":{"0":"post-26636","1":"product","2":"type-product","3":"status-publish","4":"has-post-thumbnail","6":"product_cat-germanen","7":"product_cat-literatur","8":"product_cat-sagen","9":"product_tag-elfen","10":"product_tag-island","11":"product_tag-sagen","12":"product_tag-seherinnen","13":"product_tag-trolle","14":"product_tag-wikinger","15":"product_shipping_class-paket","17":"first","18":"onbackorder","19":"taxable","20":"shipping-taxable","21":"purchasable","22":"product-type-simple"},"_links":{"self":[{"href":"https:\/\/shop.mittgard.de\/index.php?rest_route=\/wp\/v2\/product\/26636","targetHints":{"allow":["GET"]}}],"collection":[{"href":"https:\/\/shop.mittgard.de\/index.php?rest_route=\/wp\/v2\/product"}],"about":[{"href":"https:\/\/shop.mittgard.de\/index.php?rest_route=\/wp\/v2\/types\/product"}],"wp:featuredmedia":[{"embeddable":true,"href":"https:\/\/shop.mittgard.de\/index.php?rest_route=\/wp\/v2\/media\/26637"}],"wp:attachment":[{"href":"https:\/\/shop.mittgard.de\/index.php?rest_route=%2Fwp%2Fv2%2Fmedia&parent=26636"}],"wp:term":[{"taxonomy":"product_brand","embeddable":true,"href":"https:\/\/shop.mittgard.de\/index.php?rest_route=%2Fwp%2Fv2%2Fproduct_brand&post=26636"},{"taxonomy":"product_cat","embeddable":true,"href":"https:\/\/shop.mittgard.de\/index.php?rest_route=%2Fwp%2Fv2%2Fproduct_cat&post=26636"},{"taxonomy":"product_tag","embeddable":true,"href":"https:\/\/shop.mittgard.de\/index.php?rest_route=%2Fwp%2Fv2%2Fproduct_tag&post=26636"}],"curies":[{"name":"wp","href":"https:\/\/api.w.org\/{rel}","templated":true}]}}