{"id":26675,"date":"2025-10-22T10:24:46","date_gmt":"2025-10-22T08:24:46","guid":{"rendered":"https:\/\/shop.mittgard.de\/?post_type=product&#038;p=26675"},"modified":"2025-10-22T10:25:33","modified_gmt":"2025-10-22T08:25:33","slug":"schleier-gebende-schapel-set","status":"publish","type":"product","link":"https:\/\/shop.mittgard.de\/?product=schleier-gebende-schapel-set","title":{"rendered":"Schleier-Gebende-Schapel-Set"},"content":{"rendered":"<p>Komplettset einer mittelalterlichen Kopfbedeckung f\u00fcr Frauen<\/p>\n<p>Zuerst kommt das Gebende: Hier ein von Hand gen\u00e4hter gebogener Streifen aus feinem Wolltuch, der um Kinn und \u00fcber die Ohren gelegt wird und oben auf dem Kopf mit einer Gebendenadel (nicht im Lieferumfang enthalten) zusammen gesteckt wird.<\/p>\n<p>Dar\u00fcber legt man um die Stirn das Schapel. Handgefertigt aus goldener Wildseide und bestickt mit Perlen und bronzenen Schmuckelementen. Am Hinterkopf wird es mittels goldgelber Leinenb\u00e4nder festgeknotet und ist so Gr\u00f6\u00dfenverstellbar.<\/p>\n<p>Dar\u00fcber kommt der Schleier aus feinem Wollmousseline, 150 x 60 cm gro\u00df. Dieser wird mit Gebendenadeln am Gebende festgesteckt. Gebendenadeln werden nicht mit geliefert.<\/p>\n<p>Alles komplett von Hand gefertigt. Das Schapel ist ein Einzelst\u00fcck.<\/p>\n","protected":false},"excerpt":{"rendered":"<p>Komplettset einer mittelalterlichen Kopfbedeckung f\u00fcr Frauen Zuerst kommt das Gebende: Hier ein von Hand gen\u00e4hter gebogener Streifen aus feinem Wolltuch, der um Kinn und \u00fcber die Ohren gelegt wird und oben auf dem Kopf mit einer Gebendenadel (nicht im Lieferumfang enthalten) zusammen gesteckt wird. Dar\u00fcber legt man um die Stirn das Schapel. Handgefertigt aus goldener &hellip; <\/p>\n<p class=\"link-more\"><a href=\"https:\/\/shop.mittgard.de\/?product=schleier-gebende-schapel-set\" class=\"more-link\"><span class=\"screen-reader-text\">\u201eSchleier-Gebende-Schapel-Set\u201c <\/span>weiterlesen<\/a><\/p>\n","protected":false},"featured_media":26676,"template":"","meta":[],"product_brand":[],"product_cat":[562,566],"product_tag":[378,2042,1255,1027,2041,596],"class_list":{"0":"post-26675","1":"product","2":"type-product","3":"status-publish","4":"has-post-thumbnail","6":"product_cat-gewandungen","7":"product_cat-kopfbedeckungen","8":"product_tag-frauen","9":"product_tag-gebende","10":"product_tag-hochmittelalter","11":"product_tag-kopfbedeckung","12":"product_tag-schapel","13":"product_tag-schleier","14":"product_shipping_class-paket","16":"first","17":"instock","18":"sold-individually","19":"taxable","20":"shipping-taxable","21":"purchasable","22":"product-type-simple"},"_links":{"self":[{"href":"https:\/\/shop.mittgard.de\/index.php?rest_route=\/wp\/v2\/product\/26675","targetHints":{"allow":["GET"]}}],"collection":[{"href":"https:\/\/shop.mittgard.de\/index.php?rest_route=\/wp\/v2\/product"}],"about":[{"href":"https:\/\/shop.mittgard.de\/index.php?rest_route=\/wp\/v2\/types\/product"}],"wp:featuredmedia":[{"embeddable":true,"href":"https:\/\/shop.mittgard.de\/index.php?rest_route=\/wp\/v2\/media\/26676"}],"wp:attachment":[{"href":"https:\/\/shop.mittgard.de\/index.php?rest_route=%2Fwp%2Fv2%2Fmedia&parent=26675"}],"wp:term":[{"taxonomy":"product_brand","embeddable":true,"href":"https:\/\/shop.mittgard.de\/index.php?rest_route=%2Fwp%2Fv2%2Fproduct_brand&post=26675"},{"taxonomy":"product_cat","embeddable":true,"href":"https:\/\/shop.mittgard.de\/index.php?rest_route=%2Fwp%2Fv2%2Fproduct_cat&post=26675"},{"taxonomy":"product_tag","embeddable":true,"href":"https:\/\/shop.mittgard.de\/index.php?rest_route=%2Fwp%2Fv2%2Fproduct_tag&post=26675"}],"curies":[{"name":"wp","href":"https:\/\/api.w.org\/{rel}","templated":true}]}}