{"id":26729,"date":"2025-11-17T13:58:40","date_gmt":"2025-11-17T12:58:40","guid":{"rendered":"https:\/\/shop.mittgard.de\/?post_type=product&#038;p=26729"},"modified":"2026-02-23T10:05:19","modified_gmt":"2026-02-23T09:05:19","slug":"thieme-anja-orkneys-soehne","status":"publish","type":"product","link":"https:\/\/shop.mittgard.de\/?product=thieme-anja-orkneys-soehne","title":{"rendered":"Thieme, Anja &#8222;Orkneys S\u00f6hne&#8220;"},"content":{"rendered":"<p>&#8222;Also habe ich Unfrieden zwischen Artus und Mordred gestiftet und den Zorn gesch\u00fcrt&#8230; Ich sollte um Frieden ersuchen, damit nicht noch mehr K\u00f6nigss\u00f6hne der Insel von Britannien erschlagen werden. Und obwohl Artus mir die gerechtesten Worte, die ihm einfielen, mitgab, \u00fcberbrachte ich Mordred die schlimmsten, die mir in den Sinn kamen. Und deshalb nennt man mich den Schl\u00e4chter Britanniens, denn dadurch kam es zur Schlacht von Camlann.&#8220; <em>Iddawe, der Bote &#8211; Traum des Rhonabwy, Mabinogion<\/em><\/p>\n<p>Dieses Buch ist der Lebensbericht des Mordred of Orkney, Sohn des sagenhaften K\u00f6nig Artus. Er war der Merlin, ein wahrer K\u00f6nig und der, welcher wider Willen seinen Vater erschlug.<\/p>\n<p>Aus alten Quellen genau recherchiert und ungeheuer spannend erz\u00e4hlt, ist dieser Roman die schon lange f\u00e4llige Rehabilitation eines der gr\u00f6\u00dften B\u00f6sewichter der Literaturgeschichte.<\/p>\n<p>Gebunden in Leinen mit Schutzumschlag, 640 Seiten<\/p>\n<p>Restauflage zum Sonderpreis<\/p>\n","protected":false},"excerpt":{"rendered":"<p>&#8222;Also habe ich Unfrieden zwischen Artus und Mordred gestiftet und den Zorn gesch\u00fcrt&#8230; Ich sollte um Frieden ersuchen, damit nicht noch mehr K\u00f6nigss\u00f6hne der Insel von Britannien erschlagen werden. Und obwohl Artus mir die gerechtesten Worte, die ihm einfielen, mitgab, \u00fcberbrachte ich Mordred die schlimmsten, die mir in den Sinn kamen. Und deshalb nennt man &hellip; <\/p>\n<p class=\"link-more\"><a href=\"https:\/\/shop.mittgard.de\/?product=thieme-anja-orkneys-soehne\" class=\"more-link\"><span class=\"screen-reader-text\">\u201eThieme, Anja &#8222;Orkneys S\u00f6hne&#8220;\u201c <\/span>weiterlesen<\/a><\/p>\n","protected":false},"featured_media":26730,"template":"","meta":[],"product_brand":[],"product_cat":[194,185,219,56,209],"product_tag":[1395,1503,313,963,2050,2051],"class_list":{"0":"post-26729","1":"product","2":"type-product","3":"status-publish","4":"has-post-thumbnail","6":"product_cat-kelten","7":"product_cat-literatur","8":"product_cat-literatur-restekiste","9":"product_cat-restekiste","10":"product_cat-romane-dichtungen","11":"product_tag-artus","12":"product_tag-artussage","13":"product_tag-kelten","14":"product_tag-merlin","15":"product_tag-mordred","16":"product_tag-ritterdertafelrunde","17":"product_shipping_class-paket","19":"first","20":"onbackorder","21":"taxable","22":"shipping-taxable","23":"purchasable","24":"product-type-simple"},"_links":{"self":[{"href":"https:\/\/shop.mittgard.de\/index.php?rest_route=\/wp\/v2\/product\/26729","targetHints":{"allow":["GET"]}}],"collection":[{"href":"https:\/\/shop.mittgard.de\/index.php?rest_route=\/wp\/v2\/product"}],"about":[{"href":"https:\/\/shop.mittgard.de\/index.php?rest_route=\/wp\/v2\/types\/product"}],"wp:featuredmedia":[{"embeddable":true,"href":"https:\/\/shop.mittgard.de\/index.php?rest_route=\/wp\/v2\/media\/26730"}],"wp:attachment":[{"href":"https:\/\/shop.mittgard.de\/index.php?rest_route=%2Fwp%2Fv2%2Fmedia&parent=26729"}],"wp:term":[{"taxonomy":"product_brand","embeddable":true,"href":"https:\/\/shop.mittgard.de\/index.php?rest_route=%2Fwp%2Fv2%2Fproduct_brand&post=26729"},{"taxonomy":"product_cat","embeddable":true,"href":"https:\/\/shop.mittgard.de\/index.php?rest_route=%2Fwp%2Fv2%2Fproduct_cat&post=26729"},{"taxonomy":"product_tag","embeddable":true,"href":"https:\/\/shop.mittgard.de\/index.php?rest_route=%2Fwp%2Fv2%2Fproduct_tag&post=26729"}],"curies":[{"name":"wp","href":"https:\/\/api.w.org\/{rel}","templated":true}]}}

Thieme, Anja &#8222;Orkneys Söhne&#8220;

<p>&#8222;Also habe ich Unfrieden zwischen Artus und Mordred gestiftet und den Zorn geschürt&#8230; Ich sollte um Frieden ersuchen, damit nicht noch mehr Königssöhne der Insel von Britannien erschlagen werden. Und obwohl Artus mir die gerechtesten Worte, die ihm einfielen, mitgab, überbrachte ich Mordred die schlimmsten, die mir in den Sinn kamen. Und deshalb nennt man mich den Schlächter Britanniens, denn dadurch kam es zur Schlacht von Camlann.&#8220; <em>Iddawe, der Bote &#8211; Traum des Rhonabwy, Mabinogion</em></p>
<p>Dieses Buch ist der Lebensbericht des Mordred of Orkney, Sohn des sagenhaften König Artus. Er war der Merlin, ein wahrer König und der, welcher wider Willen seinen Vater erschlug.</p>
<p>Aus alten Quellen genau recherchiert und ungeheuer spannend erzählt, ist dieser Roman die schon lange fällige Rehabilitation eines der größten Bösewichter der Literaturgeschichte.</p>
<p>Gebunden in Leinen mit Schutzumschlag, 640 Seiten</p>
<p>Restauflage zum Sonderpreis</p>

<p>&#8222;Also habe ich Unfrieden zwischen Artus und Mordred gestiftet und den Zorn geschürt&#8230; Ich sollte um Frieden ersuchen, damit nicht noch mehr Königssöhne der Insel von Britannien erschlagen werden. Und obwohl Artus mir die gerechtesten Worte, die ihm einfielen, mitgab, überbrachte ich Mordred die schlimmsten, die mir in den Sinn kamen. Und deshalb nennt man &hellip; </p>
<p class="link-more"><a href="https://shop.mittgard.de/?product=thieme-anja-orkneys-soehne" class="more-link"><span class="screen-reader-text">„Thieme, Anja &#8222;Orkneys Söhne&#8220;“ </span>weiterlesen</a></p>
