{"id":26816,"date":"2026-01-15T14:44:02","date_gmt":"2026-01-15T13:44:02","guid":{"rendered":"https:\/\/shop.mittgard.de\/?post_type=product&#038;p=26816"},"modified":"2026-02-23T10:05:47","modified_gmt":"2026-02-23T09:05:47","slug":"flora-denis-magische-rituale-mit-raeucherbuendeln","status":"publish","type":"product","link":"https:\/\/shop.mittgard.de\/?product=flora-denis-magische-rituale-mit-raeucherbuendeln","title":{"rendered":"Flora Denis &#8222;Magische Rituale mit R\u00e4ucherb\u00fcndeln&#8220;"},"content":{"rendered":"<p>Pflanzen durchs Jahr sammeln, binden, trocknen, r\u00e4uchern<\/p>\n<p>Mit gr\u00fcner Magie durchs Jahr<\/p>\n<p>Das R\u00e4uchern ist eine uralte Praxis, bei der die positiven Eigenschaften von Heilpflanzen genutzt werden. Gesammelt, getrocknet und zu einem R\u00e4ucherb\u00fcndel gebunden, entfalten sie ihre reinigende und wohltuende Energie.<\/p>\n<p>In diesem Buch erfahren Sie Schritt f\u00fcr Schritt, wie Sie je nach Jahreszeit ihre eigenen R\u00e4ucherb\u00fcndel herstellen, weihen und einsetzen. Sie k\u00f6nnen sie sowohl zu besonderen Feiern wie das Julfest verwenden oder um Rituale zu bestimmten Zwecken durchzuf\u00fchren: magischer Hausputz, Aufl\u00f6sung von Blockaden, Schutz oder F\u00f6rderung von Mut und St\u00e4rke.<\/p>\n<ul>\n<li>Mit Saisonkalender der Heilpflanzen samt ihrer magischen Eigenschaften<\/li>\n<li>Mit Kurzportraits der wichtigsten Jahreskreisfeste<\/li>\n<\/ul>\n<p>Gebundene Ausgabe, 80 Seiten<\/p>\n<p>&nbsp;<\/p>\n","protected":false},"excerpt":{"rendered":"<p>Geb<\/p>\n","protected":false},"featured_media":26817,"template":"","meta":[],"product_brand":[],"product_cat":[195,185,198,207],"product_tag":[959,2061,1472,376,643,382],"class_list":{"0":"post-26816","1":"product","2":"type-product","3":"status-publish","4":"has-post-thumbnail","6":"product_cat-hexentum-schamanismus","7":"product_cat-literatur","8":"product_cat-magie","9":"product_cat-raeucherungen","10":"product_tag-jahreskreisfeste","11":"product_tag-kraeuterbuendel","12":"product_tag-kraeutermagie","13":"product_tag-magie","14":"product_tag-raeuchern","15":"product_tag-rituale","16":"product_shipping_class-paket","18":"first","19":"onbackorder","20":"taxable","21":"shipping-taxable","22":"purchasable","23":"product-type-simple"},"_links":{"self":[{"href":"https:\/\/shop.mittgard.de\/index.php?rest_route=\/wp\/v2\/product\/26816","targetHints":{"allow":["GET"]}}],"collection":[{"href":"https:\/\/shop.mittgard.de\/index.php?rest_route=\/wp\/v2\/product"}],"about":[{"href":"https:\/\/shop.mittgard.de\/index.php?rest_route=\/wp\/v2\/types\/product"}],"wp:featuredmedia":[{"embeddable":true,"href":"https:\/\/shop.mittgard.de\/index.php?rest_route=\/wp\/v2\/media\/26817"}],"wp:attachment":[{"href":"https:\/\/shop.mittgard.de\/index.php?rest_route=%2Fwp%2Fv2%2Fmedia&parent=26816"}],"wp:term":[{"taxonomy":"product_brand","embeddable":true,"href":"https:\/\/shop.mittgard.de\/index.php?rest_route=%2Fwp%2Fv2%2Fproduct_brand&post=26816"},{"taxonomy":"product_cat","embeddable":true,"href":"https:\/\/shop.mittgard.de\/index.php?rest_route=%2Fwp%2Fv2%2Fproduct_cat&post=26816"},{"taxonomy":"product_tag","embeddable":true,"href":"https:\/\/shop.mittgard.de\/index.php?rest_route=%2Fwp%2Fv2%2Fproduct_tag&post=26816"}],"curies":[{"name":"wp","href":"https:\/\/api.w.org\/{rel}","templated":true}]}}