{"id":26843,"date":"2026-01-15T16:39:05","date_gmt":"2026-01-15T15:39:05","guid":{"rendered":"https:\/\/shop.mittgard.de\/?post_type=product&#038;p=26843"},"modified":"2026-02-23T10:00:46","modified_gmt":"2026-02-23T09:00:46","slug":"poetzl-norbert-die-germanen","status":"publish","type":"product","link":"https:\/\/shop.mittgard.de\/?product=poetzl-norbert-die-germanen","title":{"rendered":"P\u00f6tzl, Norbert &#8222;Die Germanen&#8220;"},"content":{"rendered":"<p>Geschichte &amp; Mythos<\/p>\n<p>Unter Barbaren<\/p>\n<p>Als Haudegen aus der Tiefe Nordeuropas erschreckten sie die antike Welt. SPIEGEL-Autoren und Historiker verfolgen die Spur der verschiedenen Germanenst\u00e4mme bis nach der V\u00f6lkerwanderungszeit. Sie gehen den umstrittenen Urspr\u00fcngen der Germanen nach, schildern die ersten Zusammenst\u00f6\u00dfe mit dem R\u00f6mischen Reich und zeigen, wie sie in den folgenden Jahrhunderten zum Mythos verkl\u00e4rt wurden.<\/p>\n<p>Gebundene Ausgabe, 256 Seiten<\/p>\n","protected":false},"excerpt":{"rendered":"<p>Geb<\/p>\n","protected":false},"featured_media":26844,"template":"","meta":[],"product_brand":[],"product_cat":[193,192,185,211],"product_tag":[2068,336,939],"class_list":{"0":"post-26843","1":"product","2":"type-product","3":"status-publish","4":"has-post-thumbnail","6":"product_cat-germanen","7":"product_cat-geschichte","8":"product_cat-literatur","9":"product_cat-sachbuch-lexika","10":"product_tag-furor-teutonicus","11":"product_tag-germanen","12":"product_tag-voelkerwanderung","13":"product_shipping_class-paket","15":"first","16":"onbackorder","17":"taxable","18":"shipping-taxable","19":"purchasable","20":"product-type-simple"},"_links":{"self":[{"href":"https:\/\/shop.mittgard.de\/index.php?rest_route=\/wp\/v2\/product\/26843","targetHints":{"allow":["GET"]}}],"collection":[{"href":"https:\/\/shop.mittgard.de\/index.php?rest_route=\/wp\/v2\/product"}],"about":[{"href":"https:\/\/shop.mittgard.de\/index.php?rest_route=\/wp\/v2\/types\/product"}],"wp:featuredmedia":[{"embeddable":true,"href":"https:\/\/shop.mittgard.de\/index.php?rest_route=\/wp\/v2\/media\/26844"}],"wp:attachment":[{"href":"https:\/\/shop.mittgard.de\/index.php?rest_route=%2Fwp%2Fv2%2Fmedia&parent=26843"}],"wp:term":[{"taxonomy":"product_brand","embeddable":true,"href":"https:\/\/shop.mittgard.de\/index.php?rest_route=%2Fwp%2Fv2%2Fproduct_brand&post=26843"},{"taxonomy":"product_cat","embeddable":true,"href":"https:\/\/shop.mittgard.de\/index.php?rest_route=%2Fwp%2Fv2%2Fproduct_cat&post=26843"},{"taxonomy":"product_tag","embeddable":true,"href":"https:\/\/shop.mittgard.de\/index.php?rest_route=%2Fwp%2Fv2%2Fproduct_tag&post=26843"}],"curies":[{"name":"wp","href":"https:\/\/api.w.org\/{rel}","templated":true}]}}