{"id":26859,"date":"2026-01-15T17:25:58","date_gmt":"2026-01-15T16:25:58","guid":{"rendered":"https:\/\/shop.mittgard.de\/?post_type=product&#038;p=26859"},"modified":"2026-03-08T10:13:17","modified_gmt":"2026-03-08T09:13:17","slug":"bjoerk-anderson-linneas-jahrbuch","status":"publish","type":"product","link":"https:\/\/shop.mittgard.de\/?product=bjoerk-anderson-linneas-jahrbuch","title":{"rendered":"Bj\u00f6rk, Anderson &#8222;Linn\u00e9as Jahrbuch&#8220;"},"content":{"rendered":"<p>Naturwissen und Basteltipps f\u00fcr jeden Monat mit Pflanzkalender<\/p>\n<p>Linn\u00e9a liebt die Natur!<\/p>\n<p>Direkt vor ihrer Haust\u00fcr entdeckt sie viele Tiere und Pflanzen und hat jede Menge Ideen, was man in der Natur machen kann. Monat f\u00fcr Monat teilt Linn\u00e9a ihr Wissen und tolle Basteltipps: Im Januar lernt sie, was V\u00f6gel fressen, und er\u00f6ffnet ein Vogelrestaurant. Im Juni erf\u00e4hrt sie alles \u00fcber Hummeln und kochte Rhabarberkompott. Im Oktober erforscht sie, warum Bl\u00e4tter gelb werden und bastelt eine Herbstkrone. Wie sie das macht und was sie herausfindet, kannst du in diesem bezaubernden Buch nachlesen, nachschlagen &#8211; und nachmachen!<\/p>\n<p>Ausgezeichnet mit dem Deutschen Jugenliteraturpreis<\/p>\n<p>Die Neuausgabe des Kinderbuchklassikers mit tollem Pflanzkalender<\/p>\n<p>Gebundene Ausgabe, 64 Seiten<\/p>\n<p>&nbsp;<\/p>\n","protected":false},"excerpt":{"rendered":"<p>Geb<\/p>\n","protected":false},"featured_media":26860,"template":"","meta":[],"product_brand":[],"product_cat":[186,197,185],"product_tag":[226,252,243,1950,527],"class_list":{"0":"post-26859","1":"product","2":"type-product","3":"status-publish","4":"has-post-thumbnail","6":"product_cat-alternativ-leben","7":"product_cat-kinderbuecher","8":"product_cat-literatur","9":"product_tag-basteln","10":"product_tag-kinder","11":"product_tag-natur","12":"product_tag-spielen","13":"product_tag-tiere","14":"product_shipping_class-brief","16":"first","17":"onbackorder","18":"taxable","19":"shipping-taxable","20":"purchasable","21":"product-type-simple"},"_links":{"self":[{"href":"https:\/\/shop.mittgard.de\/index.php?rest_route=\/wp\/v2\/product\/26859","targetHints":{"allow":["GET"]}}],"collection":[{"href":"https:\/\/shop.mittgard.de\/index.php?rest_route=\/wp\/v2\/product"}],"about":[{"href":"https:\/\/shop.mittgard.de\/index.php?rest_route=\/wp\/v2\/types\/product"}],"wp:featuredmedia":[{"embeddable":true,"href":"https:\/\/shop.mittgard.de\/index.php?rest_route=\/wp\/v2\/media\/26860"}],"wp:attachment":[{"href":"https:\/\/shop.mittgard.de\/index.php?rest_route=%2Fwp%2Fv2%2Fmedia&parent=26859"}],"wp:term":[{"taxonomy":"product_brand","embeddable":true,"href":"https:\/\/shop.mittgard.de\/index.php?rest_route=%2Fwp%2Fv2%2Fproduct_brand&post=26859"},{"taxonomy":"product_cat","embeddable":true,"href":"https:\/\/shop.mittgard.de\/index.php?rest_route=%2Fwp%2Fv2%2Fproduct_cat&post=26859"},{"taxonomy":"product_tag","embeddable":true,"href":"https:\/\/shop.mittgard.de\/index.php?rest_route=%2Fwp%2Fv2%2Fproduct_tag&post=26859"}],"curies":[{"name":"wp","href":"https:\/\/api.w.org\/{rel}","templated":true}]}}