{"id":26899,"date":"2026-02-14T13:00:22","date_gmt":"2026-02-14T12:00:22","guid":{"rendered":"https:\/\/shop.mittgard.de\/?post_type=product&#038;p=26899"},"modified":"2026-03-25T12:56:34","modified_gmt":"2026-03-25T11:56:34","slug":"malve-stockrose-blueten-schwarz-ganz-100g","status":"publish","type":"product","link":"https:\/\/shop.mittgard.de\/?product=malve-stockrose-blueten-schwarz-ganz-100g","title":{"rendered":"Malve &#8211; Stockrose Bl\u00fcten schwarz, ganz (100g)"},"content":{"rendered":"<p>Bl\u00fcten, schwarz, ganz<\/p>\n<p>f\u00e4rbt graugr\u00fcn &#8211; stahlgrau<\/p>\n","protected":false},"excerpt":{"rendered":"<p>Bl\u00fcten, schwarz, ganz f\u00e4rbt graugr\u00fcn &#8211; stahlgrau<\/p>\n","protected":false},"featured_media":26900,"template":"","meta":[],"product_brand":[],"product_cat":[38,16],"product_tag":[91],"class_list":{"0":"post-26899","1":"product","2":"type-product","3":"status-publish","4":"has-post-thumbnail","6":"product_cat-faerbekraeuter","7":"product_cat-kraeuter","8":"product_tag-gruen","9":"product_shipping_class-paket","11":"first","12":"instock","13":"taxable","14":"shipping-taxable","15":"purchasable","16":"product-type-simple"},"_links":{"self":[{"href":"https:\/\/shop.mittgard.de\/index.php?rest_route=\/wp\/v2\/product\/26899","targetHints":{"allow":["GET"]}}],"collection":[{"href":"https:\/\/shop.mittgard.de\/index.php?rest_route=\/wp\/v2\/product"}],"about":[{"href":"https:\/\/shop.mittgard.de\/index.php?rest_route=\/wp\/v2\/types\/product"}],"wp:featuredmedia":[{"embeddable":true,"href":"https:\/\/shop.mittgard.de\/index.php?rest_route=\/wp\/v2\/media\/26900"}],"wp:attachment":[{"href":"https:\/\/shop.mittgard.de\/index.php?rest_route=%2Fwp%2Fv2%2Fmedia&parent=26899"}],"wp:term":[{"taxonomy":"product_brand","embeddable":true,"href":"https:\/\/shop.mittgard.de\/index.php?rest_route=%2Fwp%2Fv2%2Fproduct_brand&post=26899"},{"taxonomy":"product_cat","embeddable":true,"href":"https:\/\/shop.mittgard.de\/index.php?rest_route=%2Fwp%2Fv2%2Fproduct_cat&post=26899"},{"taxonomy":"product_tag","embeddable":true,"href":"https:\/\/shop.mittgard.de\/index.php?rest_route=%2Fwp%2Fv2%2Fproduct_tag&post=26899"}],"curies":[{"name":"wp","href":"https:\/\/api.w.org\/{rel}","templated":true}]}}