{"id":2697,"date":"2018-06-22T21:09:32","date_gmt":"2018-06-22T19:09:32","guid":{"rendered":"http:\/\/shop.mittgard.de\/?product=import-placeholder-for-3021"},"modified":"2024-12-15T13:30:38","modified_gmt":"2024-12-15T12:30:38","slug":"avander-ulf-sami-messer-selbst-machen","status":"publish","type":"product","link":"https:\/\/shop.mittgard.de\/?product=avander-ulf-sami-messer-selbst-machen","title":{"rendered":"Avander, Ulf &#8222;Sami-Messer selbst machen&#8220;"},"content":{"rendered":"<p>Handwerkskunst aus dem hohen Norden<\/p>\n<p>Ein kleines, aber feines Anleitungsbuch f\u00fcr jeden Messermacher, der das Au\u00dfergew\u00f6hnliche sucht und die skandinavische Kultur sch\u00e4tzt. Es zeigt, wie man mit traditionellen Methoden zwei im hohen Norden gebr\u00e4uchliche Messertypen selbst macht: ein Sami-Messer und ein &#8222;Fulltangknife&#8220; von der Art, wie sie bereits vor Jahrhunderten die Wikinger benutzten. Ein weiteres Kapitel zeigt, wie man ein &#8222;Kosa&#8220; anfertigt, ein h\u00f6lzernes Sch\u00f6pfgef\u00e4\u00df, wie es seit alters her am Polarkreis benutzt wird.<\/p>\n<p>Schritt f\u00fcr Schritt und gut bebildert erl\u00e4utert der Autor die Auswahl der Materialien f\u00fcr Klinge, Griff und Scheide. Insbesondere traditionelles Dekor und die Verwendung von Geweih in der Messerscheide sind das Besondere an Sami-Messern. Der Leser erf\u00e4hrt manches Geheimnis der alten Meister aus dem nomadischen Volk der Sami, das sich meisterhaft den harten Lebensbedingungen am Polarkreis angepasst und dabei eine bemerkenswert hohe Handwerkskultur entwickelt hat.<\/p>\n<p>Die deutsche Ausgabe ist um einen Abschnitt zur Kultur der Samen erweitert.<\/p>\n<p>Gebundene Ausgabe, 132 Seiten<\/p>\n","protected":false},"excerpt":{"rendered":"<p>Geb<\/p>\n","protected":false},"featured_media":8455,"template":"","meta":[],"product_brand":[],"product_cat":[188,185],"product_tag":[233,260,261],"class_list":{"0":"post-2697","1":"product","2":"type-product","3":"status-publish","4":"has-post-thumbnail","6":"product_cat-altes-handwerk","7":"product_cat-literatur","8":"product_tag-handwerk","9":"product_tag-messer","10":"product_tag-sami","11":"product_shipping_class-paket","13":"first","14":"onbackorder","15":"taxable","16":"shipping-taxable","17":"purchasable","18":"product-type-simple"},"_links":{"self":[{"href":"https:\/\/shop.mittgard.de\/index.php?rest_route=\/wp\/v2\/product\/2697","targetHints":{"allow":["GET"]}}],"collection":[{"href":"https:\/\/shop.mittgard.de\/index.php?rest_route=\/wp\/v2\/product"}],"about":[{"href":"https:\/\/shop.mittgard.de\/index.php?rest_route=\/wp\/v2\/types\/product"}],"wp:featuredmedia":[{"embeddable":true,"href":"https:\/\/shop.mittgard.de\/index.php?rest_route=\/wp\/v2\/media\/8455"}],"wp:attachment":[{"href":"https:\/\/shop.mittgard.de\/index.php?rest_route=%2Fwp%2Fv2%2Fmedia&parent=2697"}],"wp:term":[{"taxonomy":"product_brand","embeddable":true,"href":"https:\/\/shop.mittgard.de\/index.php?rest_route=%2Fwp%2Fv2%2Fproduct_brand&post=2697"},{"taxonomy":"product_cat","embeddable":true,"href":"https:\/\/shop.mittgard.de\/index.php?rest_route=%2Fwp%2Fv2%2Fproduct_cat&post=2697"},{"taxonomy":"product_tag","embeddable":true,"href":"https:\/\/shop.mittgard.de\/index.php?rest_route=%2Fwp%2Fv2%2Fproduct_tag&post=2697"}],"curies":[{"name":"wp","href":"https:\/\/api.w.org\/{rel}","templated":true}]}}