{"id":2707,"date":"2018-06-22T21:09:39","date_gmt":"2018-06-22T19:09:39","guid":{"rendered":"http:\/\/shop.mittgard.de\/?product=import-placeholder-for-3031"},"modified":"2025-06-02T13:08:43","modified_gmt":"2025-06-02T11:08:43","slug":"chevallier-seifen-selbst-gemacht","status":"publish","type":"product","link":"https:\/\/shop.mittgard.de\/?product=chevallier-seifen-selbst-gemacht","title":{"rendered":"Chevallier &#8222;Seifen selbst gemacht&#8220;"},"content":{"rendered":"<p>Die Seife (kalt) ist sehr einfach herzustellen. Mit den Basiszutaten &#8211; \u00c4tznatron, Fett und Wasser &#8211; besteht keine Notwendigkeit der Erhitzung. Diese Technik hat den Vorteil, da\u00df die Eigenschaften der verwendeten Produkte wenig ver\u00e4ndert werden und am Ende der Verseifung alles Glycerin erhalten bleibt, wodurch eine starke feuchtigkeitsspendende Wirkung entsteht.<\/p>\n<p>Die 30 Rezepte in diesem Buch, in denen 100% nat\u00fcrliche Zutaten verwendet werden, erlauben es, den t\u00e4glichen Bedarf zu decken und Seifen herzustellen, die auf den eigenen Hauttyp perfekt abgestimmt sind und dadurch Gefallen finden: Seife als sanftes Abschminkmittel f\u00fcr einen &#8222;strahlenden Teint&#8220;, Shampoo-Seife oder Rasierseifen, Seife f\u00fcr die zarte oder trockene Haut von Kleinkindern etc. Au\u00dferdem finden Sie alle Informationen &#8211; wie zum Beispiel kosmetische Eigenschaften von Fetten und essentiellen \u00d6len, einen \u00dcberblick \u00fcber den Verseifungsprozess und eine Liste der Farbstoffe und nat\u00fcrlichen Zutaten, mit denen Sie diese einzigartigen Seifen herstellen k\u00f6nnen. Neben diesen dermatologischen Vorteilen schont die (kalte) Seifenherstellung auch unsere Umwelt (Energieersparnis, keine Verpackungsmittel und Schadstoffaussto\u00df).<\/p>\n<p>Broschiert, 120 Seiten<\/p>\n<p>&nbsp;<\/p>\n","protected":false},"excerpt":{"rendered":"<p>Br<\/p>\n","protected":false},"featured_media":6041,"template":"","meta":[],"product_brand":[],"product_cat":[188,185],"product_tag":[238,270,220],"class_list":{"0":"post-2707","1":"product","2":"type-product","3":"status-publish","4":"has-post-thumbnail","6":"product_cat-altes-handwerk","7":"product_cat-literatur","8":"product_tag-bad","9":"product_tag-seife","10":"product_tag-selbstversorger","11":"product_shipping_class-paket","13":"first","14":"onbackorder","15":"taxable","16":"shipping-taxable","17":"purchasable","18":"product-type-simple"},"_links":{"self":[{"href":"https:\/\/shop.mittgard.de\/index.php?rest_route=\/wp\/v2\/product\/2707","targetHints":{"allow":["GET"]}}],"collection":[{"href":"https:\/\/shop.mittgard.de\/index.php?rest_route=\/wp\/v2\/product"}],"about":[{"href":"https:\/\/shop.mittgard.de\/index.php?rest_route=\/wp\/v2\/types\/product"}],"wp:featuredmedia":[{"embeddable":true,"href":"https:\/\/shop.mittgard.de\/index.php?rest_route=\/wp\/v2\/media\/6041"}],"wp:attachment":[{"href":"https:\/\/shop.mittgard.de\/index.php?rest_route=%2Fwp%2Fv2%2Fmedia&parent=2707"}],"wp:term":[{"taxonomy":"product_brand","embeddable":true,"href":"https:\/\/shop.mittgard.de\/index.php?rest_route=%2Fwp%2Fv2%2Fproduct_brand&post=2707"},{"taxonomy":"product_cat","embeddable":true,"href":"https:\/\/shop.mittgard.de\/index.php?rest_route=%2Fwp%2Fv2%2Fproduct_cat&post=2707"},{"taxonomy":"product_tag","embeddable":true,"href":"https:\/\/shop.mittgard.de\/index.php?rest_route=%2Fwp%2Fv2%2Fproduct_tag&post=2707"}],"curies":[{"name":"wp","href":"https:\/\/api.w.org\/{rel}","templated":true}]}}