{"id":2739,"date":"2018-06-22T21:09:48","date_gmt":"2018-06-22T19:09:48","guid":{"rendered":"http:\/\/shop.mittgard.de\/?product=import-placeholder-for-3063"},"modified":"2025-12-19T09:46:06","modified_gmt":"2025-12-19T08:46:06","slug":"ebner-hasenoehrl-natuerlich-faerben-mit-pflanzen","status":"publish","type":"product","link":"https:\/\/shop.mittgard.de\/?product=ebner-hasenoehrl-natuerlich-faerben-mit-pflanzen","title":{"rendered":"Ebner\/Hasen\u00f6hrl &#8222;Nat\u00fcrlich F\u00e4rben mit Pflanzen&#8220;"},"content":{"rendered":"<p>40 F\u00e4rbepflanzen anbauen oder selbersammeln, F\u00e4rben von Wolle, Seide und Stoffen und auch von Ostereiern!<\/p>\n<p>Farbenpracht aus Wurzeln, Bl\u00e4ttern &amp; Bl\u00fcten<\/p>\n<p>Die faszinierende Leuchtkraft von Farben aus Pflanzen l\u00e4sst sich einfach zu Hause auf Wolle, Seide oder andere Materialien \u00fcbertragen. F\u00e4rbepflanzen wie F\u00e4rberdistel, Dahlie oder Rittersporn kann man im Garten anbauen, Goldrute, Johanniskraut und M\u00e4des\u00fc\u00df werden in W\u00e4ldern und auf Wiesen gesammelt. Doch auch B\u00e4ume und Wurzeln eignen sich ebenso wie Blaukraut, Kaffee oder Zwiebeln zum F\u00e4rben. Erg\u00e4nzt wird die Farbpalette in diesem Buch durch exotisches F\u00e4rbegut wie Indigo oder Kurkuma. Neben \u00fcber 40 F\u00e4rbepflanzen werden die ben\u00f6tigten Materialien, die Vorbereitung von Fasern oder Stoffen, das Beizen und die verschiedenen F\u00e4rbemethoden selbst detailliert beschrieben.<\/p>\n<p>Wie sich die gef\u00e4rbten Materialien filzen oder zu Wollbildern verarbeiten lassen, zeigt das reich bebilderte Buch ebenfalls. Au\u00dferdem werden das traditionelle F\u00e4rben von Ostereiern mit nat\u00fcrlichen Farben oder auch die Solarf\u00e4rbung erkl\u00e4rt. Nicht zuletzt befassen sich die Autorinnen mit dem im Trend liegenden Ecoprinting &#8211; dabei hinterlassen Pflanzenteile wie Bl\u00e4tter ihren Abdruck auf Textilien.<\/p>\n<p>Gebundene Ausgabe, 156 Seiten<\/p>\n","protected":false},"excerpt":{"rendered":"<p>HC<\/p>\n","protected":false},"featured_media":3741,"template":"","meta":[],"product_brand":[],"product_cat":[188,185],"product_tag":[268,258],"class_list":{"0":"post-2739","1":"product","2":"type-product","3":"status-publish","4":"has-post-thumbnail","6":"product_cat-altes-handwerk","7":"product_cat-literatur","8":"product_tag-handarbeit","9":"product_tag-pflanzenfarben","10":"product_shipping_class-paket","12":"first","13":"instock","14":"taxable","15":"shipping-taxable","16":"purchasable","17":"product-type-simple"},"_links":{"self":[{"href":"https:\/\/shop.mittgard.de\/index.php?rest_route=\/wp\/v2\/product\/2739","targetHints":{"allow":["GET"]}}],"collection":[{"href":"https:\/\/shop.mittgard.de\/index.php?rest_route=\/wp\/v2\/product"}],"about":[{"href":"https:\/\/shop.mittgard.de\/index.php?rest_route=\/wp\/v2\/types\/product"}],"wp:featuredmedia":[{"embeddable":true,"href":"https:\/\/shop.mittgard.de\/index.php?rest_route=\/wp\/v2\/media\/3741"}],"wp:attachment":[{"href":"https:\/\/shop.mittgard.de\/index.php?rest_route=%2Fwp%2Fv2%2Fmedia&parent=2739"}],"wp:term":[{"taxonomy":"product_brand","embeddable":true,"href":"https:\/\/shop.mittgard.de\/index.php?rest_route=%2Fwp%2Fv2%2Fproduct_brand&post=2739"},{"taxonomy":"product_cat","embeddable":true,"href":"https:\/\/shop.mittgard.de\/index.php?rest_route=%2Fwp%2Fv2%2Fproduct_cat&post=2739"},{"taxonomy":"product_tag","embeddable":true,"href":"https:\/\/shop.mittgard.de\/index.php?rest_route=%2Fwp%2Fv2%2Fproduct_tag&post=2739"}],"curies":[{"name":"wp","href":"https:\/\/api.w.org\/{rel}","templated":true}]}}