{"id":2752,"date":"2018-06-22T21:09:50","date_gmt":"2018-06-22T19:09:50","guid":{"rendered":"http:\/\/shop.mittgard.de\/?product=import-placeholder-for-3076"},"modified":"2024-12-15T14:09:25","modified_gmt":"2024-12-15T13:09:25","slug":"gro-vibe-lebende-weidengeflechte-im-garten","status":"publish","type":"product","link":"https:\/\/shop.mittgard.de\/?product=gro-vibe-lebende-weidengeflechte-im-garten","title":{"rendered":"Gro, Vibe &#8222;Lebende Weidengeflechte im Garten&#8220;"},"content":{"rendered":"<p>Weidenanbau &amp; -nutzung f\u00fcr H\u00f6hlen, Tore, Z\u00e4une, Spielpl\u00e4tze, Labyrinthe usw.<\/p>\n<p>Man pflanzt und baut mit Stecklingen, dicken B\u00fcnden und St\u00e4mmen, alles w\u00e4chst, gr\u00fcnt und nimmt im Lauf des Fr\u00fchjahrs Form an, um mit den Jahreszeiten die Farbe zu wechseln &#8211; ein tolles Hobby f\u00fcr alle Gartenliebhaber und Selbstmacher, die die Natur lieben.<\/p>\n<p>Das Buch zeigt, wie man mit Weiden jeden Alters alles machen kann, was das G\u00e4rtnerherz begehrt: von gr\u00fcnen Einfriedungen und \u00fcppigen Laubh\u00fctten \u00fcber idyllische Gartenh\u00e4user und Portale bis hin zu dichten Labyrinthen und wildwuchernden Burgen, und all das ist gar nicht mal so schwer.<\/p>\n<p>Gebundene Ausgabe, 96 Seiten<\/p>\n","protected":false},"excerpt":{"rendered":"<p>Br<\/p>\n","protected":false},"featured_media":10507,"template":"","meta":[],"product_brand":[],"product_cat":[188,185],"product_tag":[230,243],"class_list":{"0":"post-2752","1":"product","2":"type-product","3":"status-publish","4":"has-post-thumbnail","6":"product_cat-altes-handwerk","7":"product_cat-literatur","8":"product_tag-garten","9":"product_tag-natur","10":"product_shipping_class-paket","12":"first","13":"instock","14":"taxable","15":"shipping-taxable","16":"purchasable","17":"product-type-simple"},"_links":{"self":[{"href":"https:\/\/shop.mittgard.de\/index.php?rest_route=\/wp\/v2\/product\/2752","targetHints":{"allow":["GET"]}}],"collection":[{"href":"https:\/\/shop.mittgard.de\/index.php?rest_route=\/wp\/v2\/product"}],"about":[{"href":"https:\/\/shop.mittgard.de\/index.php?rest_route=\/wp\/v2\/types\/product"}],"wp:featuredmedia":[{"embeddable":true,"href":"https:\/\/shop.mittgard.de\/index.php?rest_route=\/wp\/v2\/media\/10507"}],"wp:attachment":[{"href":"https:\/\/shop.mittgard.de\/index.php?rest_route=%2Fwp%2Fv2%2Fmedia&parent=2752"}],"wp:term":[{"taxonomy":"product_brand","embeddable":true,"href":"https:\/\/shop.mittgard.de\/index.php?rest_route=%2Fwp%2Fv2%2Fproduct_brand&post=2752"},{"taxonomy":"product_cat","embeddable":true,"href":"https:\/\/shop.mittgard.de\/index.php?rest_route=%2Fwp%2Fv2%2Fproduct_cat&post=2752"},{"taxonomy":"product_tag","embeddable":true,"href":"https:\/\/shop.mittgard.de\/index.php?rest_route=%2Fwp%2Fv2%2Fproduct_tag&post=2752"}],"curies":[{"name":"wp","href":"https:\/\/api.w.org\/{rel}","templated":true}]}}