{"id":2771,"date":"2018-06-22T21:09:58","date_gmt":"2018-06-22T19:09:58","guid":{"rendered":"http:\/\/shop.mittgard.de\/?product=import-placeholder-for-3095"},"modified":"2024-12-15T14:15:11","modified_gmt":"2024-12-15T13:15:11","slug":"lubkemann-kleine-schnitzereien-2","status":"publish","type":"product","link":"https:\/\/shop.mittgard.de\/?product=lubkemann-kleine-schnitzereien-2","title":{"rendered":"Lubkemann &#8222;Kleine Schnitzereien 2&#8220;"},"content":{"rendered":"<p>noch mehr Gr\u00fcnholz schnitzen &#8211; unterwegs und \u00fcberall<\/p>\n<p>Nach seinem Erfolgstitel &#8222;Kleine Schnitzereien&#8220; liegt jetzt der Nachfolgeband von Christ Lubkemann vor.<\/p>\n<p>31 witzige und interessante neue Schnitzprojekte, die man schnell und leicht umsetzen kann. Anhand detaillierter Schritt-f\u00fcr-Schritt-Anleitungen zeigt der Autor, wie man fast ohne Vorkenntnisse und mit einem Minimum an Werkzeug und Material n\u00fctzliche, dekorative und lustige Objekte herstellen kann. Seine Tipps und Techniken bringen das Schnitzen jedem auf gleicherma\u00dfen unterhaltsame Weise nahe.<\/p>\n<p>Mit seinen hilfreichen Ratschl\u00e4gen zur Holzauswahl, zu grundlegenden Schnitztechniken und zum Messersch\u00e4rfen wird Sie dieses Buch inspirieren, praktische Objekte wie einen Rezepthalter und Skuriles wie H\u00e4hne und Eulen zu realisieren. Dar\u00fcber hinaus finden Sie viele humorvolle sport- und spielorientierte Projekte. Auf ins gro\u00dfe Schnitzvergn\u00fcgen!<\/p>\n<p>Gebundene Ausgabe, 128 Seiten<\/p>\n","protected":false},"excerpt":{"rendered":"<p>Geb<\/p>\n","protected":false},"featured_media":8447,"template":"","meta":[],"product_brand":[],"product_cat":[188,185],"product_tag":[233,278,265],"class_list":{"0":"post-2771","1":"product","2":"type-product","3":"status-publish","4":"has-post-thumbnail","6":"product_cat-altes-handwerk","7":"product_cat-literatur","8":"product_tag-handwerk","9":"product_tag-holzverarbeitung","10":"product_tag-schnitzen","11":"product_shipping_class-paket","13":"first","14":"instock","15":"taxable","16":"shipping-taxable","17":"purchasable","18":"product-type-simple"},"_links":{"self":[{"href":"https:\/\/shop.mittgard.de\/index.php?rest_route=\/wp\/v2\/product\/2771","targetHints":{"allow":["GET"]}}],"collection":[{"href":"https:\/\/shop.mittgard.de\/index.php?rest_route=\/wp\/v2\/product"}],"about":[{"href":"https:\/\/shop.mittgard.de\/index.php?rest_route=\/wp\/v2\/types\/product"}],"wp:featuredmedia":[{"embeddable":true,"href":"https:\/\/shop.mittgard.de\/index.php?rest_route=\/wp\/v2\/media\/8447"}],"wp:attachment":[{"href":"https:\/\/shop.mittgard.de\/index.php?rest_route=%2Fwp%2Fv2%2Fmedia&parent=2771"}],"wp:term":[{"taxonomy":"product_brand","embeddable":true,"href":"https:\/\/shop.mittgard.de\/index.php?rest_route=%2Fwp%2Fv2%2Fproduct_brand&post=2771"},{"taxonomy":"product_cat","embeddable":true,"href":"https:\/\/shop.mittgard.de\/index.php?rest_route=%2Fwp%2Fv2%2Fproduct_cat&post=2771"},{"taxonomy":"product_tag","embeddable":true,"href":"https:\/\/shop.mittgard.de\/index.php?rest_route=%2Fwp%2Fv2%2Fproduct_tag&post=2771"}],"curies":[{"name":"wp","href":"https:\/\/api.w.org\/{rel}","templated":true}]}}