{"id":2772,"date":"2018-06-22T21:09:58","date_gmt":"2018-06-22T19:09:58","guid":{"rendered":"http:\/\/shop.mittgard.de\/?product=import-placeholder-for-3096"},"modified":"2024-12-15T14:15:45","modified_gmt":"2024-12-15T13:15:45","slug":"lubkemann-kleine-schnitzereien","status":"publish","type":"product","link":"https:\/\/shop.mittgard.de\/?product=lubkemann-kleine-schnitzereien","title":{"rendered":"Lubkemann &#8222;Kleine Schnitzereien&#8220;"},"content":{"rendered":"<p>Gr\u00fcnholz schnitzen &#8211; unterwegs und \u00fcberall<\/p>\n<p>Schnitzen unterwegs und \u00fcberall, am Lagerfeuer, auf einer Wanderung, oder beim Bastelnachmittag&#8230; In diesem Buch geht es um Schnitzen einfach so, mit dem Taschenmesser und ohne gro\u00dfe Vorkenntnisse zu haben. Aus frischen Zweigen, die \u00fcberall zu bekommen sind, entstehen in wenigen Minuten originelle kleine Kunstwerke, n\u00fctzliche Gegenst\u00e4nde oder h\u00fcbsche lustige Geschenke.<\/p>\n<p>Aber auch der gestandene Holzschnitzer wird sich aus diesem Buch interessante Anregungen holen k\u00f6nnen. Schlie\u00dflich spricht der Autor aus jahrzehntelanger Praxis und besitzt enormes fachliches Know-how, mit einer seiner filigranen Gr\u00fcnholz-Schnitzereien kam er sogar ins Guiness-Buch der Rekorde.<\/p>\n<p>So wird schon das Lesen der humorvollen, immer absolut praxisgerechten Randbemerkungen zum Vergn\u00fcgen, und die eigenen Schnitzereien gelingen dank der hervorragend bebilderten Schritt-f\u00fcr-Schritt-Anleitungen garantiert. Die zahlreichen Tips, wie man in der freien Natur und beim Campen Spa\u00df haben kann, sind eine hochwillkommene Zugabe zu diesem rundum gelungenen Gr\u00fcnholz-Schnitz-Buch!<\/p>\n<p>Gebundene Ausgabe, 98 Seiten<\/p>\n","protected":false},"excerpt":{"rendered":"<p>Br<\/p>\n","protected":false},"featured_media":8442,"template":"","meta":[],"product_brand":[],"product_cat":[188,185],"product_tag":[233,278,265],"class_list":{"0":"post-2772","1":"product","2":"type-product","3":"status-publish","4":"has-post-thumbnail","6":"product_cat-altes-handwerk","7":"product_cat-literatur","8":"product_tag-handwerk","9":"product_tag-holzverarbeitung","10":"product_tag-schnitzen","11":"product_shipping_class-paket","13":"first","14":"instock","15":"taxable","16":"shipping-taxable","17":"purchasable","18":"product-type-simple"},"_links":{"self":[{"href":"https:\/\/shop.mittgard.de\/index.php?rest_route=\/wp\/v2\/product\/2772","targetHints":{"allow":["GET"]}}],"collection":[{"href":"https:\/\/shop.mittgard.de\/index.php?rest_route=\/wp\/v2\/product"}],"about":[{"href":"https:\/\/shop.mittgard.de\/index.php?rest_route=\/wp\/v2\/types\/product"}],"wp:featuredmedia":[{"embeddable":true,"href":"https:\/\/shop.mittgard.de\/index.php?rest_route=\/wp\/v2\/media\/8442"}],"wp:attachment":[{"href":"https:\/\/shop.mittgard.de\/index.php?rest_route=%2Fwp%2Fv2%2Fmedia&parent=2772"}],"wp:term":[{"taxonomy":"product_brand","embeddable":true,"href":"https:\/\/shop.mittgard.de\/index.php?rest_route=%2Fwp%2Fv2%2Fproduct_brand&post=2772"},{"taxonomy":"product_cat","embeddable":true,"href":"https:\/\/shop.mittgard.de\/index.php?rest_route=%2Fwp%2Fv2%2Fproduct_cat&post=2772"},{"taxonomy":"product_tag","embeddable":true,"href":"https:\/\/shop.mittgard.de\/index.php?rest_route=%2Fwp%2Fv2%2Fproduct_tag&post=2772"}],"curies":[{"name":"wp","href":"https:\/\/api.w.org\/{rel}","templated":true}]}}