{"id":2872,"date":"2018-06-22T21:10:27","date_gmt":"2018-06-22T19:10:27","guid":{"rendered":"http:\/\/shop.mittgard.de\/?product=import-placeholder-for-3196"},"modified":"2024-12-15T15:05:06","modified_gmt":"2024-12-15T14:05:06","slug":"arnold-martin-thor","status":"publish","type":"product","link":"https:\/\/shop.mittgard.de\/?product=arnold-martin-thor","title":{"rendered":"Arnold, Martin &#8222;Thor&#8220;"},"content":{"rendered":"<p>Die Entwicklung Thors von der Edda \u00fcber seine romantische Verkl\u00e4rung bis hin zu den Comics von Marvel<\/p>\n<p>Keine andere Gestalt der altnordischen Mythologie ist seit der Christianisierung Nordeuropas vor mehr als tausend Jahren so kontrovers interpretiert und diskutiert worden wie Thor. In dieser einzigartig verdichteten Studie geht Martin Arnold den Spuren Thors nach und zeigt, wie sich dessen Legende die Geschichte hindurch wandelte und immer neuen Bedingungen angepasst wurde.<\/p>\n<p>Angefangen mit Thors erstem Erscheinen in den fr\u00fchesten Quellen und seiner Bedeutung f\u00fcr seine heidnischen Anh\u00e4nger, beschreibt Arnold, wie Thor in Skandinavien und Deutschland noch lange nach der Bekehrung zum Christentum symbolisch fort wirkte, erkundet seinen Stellenwert zur Zeit der romantischen Wiedergeburt im achtzehnten Jahrhundert und untersucht die zentrale Rolle, die er in der Ideologie der NS-Zeit einnahm. Schlie\u00dflich legt Arnold dar, wie Thor, in der zweiten H\u00e4lfte des zwanzigsten Jahrhunderts in der Popkultur der USA angekommen, in seiner letzten Verk\u00f6rperung als Held eines Marvel Comics zu einem machtvollen Symbol amerikanischer \u00c4ngste und Sehns\u00fcchte wurde.<\/p>\n<p>Vom Mythos zum Marvel Comic, \u00fcber Kriege und Weltkriege hinweg, vom Himmelsgott zum Teufel, und schlie\u00dflich wieder zum Retter: so veranschaulicht Arnold, da\u00df die Geschichte von Thor zugleich die turbulente Geschichte der Entwicklung der modernen Welt ist.<\/p>\n<p>Broschiert, 280 Seiten<\/p>\n","protected":false},"excerpt":{"rendered":"<p>Br<\/p>\n","protected":false},"featured_media":4697,"template":"","meta":[],"product_brand":[],"product_cat":[193,185],"product_tag":[318,224,346],"class_list":{"0":"post-2872","1":"product","2":"type-product","3":"status-publish","4":"has-post-thumbnail","6":"product_cat-germanen","7":"product_cat-literatur","8":"product_tag-asatru","9":"product_tag-heidentum","10":"product_tag-thor","11":"product_shipping_class-paket","13":"first","14":"onbackorder","15":"taxable","16":"shipping-taxable","17":"purchasable","18":"product-type-simple"},"_links":{"self":[{"href":"https:\/\/shop.mittgard.de\/index.php?rest_route=\/wp\/v2\/product\/2872","targetHints":{"allow":["GET"]}}],"collection":[{"href":"https:\/\/shop.mittgard.de\/index.php?rest_route=\/wp\/v2\/product"}],"about":[{"href":"https:\/\/shop.mittgard.de\/index.php?rest_route=\/wp\/v2\/types\/product"}],"wp:featuredmedia":[{"embeddable":true,"href":"https:\/\/shop.mittgard.de\/index.php?rest_route=\/wp\/v2\/media\/4697"}],"wp:attachment":[{"href":"https:\/\/shop.mittgard.de\/index.php?rest_route=%2Fwp%2Fv2%2Fmedia&parent=2872"}],"wp:term":[{"taxonomy":"product_brand","embeddable":true,"href":"https:\/\/shop.mittgard.de\/index.php?rest_route=%2Fwp%2Fv2%2Fproduct_brand&post=2872"},{"taxonomy":"product_cat","embeddable":true,"href":"https:\/\/shop.mittgard.de\/index.php?rest_route=%2Fwp%2Fv2%2Fproduct_cat&post=2872"},{"taxonomy":"product_tag","embeddable":true,"href":"https:\/\/shop.mittgard.de\/index.php?rest_route=%2Fwp%2Fv2%2Fproduct_tag&post=2872"}],"curies":[{"name":"wp","href":"https:\/\/api.w.org\/{rel}","templated":true}]}}