{"id":2875,"date":"2018-06-22T21:10:28","date_gmt":"2018-06-22T19:10:28","guid":{"rendered":"http:\/\/shop.mittgard.de\/?product=import-placeholder-for-3199"},"modified":"2025-10-14T10:41:07","modified_gmt":"2025-10-14T08:41:07","slug":"dahn-felix-therese-germanische-goetter-und-heldensagen","status":"publish","type":"product","link":"https:\/\/shop.mittgard.de\/?product=dahn-felix-therese-germanische-goetter-und-heldensagen","title":{"rendered":"Dahn, Felix &#038; Therese &#8222;Germanische G\u00f6tter- und Heldensagen&#8220;"},"content":{"rendered":"<p>Hierin wurzelt Tolkiens Meisterwerk &#8222;Herr der Ringe&#8220;!<\/p>\n<p>Die germanische G\u00f6tterwelt und ihr Sagenschatz sind so vielgestaltig und faszinierend wie kaum ein anderer Volksglaube. Die germanischen Mythen erz\u00e4hlen von drei Welten: Midgard, der menschlichen, Utgard, der Welt der Riesen und D\u00e4monen, und Asgard, der Welt der G\u00f6tter. M\u00e4chtige G\u00f6tter wie Wodan, der Gott der Unterwelt, oder Donar, der Gott des Himmels und des Donners, nehmen Einfluss auf die Geschicke des Menschen&#8230;!<\/p>\n<p>Gebundene Ausgabe, 608 Seiten<\/p>\n<p>&nbsp;<\/p>\n","protected":false},"excerpt":{"rendered":"<p>Geb<\/p>\n","protected":false},"featured_media":12312,"template":"","meta":[],"product_brand":[],"product_cat":[193,185],"product_tag":[318,348,336,337,305],"class_list":{"0":"post-2875","1":"product","2":"type-product","3":"status-publish","4":"has-post-thumbnail","6":"product_cat-germanen","7":"product_cat-literatur","8":"product_tag-asatru","9":"product_tag-edda","10":"product_tag-germanen","11":"product_tag-mythen","12":"product_tag-sagen","13":"product_shipping_class-paket","15":"first","16":"instock","17":"taxable","18":"shipping-taxable","19":"purchasable","20":"product-type-simple"},"_links":{"self":[{"href":"https:\/\/shop.mittgard.de\/index.php?rest_route=\/wp\/v2\/product\/2875","targetHints":{"allow":["GET"]}}],"collection":[{"href":"https:\/\/shop.mittgard.de\/index.php?rest_route=\/wp\/v2\/product"}],"about":[{"href":"https:\/\/shop.mittgard.de\/index.php?rest_route=\/wp\/v2\/types\/product"}],"wp:featuredmedia":[{"embeddable":true,"href":"https:\/\/shop.mittgard.de\/index.php?rest_route=\/wp\/v2\/media\/12312"}],"wp:attachment":[{"href":"https:\/\/shop.mittgard.de\/index.php?rest_route=%2Fwp%2Fv2%2Fmedia&parent=2875"}],"wp:term":[{"taxonomy":"product_brand","embeddable":true,"href":"https:\/\/shop.mittgard.de\/index.php?rest_route=%2Fwp%2Fv2%2Fproduct_brand&post=2875"},{"taxonomy":"product_cat","embeddable":true,"href":"https:\/\/shop.mittgard.de\/index.php?rest_route=%2Fwp%2Fv2%2Fproduct_cat&post=2875"},{"taxonomy":"product_tag","embeddable":true,"href":"https:\/\/shop.mittgard.de\/index.php?rest_route=%2Fwp%2Fv2%2Fproduct_tag&post=2875"}],"curies":[{"name":"wp","href":"https:\/\/api.w.org\/{rel}","templated":true}]}}