{"id":2885,"date":"2018-06-22T21:10:29","date_gmt":"2018-06-22T19:10:29","guid":{"rendered":"http:\/\/shop.mittgard.de\/?product=import-placeholder-for-3209"},"modified":"2024-12-15T15:24:03","modified_gmt":"2024-12-15T14:24:03","slug":"gardenstone-aus-gardenstones-schatzkiste-1","status":"publish","type":"product","link":"https:\/\/shop.mittgard.de\/?product=gardenstone-aus-gardenstones-schatzkiste-1","title":{"rendered":"Gardenstone &#8222;Aus Gardenstone&#8217;s Schatzkiste 1&#8220;"},"content":{"rendered":"<p>Inhalt: Hermanns &#8222;Das altgermanische Priesterwesen&#8220; und von Weinhold &#8222;Die deutschen Monatsnamen&#8220;<\/p>\n<p>Nachdem die Dichter der Romantik das versch\u00fcttete Erbe der vorchristlichen Zeit wieder zu einem Thema im deutschsprachigen Raum gemacht hatten, begannen auch die Wissenschaftler des 19. und beginnenden 20.Jahrhunderts mit der Erforschung dieser Epoche und ihrer \u00dcberbleibsel bis in die Neuzeit. Ihre Ergebnisse haben sie auch in gedruckter Form hinterlassen.<\/p>\n<p>Manche Inhalte dieser alten B\u00fccher k\u00f6nnen getrost in Ruhe gelassen werden, einige sehr wertvolle\u00a0 sind gut in Museen aufgehoben. Aber es gibt auch eine ganze Reihe solcher alter Schriften, die es wert sind, wieder ins Tageslicht ger\u00fcckt zu werden, denn ihre Inhalte sind auch heute noch interessant.<\/p>\n<p>Dieses Buch bietet zwei solcher Werke in neuem Gewand. Um die Texte dem heutigen Leser wieder zug\u00e4nglich zu machen, wurden sie gr\u00fcndlich \u00fcberarbeitet und an die heutigen Lesegewohnheiten angepasst, ohne jedoch die Inhalte grunds\u00e4tzlich zu ver\u00e4ndern.<\/p>\n<p>Nicht blo\u00df das Besitzen, sondern der Lesespa\u00df soll das Vergn\u00fcgen an den B\u00fcchern dieser Buchreihe bestimmen.<\/p>\n<p>Broschiert, 196 Seiten<\/p>\n","protected":false},"excerpt":{"rendered":"<p>Pb<\/p>\n","protected":false},"featured_media":21294,"template":"","meta":[],"product_brand":[],"product_cat":[193,185],"product_tag":[318,336,224,1409,1408],"class_list":{"0":"post-2885","1":"product","2":"type-product","3":"status-publish","4":"has-post-thumbnail","6":"product_cat-germanen","7":"product_cat-literatur","8":"product_tag-asatru","9":"product_tag-germanen","10":"product_tag-heidentum","11":"product_tag-monatsnamen","12":"product_tag-priester","13":"product_shipping_class-paket","15":"first","16":"onbackorder","17":"taxable","18":"shipping-taxable","19":"purchasable","20":"product-type-simple"},"_links":{"self":[{"href":"https:\/\/shop.mittgard.de\/index.php?rest_route=\/wp\/v2\/product\/2885","targetHints":{"allow":["GET"]}}],"collection":[{"href":"https:\/\/shop.mittgard.de\/index.php?rest_route=\/wp\/v2\/product"}],"about":[{"href":"https:\/\/shop.mittgard.de\/index.php?rest_route=\/wp\/v2\/types\/product"}],"wp:featuredmedia":[{"embeddable":true,"href":"https:\/\/shop.mittgard.de\/index.php?rest_route=\/wp\/v2\/media\/21294"}],"wp:attachment":[{"href":"https:\/\/shop.mittgard.de\/index.php?rest_route=%2Fwp%2Fv2%2Fmedia&parent=2885"}],"wp:term":[{"taxonomy":"product_brand","embeddable":true,"href":"https:\/\/shop.mittgard.de\/index.php?rest_route=%2Fwp%2Fv2%2Fproduct_brand&post=2885"},{"taxonomy":"product_cat","embeddable":true,"href":"https:\/\/shop.mittgard.de\/index.php?rest_route=%2Fwp%2Fv2%2Fproduct_cat&post=2885"},{"taxonomy":"product_tag","embeddable":true,"href":"https:\/\/shop.mittgard.de\/index.php?rest_route=%2Fwp%2Fv2%2Fproduct_tag&post=2885"}],"curies":[{"name":"wp","href":"https:\/\/api.w.org\/{rel}","templated":true}]}}