{"id":2887,"date":"2018-06-22T21:10:34","date_gmt":"2018-06-22T19:10:34","guid":{"rendered":"http:\/\/shop.mittgard.de\/?product=import-placeholder-for-3211"},"modified":"2025-06-30T15:17:50","modified_gmt":"2025-06-30T13:17:50","slug":"gardenstone-die-rueckkehr-der-goettin-nehalennia","status":"publish","type":"product","link":"https:\/\/shop.mittgard.de\/?product=gardenstone-die-rueckkehr-der-goettin-nehalennia","title":{"rendered":"Gardenstone &#8222;Die R\u00fcckkehr der G\u00f6ttin Nehalennia&#8220;"},"content":{"rendered":"<p>In den ersten Jahrhunderten nach der Zeitenwende, als das r\u00f6mische Reich sich weit nach Norden erstreckte, gab es an der westlichen Nordseek\u00fcste eine G\u00f6ttin, die von R\u00f6mern, Kelten und Germanen gesch\u00e4tzt und verehrt wurde. Dennoch wird sie in keiner schriftlichen Quelle aus dieser Zeit genannt. Erst 1647 taucht ihr Name auf, NEHALENNIA in Stein gemei\u00dfelt. Und das nicht nur einmal, nein, es wurden viele ihr gewidmete Alt\u00e4re gefunden.<\/p>\n<p>Dieses Buch erz\u00e4hlt \u00fcber diese Funde, beschreibt in Wort und Bild eine reiche Auswahl der Altarsteine und skizziert dann ein umfassendes Bild, das den Nehalennia-Kult in seine Zeit setzt; ihr Land, ihre Bedeutung, ihre Verehrer und das damit zusammenh\u00e4ngende Umfeld werden in einen m\u00f6glichen historischen Kontext gebracht.<\/p>\n<p>Das abschlie\u00dfende Kapitel zeigt, dass diese G\u00f6ttin heute wieder auf vielerlei Weisen in den Herzen und K\u00f6pfen der unterschiedlichsten Menschen lebt &#8211; eine G\u00f6ttin ohne Mythologie, aber mit einer fesselnden Geschichte!<\/p>\n<p>Broschiert, 336 Seiten<\/p>\n","protected":false},"excerpt":{"rendered":"<p>Pb<\/p>\n","protected":false},"featured_media":9561,"template":"","meta":[],"product_brand":[],"product_cat":[193,185],"product_tag":[318,351,224,349,1077],"class_list":{"0":"post-2887","1":"product","2":"type-product","3":"status-publish","4":"has-post-thumbnail","6":"product_cat-germanen","7":"product_cat-literatur","8":"product_tag-asatru","9":"product_tag-goetter","10":"product_tag-heidentum","11":"product_tag-niederlande","12":"product_tag-nordsee","13":"product_shipping_class-paket","15":"first","16":"onbackorder","17":"taxable","18":"shipping-taxable","19":"purchasable","20":"product-type-simple"},"_links":{"self":[{"href":"https:\/\/shop.mittgard.de\/index.php?rest_route=\/wp\/v2\/product\/2887","targetHints":{"allow":["GET"]}}],"collection":[{"href":"https:\/\/shop.mittgard.de\/index.php?rest_route=\/wp\/v2\/product"}],"about":[{"href":"https:\/\/shop.mittgard.de\/index.php?rest_route=\/wp\/v2\/types\/product"}],"wp:featuredmedia":[{"embeddable":true,"href":"https:\/\/shop.mittgard.de\/index.php?rest_route=\/wp\/v2\/media\/9561"}],"wp:attachment":[{"href":"https:\/\/shop.mittgard.de\/index.php?rest_route=%2Fwp%2Fv2%2Fmedia&parent=2887"}],"wp:term":[{"taxonomy":"product_brand","embeddable":true,"href":"https:\/\/shop.mittgard.de\/index.php?rest_route=%2Fwp%2Fv2%2Fproduct_brand&post=2887"},{"taxonomy":"product_cat","embeddable":true,"href":"https:\/\/shop.mittgard.de\/index.php?rest_route=%2Fwp%2Fv2%2Fproduct_cat&post=2887"},{"taxonomy":"product_tag","embeddable":true,"href":"https:\/\/shop.mittgard.de\/index.php?rest_route=%2Fwp%2Fv2%2Fproduct_tag&post=2887"}],"curies":[{"name":"wp","href":"https:\/\/api.w.org\/{rel}","templated":true}]}}