{"id":2921,"date":"2018-06-22T21:10:43","date_gmt":"2018-06-22T19:10:43","guid":{"rendered":"http:\/\/shop.mittgard.de\/?product=import-placeholder-for-3245"},"modified":"2024-12-15T15:46:43","modified_gmt":"2024-12-15T14:46:43","slug":"metzner-ralph-der-brunnen-der-erinnerung","status":"publish","type":"product","link":"https:\/\/shop.mittgard.de\/?product=metzner-ralph-der-brunnen-der-erinnerung","title":{"rendered":"Metzner, Ralph &#8222;Der Brunnen der Erinnerung&#8220;"},"content":{"rendered":"<p>Die mythologischen und schamanischen Wurzeln unserer Kultur<\/p>\n<p>Mit Ralph Metzners grandiosem Buch schauen wir tief in die europ\u00e4ischen Mythen, die von der Weisheit der Erde k\u00fcnden und nichts von ihrer Lebendigkeit und Bedeutung verloren haben. Ganz in der Tradition von Campbell, Eliade und Jung erforscht Metzner die westliche Psyche anhand archaischer Bilder und \u00dcberlieferungen und stellt meisterhaft dar, wie das Reflektieren \u00fcber die alten Waldg\u00f6tter unserer Ahnen uns den Platz im Wandel der Natur zeigen und von der Zerst\u00f6rung unserer Umwelt abhalten kann. Das Buch zeigt zudem \u00e4u\u00dferst klar die Verf\u00e4lschungen des Germanischen in der NS-Zeit auf. Metzner leistet hier notwendige Heilarbeit und verbindet uns wieder mit unserer eigenen schamanischen, erdzentrierten Spiritualit\u00e4t, die in den Mythen unserer Ahnen verborgen liegt. Das Vorwort von Marija Gimbutas, das Nachwort von Wolf-Dieter Storl sowie die Beitr\u00e4ge von B\u00e4rbel Kreidt, Norbert Mayer und Christian R\u00e4tsch runden dieses Buch ab.<\/p>\n<p>3.Auflage!<\/p>\n<p>&#8222;Dieses wichtige und genau zur richtigen Zeit erscheinende Buch l\u00e4sst uns die Stimmen unserer Ahnen aus dem Alten Europa h\u00f6ren, die uns die Feier des Lebens lehren und uns in der Kunst der Vers\u00f6hnung unterrichten.&#8220; Joanna Macy<\/p>\n<p>Gebundene Ausgabe, 336 Seiten<\/p>\n","protected":false},"excerpt":{"rendered":"<p>HC<\/p>\n","protected":false},"featured_media":11751,"template":"","meta":[],"product_brand":[],"product_cat":[193,185],"product_tag":[224,223,364],"class_list":{"0":"post-2921","1":"product","2":"type-product","3":"status-publish","4":"has-post-thumbnail","6":"product_cat-germanen","7":"product_cat-literatur","8":"product_tag-heidentum","9":"product_tag-naturreligion","10":"product_tag-spiritualitaet","11":"product_shipping_class-paket","13":"first","14":"instock","15":"taxable","16":"shipping-taxable","17":"purchasable","18":"product-type-simple"},"_links":{"self":[{"href":"https:\/\/shop.mittgard.de\/index.php?rest_route=\/wp\/v2\/product\/2921","targetHints":{"allow":["GET"]}}],"collection":[{"href":"https:\/\/shop.mittgard.de\/index.php?rest_route=\/wp\/v2\/product"}],"about":[{"href":"https:\/\/shop.mittgard.de\/index.php?rest_route=\/wp\/v2\/types\/product"}],"wp:featuredmedia":[{"embeddable":true,"href":"https:\/\/shop.mittgard.de\/index.php?rest_route=\/wp\/v2\/media\/11751"}],"wp:attachment":[{"href":"https:\/\/shop.mittgard.de\/index.php?rest_route=%2Fwp%2Fv2%2Fmedia&parent=2921"}],"wp:term":[{"taxonomy":"product_brand","embeddable":true,"href":"https:\/\/shop.mittgard.de\/index.php?rest_route=%2Fwp%2Fv2%2Fproduct_brand&post=2921"},{"taxonomy":"product_cat","embeddable":true,"href":"https:\/\/shop.mittgard.de\/index.php?rest_route=%2Fwp%2Fv2%2Fproduct_cat&post=2921"},{"taxonomy":"product_tag","embeddable":true,"href":"https:\/\/shop.mittgard.de\/index.php?rest_route=%2Fwp%2Fv2%2Fproduct_tag&post=2921"}],"curies":[{"name":"wp","href":"https:\/\/api.w.org\/{rel}","templated":true}]}}

<p>Die mythologischen und schamanischen Wurzeln unserer Kultur</p>
<p>Mit Ralph Metzners grandiosem Buch schauen wir tief in die europäischen Mythen, die von der Weisheit der Erde künden und nichts von ihrer Lebendigkeit und Bedeutung verloren haben. Ganz in der Tradition von Campbell, Eliade und Jung erforscht Metzner die westliche Psyche anhand archaischer Bilder und Überlieferungen und stellt meisterhaft dar, wie das Reflektieren über die alten Waldgötter unserer Ahnen uns den Platz im Wandel der Natur zeigen und von der Zerstörung unserer Umwelt abhalten kann. Das Buch zeigt zudem äußerst klar die Verfälschungen des Germanischen in der NS-Zeit auf. Metzner leistet hier notwendige Heilarbeit und verbindet uns wieder mit unserer eigenen schamanischen, erdzentrierten Spiritualität, die in den Mythen unserer Ahnen verborgen liegt. Das Vorwort von Marija Gimbutas, das Nachwort von Wolf-Dieter Storl sowie die Beiträge von Bärbel Kreidt, Norbert Mayer und Christian Rätsch runden dieses Buch ab.</p>
<p>3.Auflage!</p>
<p>&#8222;Dieses wichtige und genau zur richtigen Zeit erscheinende Buch lässt uns die Stimmen unserer Ahnen aus dem Alten Europa hören, die uns die Feier des Lebens lehren und uns in der Kunst der Versöhnung unterrichten.&#8220; Joanna Macy</p>
<p>Gebundene Ausgabe, 336 Seiten</p>
