{"id":2936,"date":"2018-06-22T21:10:45","date_gmt":"2018-06-22T19:10:45","guid":{"rendered":"http:\/\/shop.mittgard.de\/?product=import-placeholder-for-3260"},"modified":"2026-03-19T12:41:18","modified_gmt":"2026-03-19T11:41:18","slug":"stiller-anja-kleine-germanenkunde","status":"publish","type":"product","link":"https:\/\/shop.mittgard.de\/?product=stiller-anja-kleine-germanenkunde","title":{"rendered":"Stiller, Anja &#8222;Kleine Germanenkunde&#8220;"},"content":{"rendered":"<p>Ein idealer Einstieg fern aller Irrt\u00fcmer der romantischen Geschichtsdarstellung und politisch motivierter -deutung.<\/p>\n<p>Wer und wie waren die Germanen wirklich?<\/p>\n<p>Dieses neue Werk beschreibt die wechselvolle, uneinheitliche Geschichte der germanischen V\u00f6lker, deren Wanderungen und Symbiose mit anderen V\u00f6lkern und St\u00e4mmen. Es gibt einen \u00dcberblick \u00fcber Gesellschaften und Kriege, \u00fcber Mythologie bzw. Religion, Stammesrechtssysteme, Kultur und Sprache.<\/p>\n<p>Mit vielen historischen Illustrationen versehen ist es ein idealer Einstieg f\u00fcr alle, die fern aller Irrt\u00fcmer der romantischen Geschichtsdarstellung und politisch motivierter -deutung mehr erfahren wollen \u00fcber Wesen und Wirken germanischer Volksgruppen auf dem Kontinent, den wir heute Europa nennen.<\/p>\n<p>Anja Stiller, Jahrgang 1966, studierte an den Universit\u00e4ten Hannover und Salzburg Deutsche Literaturwissenschaft und Philosophie und promovierte am Institut f\u00fcr \u00c4ltere deutsche Literatur und Sprache an der Universit\u00e4t Salzburg. Sie arbeitete zehn Jahre lang als freischaffende Kulturjournalistin. Dies ist ihr drittes Werk in diesem Verlag, neben &#8222;Hundsfott! Schimpfen mit den Klassikern&#8220; und &#8222;Kleine Adelskunde&#8220;.<\/p>\n<p>Gebundene Ausgabe, 110 Seiten<\/p>\n","protected":false},"excerpt":{"rendered":"<p>HC<\/p>\n","protected":false},"featured_media":7992,"template":"","meta":[],"product_brand":[],"product_cat":[193,185],"product_tag":[336,327],"class_list":{"0":"post-2936","1":"product","2":"type-product","3":"status-publish","4":"has-post-thumbnail","6":"product_cat-germanen","7":"product_cat-literatur","8":"product_tag-germanen","9":"product_tag-geschichte","10":"product_shipping_class-paket","12":"first","13":"instock","14":"taxable","15":"shipping-taxable","16":"purchasable","17":"product-type-simple"},"_links":{"self":[{"href":"https:\/\/shop.mittgard.de\/index.php?rest_route=\/wp\/v2\/product\/2936","targetHints":{"allow":["GET"]}}],"collection":[{"href":"https:\/\/shop.mittgard.de\/index.php?rest_route=\/wp\/v2\/product"}],"about":[{"href":"https:\/\/shop.mittgard.de\/index.php?rest_route=\/wp\/v2\/types\/product"}],"wp:featuredmedia":[{"embeddable":true,"href":"https:\/\/shop.mittgard.de\/index.php?rest_route=\/wp\/v2\/media\/7992"}],"wp:attachment":[{"href":"https:\/\/shop.mittgard.de\/index.php?rest_route=%2Fwp%2Fv2%2Fmedia&parent=2936"}],"wp:term":[{"taxonomy":"product_brand","embeddable":true,"href":"https:\/\/shop.mittgard.de\/index.php?rest_route=%2Fwp%2Fv2%2Fproduct_brand&post=2936"},{"taxonomy":"product_cat","embeddable":true,"href":"https:\/\/shop.mittgard.de\/index.php?rest_route=%2Fwp%2Fv2%2Fproduct_cat&post=2936"},{"taxonomy":"product_tag","embeddable":true,"href":"https:\/\/shop.mittgard.de\/index.php?rest_route=%2Fwp%2Fv2%2Fproduct_tag&post=2936"}],"curies":[{"name":"wp","href":"https:\/\/api.w.org\/{rel}","templated":true}]}}

<p>Ein idealer Einstieg fern aller Irrtümer der romantischen Geschichtsdarstellung und politisch motivierter -deutung.</p>
<p>Wer und wie waren die Germanen wirklich?</p>
<p>Dieses neue Werk beschreibt die wechselvolle, uneinheitliche Geschichte der germanischen Völker, deren Wanderungen und Symbiose mit anderen Völkern und Stämmen. Es gibt einen Überblick über Gesellschaften und Kriege, über Mythologie bzw. Religion, Stammesrechtssysteme, Kultur und Sprache.</p>
<p>Mit vielen historischen Illustrationen versehen ist es ein idealer Einstieg für alle, die fern aller Irrtümer der romantischen Geschichtsdarstellung und politisch motivierter -deutung mehr erfahren wollen über Wesen und Wirken germanischer Volksgruppen auf dem Kontinent, den wir heute Europa nennen.</p>
<p>Anja Stiller, Jahrgang 1966, studierte an den Universitäten Hannover und Salzburg Deutsche Literaturwissenschaft und Philosophie und promovierte am Institut für Ältere deutsche Literatur und Sprache an der Universität Salzburg. Sie arbeitete zehn Jahre lang als freischaffende Kulturjournalistin. Dies ist ihr drittes Werk in diesem Verlag, neben &#8222;Hundsfott! Schimpfen mit den Klassikern&#8220; und &#8222;Kleine Adelskunde&#8220;.</p>
<p>Gebundene Ausgabe, 110 Seiten</p>
