{"id":2942,"date":"2018-06-22T21:10:46","date_gmt":"2018-06-22T19:10:46","guid":{"rendered":"http:\/\/shop.mittgard.de\/?product=import-placeholder-for-3266"},"modified":"2025-08-19T18:18:18","modified_gmt":"2025-08-19T16:18:18","slug":"ulbrich-junker-ostara","status":"publish","type":"product","link":"https:\/\/shop.mittgard.de\/?product=ulbrich-junker-ostara","title":{"rendered":"Ulbrich\/Junker &#8222;Ostara&#8220;"},"content":{"rendered":"<p>Zeremonien &amp; Brauchtum zu Fasnacht, Ostern und Hohe Maien<\/p>\n<p>Ostara erkl\u00e4rt umfangreich und reich bebildert den Hintergrund der Jahreskreisfeste von Fasnacht \u00fcber Ostern bis Hohe Maien. Es sind die Feste des zunehmenden Lichtes, der W\u00e4rme, der Fruchtbarkeit, der Lebensfreude und des Fr\u00fchlings. Romana und Bj\u00f6rn Ulbrich zeigen praxisnah, wie man heute diese Zeit sinnvoll und (natur-)-spirituell feiern kann. Der Schwerpunkt des Buches liegt auf leicht verst\u00e4ndlichen Texten, aussagekr\u00e4ftigen Bildern und einer \u00e4sthetischen Gestaltung. Die Autoren sch\u00f6pfen dabei nicht nur aus der eigenen Erfahrung, sondern f\u00fchren beispielhafte Rituale aus den verschiedenen naturspirituellen Str\u00f6mungen an.<\/p>\n<p>Aus dem Inhalt:<\/p>\n<p>Taumond: Imbolc, Lichtmess, Winteraustreiben, Brigid, Fasnacht, Maskenbau und Maskentanz, Mondrituale, Kultt\u00e4nze (Wolfstanz, Siebensprung), Fasten.<\/p>\n<p>Ostara: Ei, Hase, Brezel, Osterfeuer, R\u00e4derrollen, Scheibenschlagen, Quellenehrung, Mysterienspiel, Osterwasser, Osterbuschen, Ostereiersuchen, Aussaat-Ritual, Jungeninitiation in der Osternacht.<\/p>\n<p>Wonnemond: Beltaine, Feuererneuerung, Geh\u00f6rnter &amp; G\u00f6ttin, Heilige Hochzeit, Dionysos, Gr\u00fcner Mann, Waldmeisterrausch, Walpurgisnacht, Hagedise, Hexentanz, Besen, Kessel, Maibaum, Maitanz, Queste.<\/p>\n","protected":false},"excerpt":{"rendered":"<p>Br<\/p>\n","protected":false},"featured_media":7252,"template":"","meta":[],"product_brand":[],"product_cat":[186,193,185],"product_tag":[224,225,223,248],"class_list":{"0":"post-2942","1":"product","2":"type-product","3":"status-publish","4":"has-post-thumbnail","6":"product_cat-alternativ-leben","7":"product_cat-germanen","8":"product_cat-literatur","9":"product_tag-heidentum","10":"product_tag-jahreskreis","11":"product_tag-naturreligion","12":"product_tag-ritual","13":"product_shipping_class-paket","15":"first","16":"onbackorder","17":"taxable","18":"shipping-taxable","19":"purchasable","20":"product-type-simple"},"_links":{"self":[{"href":"https:\/\/shop.mittgard.de\/index.php?rest_route=\/wp\/v2\/product\/2942","targetHints":{"allow":["GET"]}}],"collection":[{"href":"https:\/\/shop.mittgard.de\/index.php?rest_route=\/wp\/v2\/product"}],"about":[{"href":"https:\/\/shop.mittgard.de\/index.php?rest_route=\/wp\/v2\/types\/product"}],"wp:featuredmedia":[{"embeddable":true,"href":"https:\/\/shop.mittgard.de\/index.php?rest_route=\/wp\/v2\/media\/7252"}],"wp:attachment":[{"href":"https:\/\/shop.mittgard.de\/index.php?rest_route=%2Fwp%2Fv2%2Fmedia&parent=2942"}],"wp:term":[{"taxonomy":"product_brand","embeddable":true,"href":"https:\/\/shop.mittgard.de\/index.php?rest_route=%2Fwp%2Fv2%2Fproduct_brand&post=2942"},{"taxonomy":"product_cat","embeddable":true,"href":"https:\/\/shop.mittgard.de\/index.php?rest_route=%2Fwp%2Fv2%2Fproduct_cat&post=2942"},{"taxonomy":"product_tag","embeddable":true,"href":"https:\/\/shop.mittgard.de\/index.php?rest_route=%2Fwp%2Fv2%2Fproduct_tag&post=2942"}],"curies":[{"name":"wp","href":"https:\/\/api.w.org\/{rel}","templated":true}]}}