{"id":2965,"date":"2018-06-22T21:10:53","date_gmt":"2018-06-22T19:10:53","guid":{"rendered":"http:\/\/shop.mittgard.de\/?product=import-placeholder-for-3289"},"modified":"2024-12-16T09:25:49","modified_gmt":"2024-12-16T08:25:49","slug":"kraemer-claus-kleine-keltenkunde","status":"publish","type":"product","link":"https:\/\/shop.mittgard.de\/?product=kraemer-claus-kleine-keltenkunde","title":{"rendered":"Kr\u00e4mer, Claus &#8222;Kleine Keltenkunde&#8220;"},"content":{"rendered":"<p>Geschichte, Kunst und Kultur, Alltagsleben und Politik unserer Ur-Ur-Ahnen auf der Basis historischer Fakten<\/p>\n<p>Auf den Spuren unserer Ahnen<\/p>\n<p>Wie kaum eine andere Kultur hat die keltische in vielen Lebensbereichen ihre Spuren hinterlassen. Die Kelten vereinten Politik, Kunst und Religion zu einer sinnvollen Synergie, die hunderte von Jahren funktionierte und an der wir uns heute durchaus ein Beispiel nehmen k\u00f6nnten. Dennoch geben sie den meisten Menschen R\u00e4tsel auf. Die wenigsten wissen, dass wir uns im deutschsprachigen Raum im alten keltischen Kernland befinden.<\/p>\n<p>Dieses Buch gibt einen \u00dcberblick \u00fcber Geschichte, Kunst und Kultur, Alltagsleben und Politik unserer Ur-Ahnen auf der Basis historischer Fakten, informativ und unterhaltsam aufbereitet. Es geht ein auf die Beziehung zwischen den Kelten und den R\u00f6mern sowie Germanen, zudem auf die religi\u00f6sen Vorstellungen und die Rolle der Druiden. Es beschreibt die Ausbreitung der keltischen Kultur \u00fcber ganz Europa und deren sp\u00e4teren Verdr\u00e4ngung durch das Christentum.<\/p>\n<p>Als Hilfe zur Orientierung bietet die &#8222;Kleine Keltenkunde&#8220; \u00fcberdies ein Extra-Kapitel mit den bedeutendsten Sehensw\u00fcrdigkeiten und Besichtigungsst\u00e4tten sowie ein &#8222;Kleines Kelten-ABC&#8220;.<\/p>\n<p>Der Autor Claus Kr\u00e4mer (*1957) ist gelernter Zeitschriftenredakteur und hat mehrere B\u00fccher \u00fcber v\u00f6lkerkundliche und alternativmedizinische Themen geschrieben. Sein bislang erfolgreichstes Werk ist &#8222;Die Heilkunst der Kelten&#8220;, das inzwischen in der achten Auflage erschienen ist. Er entstammt der ethnischen Minderheit der Jenischen, die ihre Herkunft mythologisch auf ein keltisches Volk im Rheinland bezieht.<\/p>\n<p>Gebundene Ausgabe, 128 Seiten<\/p>\n","protected":false},"excerpt":{"rendered":"<p>HC<\/p>\n","protected":false},"featured_media":7996,"template":"","meta":[],"product_brand":[],"product_cat":[194,185],"product_tag":[327,313],"class_list":{"0":"post-2965","1":"product","2":"type-product","3":"status-publish","4":"has-post-thumbnail","6":"product_cat-kelten","7":"product_cat-literatur","8":"product_tag-geschichte","9":"product_tag-kelten","10":"product_shipping_class-paket","12":"first","13":"onbackorder","14":"taxable","15":"shipping-taxable","16":"purchasable","17":"product-type-simple"},"_links":{"self":[{"href":"https:\/\/shop.mittgard.de\/index.php?rest_route=\/wp\/v2\/product\/2965","targetHints":{"allow":["GET"]}}],"collection":[{"href":"https:\/\/shop.mittgard.de\/index.php?rest_route=\/wp\/v2\/product"}],"about":[{"href":"https:\/\/shop.mittgard.de\/index.php?rest_route=\/wp\/v2\/types\/product"}],"wp:featuredmedia":[{"embeddable":true,"href":"https:\/\/shop.mittgard.de\/index.php?rest_route=\/wp\/v2\/media\/7996"}],"wp:attachment":[{"href":"https:\/\/shop.mittgard.de\/index.php?rest_route=%2Fwp%2Fv2%2Fmedia&parent=2965"}],"wp:term":[{"taxonomy":"product_brand","embeddable":true,"href":"https:\/\/shop.mittgard.de\/index.php?rest_route=%2Fwp%2Fv2%2Fproduct_brand&post=2965"},{"taxonomy":"product_cat","embeddable":true,"href":"https:\/\/shop.mittgard.de\/index.php?rest_route=%2Fwp%2Fv2%2Fproduct_cat&post=2965"},{"taxonomy":"product_tag","embeddable":true,"href":"https:\/\/shop.mittgard.de\/index.php?rest_route=%2Fwp%2Fv2%2Fproduct_tag&post=2965"}],"curies":[{"name":"wp","href":"https:\/\/api.w.org\/{rel}","templated":true}]}}

Krämer, Claus &#8222;Kleine Keltenkunde&#8220;

<p>Geschichte, Kunst und Kultur, Alltagsleben und Politik unserer Ur-Ur-Ahnen auf der Basis historischer Fakten</p>
<p>Auf den Spuren unserer Ahnen</p>
<p>Wie kaum eine andere Kultur hat die keltische in vielen Lebensbereichen ihre Spuren hinterlassen. Die Kelten vereinten Politik, Kunst und Religion zu einer sinnvollen Synergie, die hunderte von Jahren funktionierte und an der wir uns heute durchaus ein Beispiel nehmen könnten. Dennoch geben sie den meisten Menschen Rätsel auf. Die wenigsten wissen, dass wir uns im deutschsprachigen Raum im alten keltischen Kernland befinden.</p>
<p>Dieses Buch gibt einen Überblick über Geschichte, Kunst und Kultur, Alltagsleben und Politik unserer Ur-Ahnen auf der Basis historischer Fakten, informativ und unterhaltsam aufbereitet. Es geht ein auf die Beziehung zwischen den Kelten und den Römern sowie Germanen, zudem auf die religiösen Vorstellungen und die Rolle der Druiden. Es beschreibt die Ausbreitung der keltischen Kultur über ganz Europa und deren späteren Verdrängung durch das Christentum.</p>
<p>Als Hilfe zur Orientierung bietet die &#8222;Kleine Keltenkunde&#8220; überdies ein Extra-Kapitel mit den bedeutendsten Sehenswürdigkeiten und Besichtigungsstätten sowie ein &#8222;Kleines Kelten-ABC&#8220;.</p>
<p>Der Autor Claus Krämer (*1957) ist gelernter Zeitschriftenredakteur und hat mehrere Bücher über völkerkundliche und alternativmedizinische Themen geschrieben. Sein bislang erfolgreichstes Werk ist &#8222;Die Heilkunst der Kelten&#8220;, das inzwischen in der achten Auflage erschienen ist. Er entstammt der ethnischen Minderheit der Jenischen, die ihre Herkunft mythologisch auf ein keltisches Volk im Rheinland bezieht.</p>
<p>Gebundene Ausgabe, 128 Seiten</p>
