{"id":2978,"date":"2018-06-22T21:11:00","date_gmt":"2018-06-22T19:11:00","guid":{"rendered":"http:\/\/shop.mittgard.de\/?product=import-placeholder-for-3302"},"modified":"2024-12-16T09:34:16","modified_gmt":"2024-12-16T08:34:16","slug":"zylmann-detert-die-fruehen-kelten-in-worms-herrnsheim","status":"publish","type":"product","link":"https:\/\/shop.mittgard.de\/?product=zylmann-detert-die-fruehen-kelten-in-worms-herrnsheim","title":{"rendered":"Zylmann, Detert &#8222;Die fr\u00fchen Kelten in Worms-Herrnsheim&#8220;"},"content":{"rendered":"<p>detailreiche Ausgrabungsberichte voller Abbildungen der gefundenen Objekte<\/p>\n<p>Im Jahr 1986 entdeckte man aus der Luft n\u00f6rdlich von Worms zahlreiche kreisf\u00f6rmige und lineare Verf\u00e4rbungen im Getreide. Es stellte sich heraus, dass das Areal zu einem ausgedehnten pr\u00e4historischen Gr\u00e4berfeld geh\u00f6rt. Es geh\u00f6rt zu den wichtigsten Entdeckungen der Luftbildarch\u00e4ologie in Rheinland-Pfalz. Bis dahin lag in Rheinhessen noch kein vollst\u00e4ndig ausgegrabenes und gut dokumentiertes fr\u00fchlat\u00e9nezeitliches Gr\u00e4berfeld vor. Es bietet erstmals die M\u00f6glichkeit f\u00fcr kleinr\u00e4umige kulturgeschichtliche, chronologische und typologische Fragestellungen, die in dieser Publikation angeschnitten werden.<\/p>\n<p>Broschiert, 120 Seiten<\/p>\n","protected":false},"excerpt":{"rendered":"<p>Br<\/p>\n","protected":false},"featured_media":11568,"template":"","meta":[],"product_brand":[],"product_cat":[194,185],"product_tag":[308,313],"class_list":{"0":"post-2978","1":"product","2":"type-product","3":"status-publish","4":"has-post-thumbnail","6":"product_cat-kelten","7":"product_cat-literatur","8":"product_tag-archaeologie","9":"product_tag-kelten","10":"product_shipping_class-paket","12":"first","13":"onbackorder","14":"taxable","15":"shipping-taxable","16":"purchasable","17":"product-type-simple"},"_links":{"self":[{"href":"https:\/\/shop.mittgard.de\/index.php?rest_route=\/wp\/v2\/product\/2978","targetHints":{"allow":["GET"]}}],"collection":[{"href":"https:\/\/shop.mittgard.de\/index.php?rest_route=\/wp\/v2\/product"}],"about":[{"href":"https:\/\/shop.mittgard.de\/index.php?rest_route=\/wp\/v2\/types\/product"}],"wp:featuredmedia":[{"embeddable":true,"href":"https:\/\/shop.mittgard.de\/index.php?rest_route=\/wp\/v2\/media\/11568"}],"wp:attachment":[{"href":"https:\/\/shop.mittgard.de\/index.php?rest_route=%2Fwp%2Fv2%2Fmedia&parent=2978"}],"wp:term":[{"taxonomy":"product_brand","embeddable":true,"href":"https:\/\/shop.mittgard.de\/index.php?rest_route=%2Fwp%2Fv2%2Fproduct_brand&post=2978"},{"taxonomy":"product_cat","embeddable":true,"href":"https:\/\/shop.mittgard.de\/index.php?rest_route=%2Fwp%2Fv2%2Fproduct_cat&post=2978"},{"taxonomy":"product_tag","embeddable":true,"href":"https:\/\/shop.mittgard.de\/index.php?rest_route=%2Fwp%2Fv2%2Fproduct_tag&post=2978"}],"curies":[{"name":"wp","href":"https:\/\/api.w.org\/{rel}","templated":true}]}}