{"id":3008,"date":"2018-06-22T21:11:09","date_gmt":"2018-06-22T19:11:09","guid":{"rendered":"http:\/\/shop.mittgard.de\/?product=import-placeholder-for-3332"},"modified":"2024-12-15T17:37:49","modified_gmt":"2024-12-15T16:37:49","slug":"morgaine-hexenfeste-das-rad-mit-den-acht-speichen","status":"publish","type":"product","link":"https:\/\/shop.mittgard.de\/?product=morgaine-hexenfeste-das-rad-mit-den-acht-speichen","title":{"rendered":"Morgaine &#8222;Hexenfeste &#8211; Das Rad mit den acht Speichen&#8220;"},"content":{"rendered":"<p>Anleitung zum praktischen Arbeiten mit den Naturkr\u00e4ften &amp; zum Selbstgestalten von Festen &amp; Ritualen<\/p>\n<p>Den stark gewachsenen Bed\u00fcrfnis vieler Menschen, sich mehr der Natur und der Erde, dem sichtbaren Ausdruck der Gro\u00dfen G\u00f6ttin, zu \u00f6ffnen und anzun\u00e4hern, tr\u00e4gt dieses Buch Rechnung mit seinen Anleitungen f\u00fcr Rituale und Feiern. Magie ist kein Hokuspokus, sondern die Arbeit mit wirkenden Naturkr\u00e4ften. Dieses Buch ist eine praktische Anleitung f\u00fcr den Umgang mit diesen Kr\u00e4ften &#8211; allein oder in der Gruppe.<\/p>\n<p>Broschiert, 160 Seiten<\/p>\n","protected":false},"excerpt":{"rendered":"<p>PB<\/p>\n","protected":false},"featured_media":15629,"template":"","meta":[],"product_brand":[],"product_cat":[195,185],"product_tag":[320,376,248,321],"class_list":{"0":"post-3008","1":"product","2":"type-product","3":"status-publish","4":"has-post-thumbnail","6":"product_cat-hexentum-schamanismus","7":"product_cat-literatur","8":"product_tag-hexen","9":"product_tag-magie","10":"product_tag-ritual","11":"product_tag-wicca","12":"product_shipping_class-paket","14":"first","15":"instock","16":"taxable","17":"shipping-taxable","18":"purchasable","19":"product-type-simple"},"_links":{"self":[{"href":"https:\/\/shop.mittgard.de\/index.php?rest_route=\/wp\/v2\/product\/3008","targetHints":{"allow":["GET"]}}],"collection":[{"href":"https:\/\/shop.mittgard.de\/index.php?rest_route=\/wp\/v2\/product"}],"about":[{"href":"https:\/\/shop.mittgard.de\/index.php?rest_route=\/wp\/v2\/types\/product"}],"wp:featuredmedia":[{"embeddable":true,"href":"https:\/\/shop.mittgard.de\/index.php?rest_route=\/wp\/v2\/media\/15629"}],"wp:attachment":[{"href":"https:\/\/shop.mittgard.de\/index.php?rest_route=%2Fwp%2Fv2%2Fmedia&parent=3008"}],"wp:term":[{"taxonomy":"product_brand","embeddable":true,"href":"https:\/\/shop.mittgard.de\/index.php?rest_route=%2Fwp%2Fv2%2Fproduct_brand&post=3008"},{"taxonomy":"product_cat","embeddable":true,"href":"https:\/\/shop.mittgard.de\/index.php?rest_route=%2Fwp%2Fv2%2Fproduct_cat&post=3008"},{"taxonomy":"product_tag","embeddable":true,"href":"https:\/\/shop.mittgard.de\/index.php?rest_route=%2Fwp%2Fv2%2Fproduct_tag&post=3008"}],"curies":[{"name":"wp","href":"https:\/\/api.w.org\/{rel}","templated":true}]}}