{"id":3011,"date":"2018-06-22T21:11:10","date_gmt":"2018-06-22T19:11:10","guid":{"rendered":"http:\/\/shop.mittgard.de\/?product=import-placeholder-for-3335"},"modified":"2026-03-19T12:41:43","modified_gmt":"2026-03-19T11:41:43","slug":"pracht-hans-peter-taentze-todt-und-teufel","status":"publish","type":"product","link":"https:\/\/shop.mittgard.de\/?product=pracht-hans-peter-taentze-todt-und-teufel","title":{"rendered":"Pracht, Hans-Peter &#8222;T\u00e4ntze, Todt und Teufel&#8220;"},"content":{"rendered":"<p>Hexenverfolgung in der Eifel<\/p>\n<p>Von Verdammnis und Verfolgung<\/p>\n<p>Hexenverfolgung in der Eifel<\/p>\n<p>&#8222;\u2026 gn\u00e4dig und christlich zun\u00e4chst strangulieren und dann seine Leiche zu Asche zu verbrennen\u2026&#8220; (Urteil aus den Prozessaufzeichnungen gegen Dr. Friedrich Flade, Trier)<\/p>\n<p>Das 16. und 17. Jahrhundert war eine Zeit gro\u00dfer Not in Europa und den deutschen Regionen. Krieg, Hunger und Krankheit \u00fcberzogen die Landstriche &#8211; auch ganze D\u00f6rfer der Eifel wurden fast entv\u00f6lkert durch diese grauenhaften Bedingungen. Es war im Interesse der Herrschenden, Besitzenden und Regierenden &#8211; F\u00fcrsten wie Kirchenoberen -, die Ursachen nicht dem eigenen Handeln, sondern dem Wirken \u00fcbernat\u00fcrlicher, teuflischer M\u00e4chte zuzuschreiben. Und so w\u00fctete eine noch nie dagewesene Verfolgung unschuldiger Menschen im Land: die Hexenverfolgung. Die Eifel war einer der Schaupl\u00e4tze der Hysterie, die zu vielen Hexenprozessen und erlaubten Morden &#8222;mit Gottes Segen&#8220; f\u00fchrte. Ja, es gilt als gesichert, dass die Eifel sogar in besonders gro\u00dfem Ausma\u00df betroffen war.<\/p>\n<p>Hans-Peter Prachts Standardwerk &#8211; jahrelang vergriffen &#8211; erf\u00e4hrt nun endlich wieder eine neue Ausgabe. Detailliert geht es ein auf die Hintergr\u00fcnde, die kirchlichen Rechtfertigungen und die einzelnen F\u00e4lle in der Region. Es schildert minuti\u00f6s die Ereignisse in Ahrweiler, Maria Laach, Trier, auf dem Maifeld, in den Grafschaften Gerolstein und Blankenheim, in B\u00fcrresheim und Neuerburg, Waxweiler, Euskirchen, Rheinbach, M\u00fcnstereifel, Kronenburg und anderer Orte. Und es erz\u00e4hlt auch vom Auftreten mutiger Menschen gegen die Verfolgungen.<\/p>\n<p>Hans-Peter Pracht, Jahrgang 1949, lebt in Grafschaft (Rheinland) bei Bonn. Seit vielen Jahren als freier Autor t\u00e4tig, gilt er als ausgewiesener Kenner in den Themengebieten des Denkmalschutzes, des Brauchtums in der Eifel sowie der Geschichte des Rheinlandes und der Eifel. Zahlreiche Buchver\u00f6ffentlichungen und Beitr\u00e4ge in Zeitschriften zeugen von seiner F\u00e4higkeit, Wissen auch in Details verst\u00e4ndlich und spannend darzulegen und so auch einem gr\u00f6\u00dferen Publikum zug\u00e4nglich zu machen.<\/p>\n<p>Gebundene Ausgabe, 320 Seiten<\/p>\n","protected":false},"excerpt":{"rendered":"<p>HC<\/p>\n","protected":false},"featured_media":4003,"template":"","meta":[],"product_brand":[],"product_cat":[195,185],"product_tag":[327,320],"class_list":{"0":"post-3011","1":"product","2":"type-product","3":"status-publish","4":"has-post-thumbnail","6":"product_cat-hexentum-schamanismus","7":"product_cat-literatur","8":"product_tag-geschichte","9":"product_tag-hexen","10":"product_shipping_class-paket","12":"first","13":"instock","14":"taxable","15":"shipping-taxable","16":"purchasable","17":"product-type-simple"},"_links":{"self":[{"href":"https:\/\/shop.mittgard.de\/index.php?rest_route=\/wp\/v2\/product\/3011","targetHints":{"allow":["GET"]}}],"collection":[{"href":"https:\/\/shop.mittgard.de\/index.php?rest_route=\/wp\/v2\/product"}],"about":[{"href":"https:\/\/shop.mittgard.de\/index.php?rest_route=\/wp\/v2\/types\/product"}],"wp:featuredmedia":[{"embeddable":true,"href":"https:\/\/shop.mittgard.de\/index.php?rest_route=\/wp\/v2\/media\/4003"}],"wp:attachment":[{"href":"https:\/\/shop.mittgard.de\/index.php?rest_route=%2Fwp%2Fv2%2Fmedia&parent=3011"}],"wp:term":[{"taxonomy":"product_brand","embeddable":true,"href":"https:\/\/shop.mittgard.de\/index.php?rest_route=%2Fwp%2Fv2%2Fproduct_brand&post=3011"},{"taxonomy":"product_cat","embeddable":true,"href":"https:\/\/shop.mittgard.de\/index.php?rest_route=%2Fwp%2Fv2%2Fproduct_cat&post=3011"},{"taxonomy":"product_tag","embeddable":true,"href":"https:\/\/shop.mittgard.de\/index.php?rest_route=%2Fwp%2Fv2%2Fproduct_tag&post=3011"}],"curies":[{"name":"wp","href":"https:\/\/api.w.org\/{rel}","templated":true}]}}

Pracht, Hans-Peter &#8222;Täntze, Todt und Teufel&#8220;

<p>Hexenverfolgung in der Eifel</p>
<p>Von Verdammnis und Verfolgung</p>
<p>Hexenverfolgung in der Eifel</p>
<p>&#8222;… gnädig und christlich zunächst strangulieren und dann seine Leiche zu Asche zu verbrennen…&#8220; (Urteil aus den Prozessaufzeichnungen gegen Dr. Friedrich Flade, Trier)</p>
<p>Das 16. und 17. Jahrhundert war eine Zeit großer Not in Europa und den deutschen Regionen. Krieg, Hunger und Krankheit überzogen die Landstriche &#8211; auch ganze Dörfer der Eifel wurden fast entvölkert durch diese grauenhaften Bedingungen. Es war im Interesse der Herrschenden, Besitzenden und Regierenden &#8211; Fürsten wie Kirchenoberen -, die Ursachen nicht dem eigenen Handeln, sondern dem Wirken übernatürlicher, teuflischer Mächte zuzuschreiben. Und so wütete eine noch nie dagewesene Verfolgung unschuldiger Menschen im Land: die Hexenverfolgung. Die Eifel war einer der Schauplätze der Hysterie, die zu vielen Hexenprozessen und erlaubten Morden &#8222;mit Gottes Segen&#8220; führte. Ja, es gilt als gesichert, dass die Eifel sogar in besonders großem Ausmaß betroffen war.</p>
<p>Hans-Peter Prachts Standardwerk &#8211; jahrelang vergriffen &#8211; erfährt nun endlich wieder eine neue Ausgabe. Detailliert geht es ein auf die Hintergründe, die kirchlichen Rechtfertigungen und die einzelnen Fälle in der Region. Es schildert minutiös die Ereignisse in Ahrweiler, Maria Laach, Trier, auf dem Maifeld, in den Grafschaften Gerolstein und Blankenheim, in Bürresheim und Neuerburg, Waxweiler, Euskirchen, Rheinbach, Münstereifel, Kronenburg und anderer Orte. Und es erzählt auch vom Auftreten mutiger Menschen gegen die Verfolgungen.</p>
<p>Hans-Peter Pracht, Jahrgang 1949, lebt in Grafschaft (Rheinland) bei Bonn. Seit vielen Jahren als freier Autor tätig, gilt er als ausgewiesener Kenner in den Themengebieten des Denkmalschutzes, des Brauchtums in der Eifel sowie der Geschichte des Rheinlandes und der Eifel. Zahlreiche Buchveröffentlichungen und Beiträge in Zeitschriften zeugen von seiner Fähigkeit, Wissen auch in Details verständlich und spannend darzulegen und so auch einem größeren Publikum zugänglich zu machen.</p>
<p>Gebundene Ausgabe, 320 Seiten</p>
