{"id":3019,"date":"2018-06-22T21:11:11","date_gmt":"2018-06-22T19:11:11","guid":{"rendered":"http:\/\/shop.mittgard.de\/?product=import-placeholder-for-3343"},"modified":"2024-12-15T17:43:18","modified_gmt":"2024-12-15T16:43:18","slug":"skadecambra-maria-toechter-der-mondin","status":"publish","type":"product","link":"https:\/\/shop.mittgard.de\/?product=skadecambra-maria-toechter-der-mondin","title":{"rendered":"Skad\u00e9,Cambra Maria &#8222;T\u00f6chter der Mondin&#8220;"},"content":{"rendered":"<p>k\u00fcnstlerisch aufwendiges Buch mit Geschichten \u00fcber Frauen &#8211; T\u00f6chter. M\u00fctter. Gro\u00dfm\u00fctter &#8211; ein mytho-poetisches Gesamtkunstwerk<\/p>\n<p>In diesem Buch wird mit Gedichten, mythischen Geschichten, Bildern, Fundst\u00fccken und Objekten vom Lebenszyklus erz\u00e4hlt, der Wei\u00dfen, der Roten, der weisen Alten in uns, von den Jahresfesten, den Elementen und ihrer Energie. Die weibliche Potenz bekommt eine phantasievolle Gestalt verliehen.<\/p>\n<p>Es sind sinnlich-magische Geschichten und Bilder, die den Weg zu Ahninnen, Begleiterinnen, Patinnen, zur Eigen-Macht und zur Sch\u00f6pferinnenkraft zeigen, dazu, wie eine Frau selbstbestimmt, lustvoll, einfallsreich ihr Leben leben kann.<\/p>\n<p>Auf dem Weg durch das Buch, das Jahr, das Leben tauchen Bilder auf von M\u00fcttern, Gro\u00dfm\u00fcttern, von Frauen, auf deren Schultern wir stehen, an deren F\u00fclle von Lebenserfahrung wir ankn\u00fcpfen k\u00f6nnen, die uns in die Tiefe der Zeiten f\u00fchren, in die Tiefe des eigenen Ichs.<\/p>\n<p>Ritualideen tauchen auf, als Anregung, den eigenen Weg, die eigene Form spielerisch zu finden, sich auf die Wurzeln zu besinnen und etwas Eigenes daraus weiterzuspinnen und die uns innewohnende M\u00f6glichkeit zur kreativen Lebensgestaltung zu entfalten.<\/p>\n<p>Gebundene Ausgabe, 160 Seiten<\/p>\n","protected":false},"excerpt":{"rendered":"<p>HC<\/p>\n","protected":false},"featured_media":5490,"template":"","meta":[],"product_brand":[],"product_cat":[195,185],"product_tag":[377,378,351,248],"class_list":{"0":"post-3019","1":"product","2":"type-product","3":"status-publish","4":"has-post-thumbnail","6":"product_cat-hexentum-schamanismus","7":"product_cat-literatur","8":"product_tag-archetypen","9":"product_tag-frauen","10":"product_tag-goetter","11":"product_tag-ritual","12":"product_shipping_class-paket","14":"first","15":"onbackorder","16":"taxable","17":"shipping-taxable","18":"purchasable","19":"product-type-simple"},"_links":{"self":[{"href":"https:\/\/shop.mittgard.de\/index.php?rest_route=\/wp\/v2\/product\/3019","targetHints":{"allow":["GET"]}}],"collection":[{"href":"https:\/\/shop.mittgard.de\/index.php?rest_route=\/wp\/v2\/product"}],"about":[{"href":"https:\/\/shop.mittgard.de\/index.php?rest_route=\/wp\/v2\/types\/product"}],"wp:featuredmedia":[{"embeddable":true,"href":"https:\/\/shop.mittgard.de\/index.php?rest_route=\/wp\/v2\/media\/5490"}],"wp:attachment":[{"href":"https:\/\/shop.mittgard.de\/index.php?rest_route=%2Fwp%2Fv2%2Fmedia&parent=3019"}],"wp:term":[{"taxonomy":"product_brand","embeddable":true,"href":"https:\/\/shop.mittgard.de\/index.php?rest_route=%2Fwp%2Fv2%2Fproduct_brand&post=3019"},{"taxonomy":"product_cat","embeddable":true,"href":"https:\/\/shop.mittgard.de\/index.php?rest_route=%2Fwp%2Fv2%2Fproduct_cat&post=3019"},{"taxonomy":"product_tag","embeddable":true,"href":"https:\/\/shop.mittgard.de\/index.php?rest_route=%2Fwp%2Fv2%2Fproduct_tag&post=3019"}],"curies":[{"name":"wp","href":"https:\/\/api.w.org\/{rel}","templated":true}]}}