{"id":3066,"date":"2018-06-22T21:11:27","date_gmt":"2018-06-22T19:11:27","guid":{"rendered":"http:\/\/shop.mittgard.de\/?product=import-placeholder-for-3390"},"modified":"2024-12-16T10:05:36","modified_gmt":"2024-12-16T09:05:36","slug":"imort-annette-die-abenteuer-der-kleinen-hackfresse","status":"publish","type":"product","link":"https:\/\/shop.mittgard.de\/?product=imort-annette-die-abenteuer-der-kleinen-hackfresse","title":{"rendered":"Imort, Annette &#8222;Die Abenteuer der kleinen Hackfresse&#8220;"},"content":{"rendered":"<p>F\u00fcr die Jungs gibt es Wicki und die starken M\u00e4nner und jetzt gibt es endlich f\u00fcr die M\u00e4dchen die kleine Hackfresse, die Abenteuer eines kleinen Wikingerm\u00e4dchens!<\/p>\n<p>&#8222;Kleine Hackfresse&#8220; ist der Spitzname eines unerschrockenen Wikingerm\u00e4dchens, das nach einer Rauferei unter Kindern einige Narben im Gesicht hat.<\/p>\n<p>Der gr\u00f6\u00dfte Traum der kleinen Hackfresse ist es, eines Tages wie ihr wilder Onkel Tyrson mit einem Drachenboot zur See zu fahren, gro\u00dfe K\u00e4mpfe zu bestehen und mit reicher Beute heimzukehren.<\/p>\n<p>Zusammen mit dem K\u00e4lbchen, dessen Haupt- und Lieblingsbesch\u00e4ftigung &#8222;Leute umschubsen&#8220; ist, schleicht sie sich heimlich an Bord.<\/p>\n<p>Spannende und gef\u00e4hrliche Abenteuer warten auf die beiden, und man erf\u00e4hrt auch, wozu Bier gut ist und was passieren kann, wenn man einen Berserker an den Ohren zieht.<\/p>\n<p>Mit Illustrationen von Marc Niemeyer<\/p>\n<p>Gebundene Ausgabe, 61 Seiten<\/p>\n","protected":false},"excerpt":{"rendered":"<p>Geb<\/p>\n","protected":false},"featured_media":8133,"template":"","meta":[],"product_brand":[],"product_cat":[197,185],"product_tag":[252,311],"class_list":{"0":"post-3066","1":"product","2":"type-product","3":"status-publish","4":"has-post-thumbnail","6":"product_cat-kinderbuecher","7":"product_cat-literatur","8":"product_tag-kinder","9":"product_tag-wikinger","10":"product_shipping_class-paket","12":"first","13":"onbackorder","14":"taxable","15":"shipping-taxable","16":"purchasable","17":"product-type-simple"},"_links":{"self":[{"href":"https:\/\/shop.mittgard.de\/index.php?rest_route=\/wp\/v2\/product\/3066","targetHints":{"allow":["GET"]}}],"collection":[{"href":"https:\/\/shop.mittgard.de\/index.php?rest_route=\/wp\/v2\/product"}],"about":[{"href":"https:\/\/shop.mittgard.de\/index.php?rest_route=\/wp\/v2\/types\/product"}],"wp:featuredmedia":[{"embeddable":true,"href":"https:\/\/shop.mittgard.de\/index.php?rest_route=\/wp\/v2\/media\/8133"}],"wp:attachment":[{"href":"https:\/\/shop.mittgard.de\/index.php?rest_route=%2Fwp%2Fv2%2Fmedia&parent=3066"}],"wp:term":[{"taxonomy":"product_brand","embeddable":true,"href":"https:\/\/shop.mittgard.de\/index.php?rest_route=%2Fwp%2Fv2%2Fproduct_brand&post=3066"},{"taxonomy":"product_cat","embeddable":true,"href":"https:\/\/shop.mittgard.de\/index.php?rest_route=%2Fwp%2Fv2%2Fproduct_cat&post=3066"},{"taxonomy":"product_tag","embeddable":true,"href":"https:\/\/shop.mittgard.de\/index.php?rest_route=%2Fwp%2Fv2%2Fproduct_tag&post=3066"}],"curies":[{"name":"wp","href":"https:\/\/api.w.org\/{rel}","templated":true}]}}