{"id":3122,"date":"2018-06-22T21:11:40","date_gmt":"2018-06-22T19:11:40","guid":{"rendered":"http:\/\/shop.mittgard.de\/?product=import-placeholder-for-3446"},"modified":"2024-12-16T10:25:33","modified_gmt":"2024-12-16T09:25:33","slug":"tanner-violette-kinderwerkstatt-wildpflanzenkueche","status":"publish","type":"product","link":"https:\/\/shop.mittgard.de\/?product=tanner-violette-kinderwerkstatt-wildpflanzenkueche","title":{"rendered":"Tanner, Violette &#8222;Kinderwerkstatt: Wildpflanzenk\u00fcche&#8220;"},"content":{"rendered":"<p>Mit Kindern sammeln, kochen, die Natur erleben<\/p>\n<p>Kochen mit Kindern in der Natur<\/p>\n<p>Beim Sammeln, Verarbeiten und Kochen drau\u00dfen in der freien Natur lernen schon kleinere Kinder auf spielerische Art und Weise Wildpflanzen kennen.<\/p>\n<p>Das Buch enth\u00e4lt:<\/p>\n<p>&#8211; Praxiserprobte Rezepte f\u00fcr einfache Gerichte mit Wildpflanzen, die Kinder gerne essen.<\/p>\n<p>&#8211; Viele Anregungen zum Konservieren von Wildkr\u00e4utern &#8211; f\u00fcr den Vorrat und f\u00fcr kleine Geschenke aus der K\u00fcche<\/p>\n<p>&#8211; Pflanzenportr\u00e4ts von zw\u00f6lf Wildpflanzen, verteilt auf die vier Jahreszeiten: B\u00e4rlauch, Giersch, L\u00f6wenzahn, Brennessel, G\u00e4nsebl\u00fcmchen, Spitzwegerich, Hagebutte, Holunder, Ringelblume, Haselnuss, Fichte und Huflattich, mit ihren wichtigsten Merkmalen und ihrer Verwendung in Brauchtum, Heilkunde, Mythen und M\u00e4rchen.<\/p>\n<p>&#8211; zahlreiche Ideen und Anleitungen f\u00fcr Spiele und kreatives Gestalten mit Wildpflanzen<\/p>\n<p>&#8211; eine F\u00fclle an Fotos, die Lust machen, mit den Kindern hinaus in die Natur zu gehen.<\/p>\n<p>Ein reichhaltiges, anregendes Praxisbuch f\u00fcr Eltern, Kinderg\u00e4rtnerinnen, Lehrer und alle, die mit Kindern einen spielerischen Zugang zur Natur suchen.<\/p>\n<p>Gebundene Ausgabe, 144 Seiten<\/p>\n","protected":false},"excerpt":{"rendered":"<p>PB<\/p>\n","protected":false},"featured_media":5011,"template":"","meta":[],"product_brand":[],"product_cat":[197,185],"product_tag":[252,235,398,366,243],"class_list":{"0":"post-3122","1":"product","2":"type-product","3":"status-publish","4":"has-post-thumbnail","6":"product_cat-kinderbuecher","7":"product_cat-literatur","8":"product_tag-kinder","9":"product_tag-kinderbetreuung","10":"product_tag-kochen","11":"product_tag-kraeuter","12":"product_tag-natur","13":"product_shipping_class-paket","15":"first","16":"onbackorder","17":"taxable","18":"shipping-taxable","19":"purchasable","20":"product-type-simple"},"_links":{"self":[{"href":"https:\/\/shop.mittgard.de\/index.php?rest_route=\/wp\/v2\/product\/3122","targetHints":{"allow":["GET"]}}],"collection":[{"href":"https:\/\/shop.mittgard.de\/index.php?rest_route=\/wp\/v2\/product"}],"about":[{"href":"https:\/\/shop.mittgard.de\/index.php?rest_route=\/wp\/v2\/types\/product"}],"wp:featuredmedia":[{"embeddable":true,"href":"https:\/\/shop.mittgard.de\/index.php?rest_route=\/wp\/v2\/media\/5011"}],"wp:attachment":[{"href":"https:\/\/shop.mittgard.de\/index.php?rest_route=%2Fwp%2Fv2%2Fmedia&parent=3122"}],"wp:term":[{"taxonomy":"product_brand","embeddable":true,"href":"https:\/\/shop.mittgard.de\/index.php?rest_route=%2Fwp%2Fv2%2Fproduct_brand&post=3122"},{"taxonomy":"product_cat","embeddable":true,"href":"https:\/\/shop.mittgard.de\/index.php?rest_route=%2Fwp%2Fv2%2Fproduct_cat&post=3122"},{"taxonomy":"product_tag","embeddable":true,"href":"https:\/\/shop.mittgard.de\/index.php?rest_route=%2Fwp%2Fv2%2Fproduct_tag&post=3122"}],"curies":[{"name":"wp","href":"https:\/\/api.w.org\/{rel}","templated":true}]}}